CRAN Package Check Results for Package kutils

Last updated on 2020-07-07 11:50:51 CEST.

Flavor Version Tinstall Tcheck Ttotal Status Flags
r-devel-linux-x86_64-debian-clang 1.70 7.44 62.52 69.96 OK
r-devel-linux-x86_64-debian-gcc 1.70 5.21 48.70 53.91 OK
r-devel-linux-x86_64-fedora-clang 1.70 89.78 NOTE
r-devel-linux-x86_64-fedora-gcc 1.70 80.46 NOTE
r-devel-windows-ix86+x86_64 1.70 10.00 85.00 95.00 OK
r-patched-linux-x86_64 1.70 7.05 63.51 70.56 OK
r-patched-solaris-x86 1.70 112.70 NOTE
r-release-linux-x86_64 1.70 6.99 63.05 70.04 OK
r-release-osx-x86_64 1.70 NOTE
r-release-windows-ix86+x86_64 1.70 12.00 84.00 96.00 OK
r-oldrel-osx-x86_64 1.70 NOTE
r-oldrel-windows-ix86+x86_64 1.70 13.00 111.00 124.00 OK

Check Details

Version: 1.70
Check: dependencies in R code
Result: NOTE
    Namespace in Imports field not imported from: ‘RUnit’
     All declared Imports should be used.
Flavors: r-devel-linux-x86_64-fedora-clang, r-devel-linux-x86_64-fedora-gcc, r-patched-solaris-x86, r-release-osx-x86_64, r-oldrel-osx-x86_64