CRAN Package Check Results for Package kza

Last updated on 2017-11-25 09:49:37 CET.

Flavor Version Tinstall Tcheck Ttotal Status Flags
r-devel-linux-x86_64-debian-clang 4.0.0 2.43 40.24 42.67 NOTE
r-devel-linux-x86_64-debian-gcc 4.0.0 2.13 38.64 40.77 NOTE
r-devel-linux-x86_64-fedora-clang 4.0.0 28.48 NOTE
r-devel-linux-x86_64-fedora-gcc 4.0.0 27.72 NOTE
r-devel-windows-ix86+x86_64 4.0.0 18.00 56.00 74.00 OK
r-patched-linux-x86_64 4.0.0 2.51 41.85 44.35 NOTE
r-patched-solaris-x86 4.0.0 51.70 OK
r-release-linux-x86_64 4.0.0 2.29 42.31 44.61 NOTE
r-release-windows-ix86+x86_64 4.0.0 11.00 51.00 62.00 OK
r-release-osx-x86_64 4.0.0 OK
r-oldrel-windows-ix86+x86_64 4.0.0 13.00 58.00 71.00 OK
r-oldrel-osx-x86_64 4.0.0 OK

Check Details

Version: 4.0.0
Check: compiled code
Result: NOTE
    File ‘kza/libs/kza.so’:
     Found no call to: ‘R_useDynamicSymbols’
    
    It is good practice to register native routines and to disable symbol
    search.
    
    See ‘Writing portable packages’ in the ‘Writing R Extensions’ manual.
Flavors: r-devel-linux-x86_64-debian-clang, r-devel-linux-x86_64-debian-gcc, r-devel-linux-x86_64-fedora-clang, r-devel-linux-x86_64-fedora-gcc, r-patched-linux-x86_64, r-release-linux-x86_64