CRAN Package Check Results for Package kza

Last updated on 2014-07-30 22:47:25.

Flavor Version Tinstall Tcheck Ttotal Status Flags
r-devel-linux-x86_64-debian-clang 3.0.0 2.45 15.97 18.42 NOTE
r-devel-linux-x86_64-debian-gcc 3.0.0 2.89 16.11 19.00 NOTE
r-devel-linux-x86_64-fedora-clang 3.0.0 35.99 NOTE
r-devel-linux-x86_64-fedora-gcc 3.0.0 33.57 NOTE
r-devel-osx-x86_64-clang 3.0.0 35.96 NOTE
r-devel-windows-ix86+x86_64 3.0.0 16.00 46.00 62.00 NOTE
r-patched-linux-x86_64 3.0.0 2.94 15.74 18.68 NOTE
r-patched-solaris-sparc 3.0.0 237.70 NOTE
r-patched-solaris-x86 3.0.0 53.50 NOTE
r-release-linux-ix86 3.0.0 4.66 29.07 33.73 NOTE
r-release-linux-x86_64 3.0.0 2.90 15.99 18.88 NOTE
r-release-osx-x86_64-mavericks 3.0.0 ERROR
r-release-osx-x86_64-snowleopard 3.0.0 NOTE
r-release-windows-ix86+x86_64 3.0.0 22.00 49.00 71.00 NOTE
r-oldrel-windows-ix86+x86_64 3.0.0 17.00 63.00 80.00 NOTE

Check Details

Version: 3.0.0
Check: dependencies in R code
Result: NOTE
    Package in Depends field not imported from: polynom
     These packages need to be imported from (in the NAMESPACE file)
     for when this namespace is loaded but not attached.
    See the information on DESCRIPTION files in the chapter Creating R
    packages of the Writing R Extensions manual.
Flavors: r-devel-linux-x86_64-debian-clang, r-devel-linux-x86_64-debian-gcc, r-devel-linux-x86_64-fedora-clang, r-devel-linux-x86_64-fedora-gcc, r-devel-osx-x86_64-clang, r-devel-windows-ix86+x86_64, r-patched-linux-x86_64, r-patched-solaris-sparc, r-patched-solaris-x86, r-release-linux-ix86, r-release-linux-x86_64, r-release-windows-ix86+x86_64, r-oldrel-windows-ix86+x86_64

Version: 3.0.0
Check: foreign function calls
Result: NOTE
    Call with DUP = FALSE:
     .C("ckzft", as.double(y.r), as.double(y.i), as.double(x), as.integer(length(x)),
     as.double(index), as.double(m), as.double(scale), as.double(f),
     NAOK = TRUE, DUP = FALSE)
    DUP = FALSE is deprecated and may be disabled in future versions of R.
Flavors: r-devel-linux-x86_64-debian-clang, r-devel-linux-x86_64-debian-gcc, r-devel-linux-x86_64-fedora-clang, r-devel-linux-x86_64-fedora-gcc, r-devel-osx-x86_64-clang, r-devel-windows-ix86+x86_64, r-patched-linux-x86_64, r-patched-solaris-sparc, r-patched-solaris-x86, r-release-linux-ix86, r-release-linux-x86_64, r-release-windows-ix86+x86_64

Version: 3.0.0
Check: compilation flags in Makevars
Result: NOTE
    Package has both src/Makevars.in and src/Makevars .
    Installation with --no-configure' is unlikely to work. If you intended
     src/Makevars to be used on Windows, rename it to src/Makevars.win
    otherwise remove it. If configure created src/Makevars , you need a
     cleanup script.
Flavors: r-devel-linux-x86_64-debian-clang, r-devel-linux-x86_64-debian-gcc, r-devel-linux-x86_64-fedora-clang, r-devel-linux-x86_64-fedora-gcc, r-devel-osx-x86_64-clang, r-devel-windows-ix86+x86_64, r-patched-linux-x86_64, r-patched-solaris-sparc, r-patched-solaris-x86, r-release-linux-ix86, r-release-linux-x86_64, r-release-osx-x86_64-snowleopard, r-release-windows-ix86+x86_64, r-oldrel-windows-ix86+x86_64

Version: 3.0.0
Check: top-level files
Result: NOTE
    Non-standard files/directories found at top level:
     aclocal.m4 test
Flavors: r-devel-linux-x86_64-fedora-clang, r-devel-linux-x86_64-fedora-gcc

Version: 3.0.0
Check: whether package can be installed
Result: ERROR
    Installation failed.
Flavor: r-release-osx-x86_64-mavericks