CRAN Package Check Results for Package kza

Last updated on 2018-04-24 15:48:14 CEST.

Flavor Version Tinstall Tcheck Ttotal Status Flags
r-devel-linux-x86_64-debian-clang 4.0.0 3.14 23.68 26.82 NOTE
r-devel-linux-x86_64-debian-gcc 4.0.0 2.50 19.63 22.13 NOTE
r-devel-linux-x86_64-fedora-clang 4.0.0 32.49 NOTE
r-devel-linux-x86_64-fedora-gcc 4.0.0 31.21 NOTE
r-devel-windows-ix86+x86_64 4.0.0 20.00 54.00 74.00 OK
r-patched-linux-x86_64 4.0.0 3.21 23.04 26.25 NOTE
r-patched-solaris-x86 4.0.0 58.40 OK
r-release-linux-x86_64 4.0.0 2.86 22.89 25.75 NOTE
r-release-windows-ix86+x86_64 4.0.0 20.00 54.00 74.00 OK
r-release-osx-x86_64 4.0.0 OK
r-oldrel-windows-ix86+x86_64 4.0.0 11.00 51.00 62.00 OK
r-oldrel-osx-x86_64 4.0.0 OK

Check Details

Version: 4.0.0
Check: compiled code
Result: NOTE
    File ‘kza/libs/kza.so’:
     Found no call to: ‘R_useDynamicSymbols’
    
    It is good practice to register native routines and to disable symbol
    search.
    
    See ‘Writing portable packages’ in the ‘Writing R Extensions’ manual.
Flavors: r-devel-linux-x86_64-debian-clang, r-devel-linux-x86_64-debian-gcc, r-devel-linux-x86_64-fedora-clang, r-devel-linux-x86_64-fedora-gcc, r-patched-linux-x86_64, r-release-linux-x86_64