CRAN Package Check Results for Package kza

Last updated on 2015-08-01 19:48:19.

Flavor Version Tinstall Tcheck Ttotal Status Flags
r-devel-linux-x86_64-debian-clang 3.0.0 2.78 16.60 19.39 NOTE
r-devel-linux-x86_64-debian-gcc 3.0.0 2.94 14.71 17.64 NOTE
r-devel-linux-x86_64-fedora-clang 3.0.0 33.27 NOTE
r-devel-linux-x86_64-fedora-gcc 3.0.0 32.68 NOTE
r-devel-osx-x86_64-clang 3.0.0 32.40 NOTE
r-devel-windows-ix86+x86_64 3.0.0 17.00 62.00 79.00 NOTE
r-patched-linux-x86_64 3.0.0 3.01 15.44 18.45 NOTE
r-patched-solaris-sparc 3.0.0 235.90 NOTE
r-patched-solaris-x86 3.0.0 52.10 NOTE
r-release-linux-x86_64 3.0.0 2.86 15.36 18.22 NOTE
r-release-osx-x86_64-mavericks 3.0.0 NOTE
r-release-windows-ix86+x86_64 3.0.0 17.00 45.00 62.00 NOTE
r-oldrel-windows-ix86+x86_64 3.0.0 26.00 54.00 80.00 NOTE

Check Details

Version: 3.0.0
Check: top-level files
Result: NOTE
    Non-standard files/directories found at top level:
     ‘aclocal.m4’ ‘test’
Flavors: r-devel-linux-x86_64-debian-clang, r-devel-linux-x86_64-debian-gcc, r-devel-linux-x86_64-fedora-clang, r-devel-linux-x86_64-fedora-gcc, r-patched-linux-x86_64, r-release-linux-x86_64

Version: 3.0.0
Check: dependencies in R code
Result: NOTE
    Package in Depends field not imported from: ‘polynom’
     These packages need to be imported from (in the NAMESPACE file)
     for when this namespace is loaded but not attached.
Flavors: r-devel-linux-x86_64-debian-clang, r-devel-linux-x86_64-debian-gcc, r-devel-linux-x86_64-fedora-clang, r-devel-linux-x86_64-fedora-gcc, r-devel-osx-x86_64-clang, r-devel-windows-ix86+x86_64, r-patched-linux-x86_64, r-patched-solaris-sparc, r-patched-solaris-x86, r-release-linux-x86_64, r-release-osx-x86_64-mavericks, r-release-windows-ix86+x86_64, r-oldrel-windows-ix86+x86_64

Version: 3.0.0
Check: S3 generic/method consistency
Result: NOTE
    Found the following apparent S3 methods exported but not registered:
     plot.kzp summary.kzp
    See section ‘Registering S3 methods’ in the ‘Writing R Extensions’
    manual.
Flavors: r-devel-linux-x86_64-debian-clang, r-devel-linux-x86_64-debian-gcc, r-devel-linux-x86_64-fedora-clang, r-devel-linux-x86_64-fedora-gcc, r-devel-osx-x86_64-clang, r-patched-linux-x86_64, r-patched-solaris-sparc, r-patched-solaris-x86, r-release-linux-x86_64

Version: 3.0.0
Check: foreign function calls
Result: NOTE
    Call with DUP:
     .C("ckzft", as.double(y.r), as.double(y.i), as.double(x), as.integer(length(x)),
     as.double(index), as.double(m), as.double(scale), as.double(f),
     NAOK = TRUE, DUP = FALSE)
    DUP is no longer supported and will be ignored.
Flavors: r-devel-linux-x86_64-debian-clang, r-devel-linux-x86_64-debian-gcc, r-devel-linux-x86_64-fedora-clang, r-devel-linux-x86_64-fedora-gcc, r-devel-osx-x86_64-clang, r-devel-windows-ix86+x86_64, r-patched-linux-x86_64, r-patched-solaris-sparc, r-patched-solaris-x86, r-release-linux-x86_64, r-release-osx-x86_64-mavericks, r-release-windows-ix86+x86_64

Version: 3.0.0
Check: R code for possible problems
Result: NOTE
    Rkzft: no visible global function definition for ‘is.ts’
    Rkzft: no visible global function definition for ‘frequency’
    Rkzft: no visible global function definition for ‘fft’
    Rkzp: no visible global function definition for ‘var’
    coeff: no visible global function definition for ‘polynomial’
    kz: no visible global function definition for ‘is.ts’
    kz: no visible global function definition for ‘frequency’
    kz: no visible global function definition for ‘ts’
    kza: no visible global function definition for ‘is.ts’
    kza: no visible global function definition for ‘frequency’
    kza: no visible global function definition for ‘ts’
    kzft: no visible global function definition for ‘is.ts’
    kzft: no visible global function definition for ‘frequency’
    kzp: no visible global function definition for ‘var’
    kzs: no visible global function definition for ‘is.ts’
    kzs: no visible global function definition for ‘ts’
    kzs: no visible global function definition for ‘start’
    kzs: no visible global function definition for ‘frequency’
    kzsv: no visible global function definition for ‘is.ts’
    kzsv: no visible global function definition for ‘ts’
    kzsv: no visible global function definition for ‘frequency’
    kzsv: no visible global function definition for ‘start’
    peaks: no visible global function definition for ‘var’
    periodogram: no visible global function definition for ‘fft’
    plot.kza: no visible global function definition for ‘is.ts’
    plot.kza: no visible global function definition for ‘plot’
    plot.kza: no visible global function definition for ‘par’
    plot.kzp: no visible global function definition for ‘plot’
    plot.kzsv: no visible global function definition for ‘plot’
    summary.kzsv: no visible global function definition for ‘is.ts’
    summary.kzsv: no visible global function definition for ‘time’
    summary.kzsv: no visible global function definition for ‘cycle’
    Undefined global functions or variables:
     cycle fft frequency is.ts par plot polynomial start time ts var
    Consider adding
     importFrom("graphics", "par", "plot")
     importFrom("stats", "cycle", "fft", "frequency", "is.ts", "start",
     "time", "ts", "var")
    to your NAMESPACE.
Flavors: r-devel-linux-x86_64-debian-clang, r-devel-linux-x86_64-debian-gcc, r-devel-linux-x86_64-fedora-clang, r-devel-linux-x86_64-fedora-gcc, r-devel-windows-ix86+x86_64

Version: 3.0.0
Check: compilation flags in Makevars
Result: NOTE
    Package has both ‘src/Makevars.in’ and ‘src/Makevars’.
    Installation with --no-configure' is unlikely to work. If you intended
    ‘src/Makevars’ to be used on Windows, rename it to ‘src/Makevars.win’
    otherwise remove it. If ‘configure’ created ‘src/Makevars’, you need a
    ‘cleanup’ script.
Flavors: r-devel-linux-x86_64-debian-clang, r-devel-linux-x86_64-debian-gcc, r-devel-linux-x86_64-fedora-clang, r-devel-linux-x86_64-fedora-gcc, r-devel-osx-x86_64-clang, r-devel-windows-ix86+x86_64, r-patched-linux-x86_64, r-patched-solaris-sparc, r-patched-solaris-x86, r-release-linux-x86_64, r-release-osx-x86_64-mavericks, r-release-windows-ix86+x86_64, r-oldrel-windows-ix86+x86_64

Version: 3.0.0
Check: R code for possible problems
Result: NOTE
    coeff: no visible global function definition for ‘polynomial’
    Undefined global functions or variables:
     polynomial
Flavor: r-devel-osx-x86_64-clang

Version: 3.0.0
Check: R code for possible problems
Result: NOTE
    coeff: no visible global function definition for ‘polynomial’
Flavors: r-patched-linux-x86_64, r-patched-solaris-sparc, r-patched-solaris-x86, r-release-linux-x86_64, r-release-osx-x86_64-mavericks, r-release-windows-ix86+x86_64, r-oldrel-windows-ix86+x86_64

Version: 3.0.0
Check: foreign function calls
Result: NOTE
    Call with DUP != TRUE:
     .C("ckzft", as.double(y.r), as.double(y.i), as.double(x), as.integer(length(x)),
     as.double(index), as.double(m), as.double(scale), as.double(f),
     NAOK = TRUE, DUP = FALSE)
    DUP = FALSE is deprecated and will be disabled in future versions of R.
Flavor: r-oldrel-windows-ix86+x86_64