CRAN Package Check Results for Package kza

Last updated on 2018-02-17 21:49:26 CET.

Flavor Version Tinstall Tcheck Ttotal Status Flags
r-devel-linux-x86_64-debian-clang 4.0.0 3.02 23.47 26.49 NOTE
r-devel-linux-x86_64-debian-gcc 4.0.0 2.47 19.12 21.59 NOTE
r-devel-linux-x86_64-fedora-clang 4.0.0 33.04 NOTE
r-devel-linux-x86_64-fedora-gcc 4.0.0 30.59 NOTE
r-devel-windows-ix86+x86_64 4.0.0 16.00 49.00 65.00 OK
r-patched-linux-x86_64 4.0.0 2.41 24.19 26.60 NOTE
r-patched-solaris-x86 4.0.0 51.10 OK
r-release-linux-x86_64 4.0.0 2.56 24.05 26.61 NOTE
r-release-windows-ix86+x86_64 4.0.0 11.00 51.00 62.00 OK
r-release-osx-x86_64 4.0.0 OK
r-oldrel-windows-ix86+x86_64 4.0.0 13.00 58.00 71.00 OK
r-oldrel-osx-x86_64 4.0.0 OK

Check Details

Version: 4.0.0
Check: compiled code
Result: NOTE
    File ‘kza/libs/kza.so’:
     Found no call to: ‘R_useDynamicSymbols’
    
    It is good practice to register native routines and to disable symbol
    search.
    
    See ‘Writing portable packages’ in the ‘Writing R Extensions’ manual.
Flavors: r-devel-linux-x86_64-debian-clang, r-devel-linux-x86_64-debian-gcc, r-devel-linux-x86_64-fedora-clang, r-devel-linux-x86_64-fedora-gcc, r-patched-linux-x86_64, r-release-linux-x86_64