CRAN Package Check Results for Package kza

Last updated on 2018-06-24 10:49:21 CEST.

Flavor Version Tinstall Tcheck Ttotal Status Flags
r-devel-linux-x86_64-debian-clang 4.0.0 3.12 25.29 28.41 NOTE
r-devel-linux-x86_64-debian-gcc 4.0.0 2.41 20.23 22.64 NOTE
r-devel-linux-x86_64-fedora-clang 4.0.0 33.54 NOTE
r-devel-linux-x86_64-fedora-gcc 4.0.0 32.33 NOTE
r-devel-windows-ix86+x86_64 4.0.0 17.00 56.00 73.00 OK
r-patched-linux-x86_64 4.0.0 2.81 23.54 26.35 NOTE
r-patched-solaris-x86 4.0.0 57.70 OK
r-release-linux-x86_64 4.0.0 2.89 23.17 26.06 NOTE
r-release-windows-ix86+x86_64 4.0.0 20.00 54.00 74.00 OK
r-release-osx-x86_64 4.0.0 OK
r-oldrel-windows-ix86+x86_64 4.0.0 11.00 51.00 62.00 OK
r-oldrel-osx-x86_64 4.0.0 OK

Check Details

Version: 4.0.0
Check: compiled code
Result: NOTE
    File ‘kza/libs/kza.so’:
     Found no call to: ‘R_useDynamicSymbols’
    
    It is good practice to register native routines and to disable symbol
    search.
    
    See ‘Writing portable packages’ in the ‘Writing R Extensions’ manual.
Flavors: r-devel-linux-x86_64-debian-clang, r-devel-linux-x86_64-debian-gcc, r-devel-linux-x86_64-fedora-clang, r-devel-linux-x86_64-fedora-gcc, r-patched-linux-x86_64, r-release-linux-x86_64