CRAN Package Check Results for Package kza

Last updated on 2014-04-21 12:31:34.

Flavor Version Tinstall Tcheck Ttotal Status Flags
r-devel-linux-x86_64-debian-clang 3.0.0 2.52 16.72 19.24 NOTE
r-devel-linux-x86_64-debian-gcc 3.0.0 3.08 16.92 20.00 NOTE
r-devel-linux-x86_64-fedora-clang 3.0.0 36.33 NOTE
r-devel-linux-x86_64-fedora-gcc 3.0.0 35.37 NOTE
r-devel-osx-x86_64-clang 3.0.0 34.29 NOTE
r-devel-osx-x86_64-gcc 3.0.0 NOTE
r-devel-windows-ix86+x86_64 3.0.0 16.00 45.00 61.00 NOTE
r-patched-linux-x86_64 3.0.0 2.85 16.77 19.62 NOTE
r-patched-solaris-sparc 3.0.0 224.40 NOTE
r-patched-solaris-x86 3.0.0 53.20 NOTE
r-release-linux-x86_64 3.0.0 2.84 17.21 20.05 NOTE
r-release-osx-x86_64-mavericks 3.0.0 ERROR
r-release-osx-x86_64-snowleopard 3.0.0 NOTE
r-release-windows-ix86+x86_64 3.0.0 35.00 57.00 92.00 NOTE
r-oldrel-windows-ix86+x86_64 3.0.0 18.00 46.00 64.00 NOTE

Check Details

Version: 3.0.0
Check: dependencies in R code
Result: NOTE
    Package in Depends field not imported from: ‘polynom’
     These packages need to be imported from (in the NAMESPACE file)
     for when this namespace is loaded but not attached.
    See the information on DESCRIPTION files in the chapter ‘Creating R
    packages’ of the ‘Writing R Extensions’ manual.
Flavors: r-devel-linux-x86_64-debian-clang, r-devel-linux-x86_64-debian-gcc, r-devel-linux-x86_64-fedora-clang, r-devel-linux-x86_64-fedora-gcc, r-devel-osx-x86_64-clang, r-devel-osx-x86_64-gcc, r-devel-windows-ix86+x86_64, r-patched-linux-x86_64, r-patched-solaris-sparc, r-patched-solaris-x86, r-release-linux-x86_64, r-release-windows-ix86+x86_64, r-oldrel-windows-ix86+x86_64

Version: 3.0.0
Check: foreign function calls
Result: NOTE
    Call with DUP = FALSE:
     .C("ckzft", as.double(y.r), as.double(y.i), as.double(x), as.integer(length(x)),
     as.double(index), as.double(m), as.double(scale), as.double(f),
     NAOK = TRUE, DUP = FALSE)
    DUP = FALSE is deprecated and may be disabled in future versions of R.
Flavors: r-devel-linux-x86_64-debian-clang, r-devel-linux-x86_64-debian-gcc, r-devel-linux-x86_64-fedora-clang, r-devel-linux-x86_64-fedora-gcc, r-devel-osx-x86_64-clang, r-devel-osx-x86_64-gcc, r-devel-windows-ix86+x86_64, r-patched-linux-x86_64, r-patched-solaris-x86, r-release-linux-x86_64, r-release-windows-ix86+x86_64

Version: 3.0.0
Check: compilation flags in Makevars
Result: NOTE
    Package has both ‘src/Makevars.in’ and ‘src/Makevars’.
    Installation with --no-configure' is unlikely to work. If you intended
    ‘src/Makevars’ to be used on Windows, rename it to ‘src/Makevars.win’
    otherwise remove it. If ‘configure’ created ‘src/Makevars’, you need a
    ‘cleanup’ script.
Flavors: r-devel-linux-x86_64-debian-clang, r-devel-linux-x86_64-debian-gcc, r-devel-linux-x86_64-fedora-clang, r-devel-linux-x86_64-fedora-gcc, r-devel-osx-x86_64-clang, r-devel-osx-x86_64-gcc, r-devel-windows-ix86+x86_64, r-patched-linux-x86_64, r-patched-solaris-sparc, r-patched-solaris-x86, r-release-linux-x86_64, r-release-osx-x86_64-snowleopard, r-release-windows-ix86+x86_64, r-oldrel-windows-ix86+x86_64

Version: 3.0.0
Check: top-level files
Result: NOTE
    Non-standard files/directories found at top level:
     ‘aclocal.m4’ ‘test’
Flavors: r-devel-linux-x86_64-fedora-clang, r-devel-linux-x86_64-fedora-gcc

Version: 3.0.0
Check: foreign function calls
Result: NOTE
    Call with DUP = FALSE:
     .C("ckzft", as.double(y.r), as.double(y.i), as.double(x), as.integer(length(x)),
     as.double(index), as.double(m), as.double(scale), as.double(f),
     NAOK = TRUE, DUP = FALSE)
    See the chapter ‘System and foreign language interfaces’ of the
    ‘Writing R Extensions’ manual.
Flavor: r-patched-solaris-sparc

Version: 3.0.0
Check: whether package can be installed
Result: ERROR
    Installation failed.
    See ‘/Builds/CRAN-QA-Simon/packages/mavericks-x86_64/results/3.1/kza.Rcheck/00install.out’ for details.
Flavor: r-release-osx-x86_64-mavericks