CRAN Package Check Results for Package kza

Last updated on 2017-03-28 11:51:26.

Flavor Version Tinstall Tcheck Ttotal Status Flags
r-devel-linux-x86_64-debian-clang 4.0.0 1.92 17.18 19.10 NOTE
r-devel-linux-x86_64-debian-gcc 4.0.0 1.78 16.47 18.24 NOTE
r-devel-linux-x86_64-fedora-clang 4.0.0 35.48 NOTE --no-stop-on-test-error
r-devel-linux-x86_64-fedora-gcc 4.0.0 29.96 NOTE --no-stop-on-test-error
r-devel-macos-x86_64-clang 4.0.0 26.54 NOTE --no-stop-on-test-error
r-devel-windows-ix86+x86_64 4.0.0 11.00 53.00 64.00 OK
r-patched-linux-x86_64 4.0.0 1.74 16.26 18.00 NOTE
r-patched-solaris-sparc 4.0.0 231.20 OK
r-patched-solaris-x86 4.0.0 55.20 OK
r-release-linux-x86_64 4.0.0 1.70 14.97 16.68 OK
r-release-osx-x86_64-mavericks 4.0.0 OK
r-release-windows-ix86+x86_64 4.0.0 13.00 58.00 71.00 OK
r-oldrel-windows-ix86+x86_64 4.0.0 13.00 61.00 74.00 OK

Check Details

Version: 4.0.0
Check: compiled code
Result: NOTE
    File ‘kza/libs/kza.so’:
     Found no call to: ‘R_useDynamicSymbols’
    
    It is good practice to register native routines and to disable symbol
    search.
    
    See ‘Writing portable packages’ in the ‘Writing R Extensions’ manual.
Flavors: r-devel-linux-x86_64-debian-clang, r-devel-linux-x86_64-debian-gcc, r-patched-linux-x86_64

Version: 4.0.0
Flags: --no-stop-on-test-error
Check: compiled code
Result: NOTE
    File ‘kza/libs/kza.so’:
     Found no call to: ‘R_useDynamicSymbols’
    
    It is good practice to register native routines and to disable symbol
    search.
    
    See ‘Writing portable packages’ in the ‘Writing R Extensions’ manual.
Flavors: r-devel-linux-x86_64-fedora-clang, r-devel-linux-x86_64-fedora-gcc, r-devel-macos-x86_64-clang