CRAN Package Check Results for Package kza

Last updated on 2017-09-20 06:49:23.

Flavor Version Tinstall Tcheck Ttotal Status Flags
r-devel-linux-x86_64-debian-clang 4.0.0 1.71 17.26 18.97 NOTE
r-devel-linux-x86_64-debian-gcc 4.0.0 1.98 16.92 18.90 NOTE
r-devel-linux-x86_64-fedora-clang 4.0.0 32.41 NOTE
r-devel-linux-x86_64-fedora-gcc 4.0.0 31.76 NOTE
r-devel-windows-ix86+x86_64 4.0.0 12.00 53.00 65.00 OK
r-patched-linux-x86_64 4.0.0 1.83 16.45 18.28 NOTE
r-patched-solaris-x86 4.0.0 55.30 OK
r-release-linux-x86_64 4.0.0 1.81 16.90 18.71 NOTE
r-release-windows-ix86+x86_64 4.0.0 11.00 51.00 62.00 OK
r-release-osx-x86_64 4.0.0 OK
r-oldrel-windows-ix86+x86_64 4.0.0 13.00 58.00 71.00 OK
r-oldrel-osx-x86_64 4.0.0 OK

Additional issues

rchk

Check Details

Version: 4.0.0
Check: compiled code
Result: NOTE
    File ‘kza/libs/kza.so’:
     Found no call to: ‘R_useDynamicSymbols’
    
    It is good practice to register native routines and to disable symbol
    search.
    
    See ‘Writing portable packages’ in the ‘Writing R Extensions’ manual.
Flavors: r-devel-linux-x86_64-debian-clang, r-devel-linux-x86_64-debian-gcc, r-devel-linux-x86_64-fedora-clang, r-devel-linux-x86_64-fedora-gcc, r-patched-linux-x86_64, r-release-linux-x86_64