CRAN Package Check Results for Package kza

Last updated on 2017-02-24 23:52:34.

Flavor Version Tinstall Tcheck Ttotal Status Flags
r-devel-linux-x86_64-debian-clang 4.0.0 1.76 16.78 18.55 NOTE
r-devel-linux-x86_64-debian-gcc 4.0.0 1.82 16.21 18.04 NOTE
r-devel-linux-x86_64-fedora-clang 4.0.0 33.30 NOTE --no-stop-on-test-error
r-devel-linux-x86_64-fedora-gcc 4.0.0 31.24 NOTE --no-stop-on-test-error
r-devel-macos-x86_64-clang 4.0.0 26.75 NOTE --no-stop-on-test-error
r-devel-windows-ix86+x86_64 4.0.0 9.00 63.00 72.00 OK
r-patched-linux-x86_64 4.0.0 1.62 15.10 16.73 OK
r-patched-solaris-sparc 4.0.0 221.00 OK
r-patched-solaris-x86 4.0.0 47.20 OK
r-release-linux-x86_64 4.0.0 1.69 14.35 16.03 OK
r-release-osx-x86_64-mavericks 4.0.0 OK
r-release-windows-ix86+x86_64 4.0.0 13.00 58.00 71.00 OK
r-oldrel-windows-ix86+x86_64 4.0.0 13.00 61.00 74.00 OK

Check Details

Version: 4.0.0
Check: compiled code
Result: NOTE
    File ‘kza/libs/kza.so’:
     Found no call to: ‘R_useDynamicSymbols’
    
    It is good practice to register native routines and to disable symbol
    search.
    
    See ‘Writing portable packages’ in the ‘Writing R Extensions’ manual.
Flavors: r-devel-linux-x86_64-debian-clang, r-devel-linux-x86_64-debian-gcc

Version: 4.0.0
Flags: --no-stop-on-test-error
Check: compiled code
Result: NOTE
    File ‘kza/libs/kza.so’:
     Found no call to: ‘R_useDynamicSymbols’
    
    It is good practice to register native routines and to disable symbol
    search.
    
    See ‘Writing portable packages’ in the ‘Writing R Extensions’ manual.
Flavors: r-devel-linux-x86_64-fedora-clang, r-devel-linux-x86_64-fedora-gcc, r-devel-macos-x86_64-clang