CRAN Package Check Results for Package kza

Last updated on 2017-05-29 16:48:27.

Flavor Version Tinstall Tcheck Ttotal Status Flags
r-devel-linux-x86_64-debian-clang 4.0.0 2.12 17.71 19.84 NOTE
r-devel-linux-x86_64-debian-gcc 4.0.0 1.81 16.63 18.45 NOTE
r-devel-linux-x86_64-fedora-clang 4.0.0 32.20 NOTE
r-devel-linux-x86_64-fedora-gcc 4.0.0 30.19 NOTE
r-devel-windows-ix86+x86_64 4.0.0 11.00 66.00 77.00 OK
r-patched-linux-x86_64 4.0.0 1.70 16.59 18.30 NOTE
r-patched-solaris-sparc 4.0.0 231.20 OK
r-patched-solaris-x86 4.0.0 54.10 OK
r-release-linux-x86_64 4.0.0 1.75 16.84 18.59 NOTE
r-release-windows-ix86+x86_64 4.0.0 11.00 52.00 63.00 OK
r-release-osx-x86_64 4.0.0 OK
r-oldrel-windows-ix86+x86_64 4.0.0 13.00 58.00 71.00 OK
r-oldrel-osx-x86_64 4.0.0 OK

Check Details

Version: 4.0.0
Check: compiled code
Result: NOTE
    File ‘kza/libs/kza.so’:
     Found no call to: ‘R_useDynamicSymbols’
    
    It is good practice to register native routines and to disable symbol
    search.
    
    See ‘Writing portable packages’ in the ‘Writing R Extensions’ manual.
Flavors: r-devel-linux-x86_64-debian-clang, r-devel-linux-x86_64-debian-gcc, r-devel-linux-x86_64-fedora-clang, r-devel-linux-x86_64-fedora-gcc, r-patched-linux-x86_64, r-release-linux-x86_64