CRAN Package Check Results for Package kza

Last updated on 2017-07-23 04:48:30.

Flavor Version Tinstall Tcheck Ttotal Status Flags
r-devel-linux-x86_64-debian-clang 4.0.0 1.96 22.69 24.66 NOTE
r-devel-linux-x86_64-debian-gcc 4.0.0 2.02 22.74 24.76 NOTE
r-devel-linux-x86_64-fedora-clang 4.0.0 32.90 NOTE
r-devel-linux-x86_64-fedora-gcc 4.0.0 30.70 NOTE
r-devel-windows-ix86+x86_64 4.0.0 12.00 54.00 66.00 OK
r-patched-linux-x86_64 4.0.0 1.78 21.87 23.64 NOTE
r-patched-solaris-x86 4.0.0 54.00 OK
r-release-linux-x86_64 4.0.0 1.80 21.78 23.58 NOTE
r-release-windows-ix86+x86_64 4.0.0 11.00 52.00 63.00 OK
r-release-osx-x86_64 4.0.0 OK
r-oldrel-windows-ix86+x86_64 4.0.0 13.00 58.00 71.00 OK
r-oldrel-osx-x86_64 4.0.0 OK

Check Details

Version: 4.0.0
Check: compiled code
Result: NOTE
    File ‘kza/libs/kza.so’:
     Found no call to: ‘R_useDynamicSymbols’
    
    It is good practice to register native routines and to disable symbol
    search.
    
    See ‘Writing portable packages’ in the ‘Writing R Extensions’ manual.
Flavors: r-devel-linux-x86_64-debian-clang, r-devel-linux-x86_64-debian-gcc, r-devel-linux-x86_64-fedora-clang, r-devel-linux-x86_64-fedora-gcc, r-patched-linux-x86_64, r-release-linux-x86_64