CRAN Package Check Results for Package kzft

Last updated on 2015-05-24 08:48:33.

Flavor Version Tinstall Tcheck Ttotal Status Flags
r-devel-linux-x86_64-debian-clang 0.17 0.58 27.58 28.16 NOTE
r-devel-linux-x86_64-debian-gcc 0.17 0.53 26.78 27.31 NOTE
r-devel-linux-x86_64-fedora-clang 0.17 54.36 NOTE
r-devel-linux-x86_64-fedora-gcc 0.17 50.90 NOTE
r-devel-osx-x86_64-clang 0.17 49.34 NOTE
r-devel-windows-ix86+x86_64 0.17 2.00 43.00 45.00 NOTE
r-patched-linux-x86_64 0.17 0.54 26.83 27.37 NOTE
r-patched-solaris-sparc 0.17 410.30 NOTE
r-patched-solaris-x86 0.17 77.70 NOTE
r-release-linux-x86_64 0.17 0.53 26.64 27.17 NOTE
r-release-osx-x86_64-mavericks 0.17 NOTE
r-release-osx-x86_64-snowleopard 0.17 NOTE
r-release-windows-ix86+x86_64 0.17 2.00 54.00 56.00 NOTE
r-oldrel-windows-ix86+x86_64 0.17 4.00 50.00 54.00 NOTE

Check Details

Version: 0.17
Check: DESCRIPTION meta-information
Result: NOTE
    Malformed Description field: should contain one or more complete sentences.
Flavors: r-devel-linux-x86_64-debian-clang, r-devel-linux-x86_64-debian-gcc, r-devel-linux-x86_64-fedora-clang, r-devel-linux-x86_64-fedora-gcc, r-devel-osx-x86_64-clang, r-devel-windows-ix86+x86_64, r-patched-linux-x86_64, r-patched-solaris-sparc, r-patched-solaris-x86, r-release-linux-x86_64, r-release-osx-x86_64-mavericks, r-release-osx-x86_64-snowleopard, r-release-windows-ix86+x86_64

Version: 0.17
Check: top-level files
Result: NOTE
    Non-standard file/directory found at top level:
     ‘readme.txt’
Flavors: r-devel-linux-x86_64-debian-clang, r-devel-linux-x86_64-debian-gcc, r-devel-linux-x86_64-fedora-clang, r-devel-linux-x86_64-fedora-gcc, r-patched-linux-x86_64, r-release-linux-x86_64

Version: 0.17
Check: R code for possible problems
Result: NOTE
    kztp: warning in rowMeans(kztp, dim = 2): partial argument match of
     ‘dim’ to ‘dims’
Flavors: r-devel-linux-x86_64-debian-clang, r-devel-linux-x86_64-debian-gcc, r-devel-linux-x86_64-fedora-clang, r-devel-linux-x86_64-fedora-gcc, r-devel-osx-x86_64-clang, r-devel-windows-ix86+x86_64, r-patched-linux-x86_64, r-patched-solaris-sparc, r-patched-solaris-x86, r-release-linux-x86_64, r-release-osx-x86_64-mavericks, r-release-osx-x86_64-snowleopard, r-release-windows-ix86+x86_64, r-oldrel-windows-ix86+x86_64

Version: 0.17
Check: Rd line widths
Result: NOTE
    Rd file 'kzft.Rd':
     \examples lines wider than 100 characters:
     matplot(lamda,cbind(log(tf1),log(tf2)),type="l",ylim=c(-15,0),ylab="Natural log transformation of the coefficients", xlab="Frequency (c ... [TRUNCATED]
     #The example shows the KZFT reproduces nearly perfectly the noise-free pattern of a sin wave with a constant frequency
     #The example shows the KZFT reproduces nearly perfectly the noise-free pattern of a cos wave with a constant frequency
    
    Rd file 'kzp.Rd':
     \examples lines wider than 100 characters:
     plot(omega,spg.x1,main="Smoothed Periodogram using DZ method",type="l", xlab="Frequency (cycles/time unit)", ylab=" ")
     plot(omega,spg.x2,main="Smoothed Periodogram using NZ method",type="l", xlab="Frequency (cycles/time unit)", ylab=" ")
     plot(omega,kzp.y1[20:60], main="Periodogram m=1000, k=1", type="l", xlab="Frequency (cycles/time unit)", ylab=" ")
     plot(omega,kzp.y2[20:60], main="Periodogram m=500, k=2", type="l", xlab="Frequency (cycles/time unit)", ylab=" ")
     plot(omega,spg.y1[20:60], main="Smoothed Periodogram m=1000, k=1", type="l", xlab="Frequency (cycles/time unit)", ylab=" ")
     plot(omega,spg.y2[20:60], main="Smoothed Periodogram m=500, k=2", type="l", xlab="Frequency (cycles/time unit)", ylab=" ")
    
    Rd file 'kztp.Rd':
     \examples lines wider than 100 characters:
     filled.contour(omega,omega,pg3.y,xlab="Frequency (cycles/time unit)",ylab="Frequency (cycles/time unit)",
     filled.contour(omega,omega,spg3.y,xlab="Frequency (cycles/time unit)",ylab="Frequency (cycles/time unit)",
     filled.contour(omega,omega,pg3.y1,xlab="Frequency (cycles/time unit)",ylab="Frequency (cycles/time unit)",
     filled.contour(omega,omega,pg3.y2,xlab="Frequency (cycles/time unit)",ylab="Frequency (cycles/time unit)",
     filled.contour(omega,omega,spg3.y1,xlab="Frequency (cycles/time unit)",ylab="Frequency (cycles/time unit)",
     filled.contour(omega,omega,spg3.y2,xlab="Frequency (cycles/time unit)",ylab="Frequency (cycles/time unit)",
    
    These lines will be truncated in the PDF manual.
Flavors: r-devel-linux-x86_64-debian-clang, r-devel-linux-x86_64-debian-gcc, r-devel-linux-x86_64-fedora-clang, r-devel-linux-x86_64-fedora-gcc, r-patched-linux-x86_64, r-release-linux-x86_64