CRAN Package Check Results for Package kzs

Last updated on 2014-04-23 07:55:01.

Flavor Version Tinstall Tcheck Ttotal Status Flags
r-devel-linux-x86_64-debian-clang 1.4 0.88 41.22 42.10 OK
r-devel-linux-x86_64-debian-gcc 1.4 0.88 39.17 40.05 OK
r-devel-linux-x86_64-fedora-clang 1.4 83.94 OK
r-devel-linux-x86_64-fedora-gcc 1.4 82.03 OK
r-devel-osx-x86_64-clang 1.4 60.11 OK
r-devel-osx-x86_64-gcc 1.4 OK
r-devel-windows-ix86+x86_64 1.4 3.00 52.00 55.00 OK
r-patched-linux-x86_64 1.4 0.87 40.04 40.91 OK
r-patched-solaris-sparc 1.4 544.20 OK
r-patched-solaris-x86 1.4 113.50 OK
r-release-linux-ix86 1.4 2.00 71.00 73.00 OK
r-release-linux-x86_64 1.4 0.90 40.16 41.06 OK
r-release-osx-x86_64-mavericks 1.4 WARN
r-release-osx-x86_64-snowleopard 1.4 OK
r-release-windows-ix86+x86_64 1.4 3.00 58.00 61.00 OK
r-oldrel-windows-ix86+x86_64 1.4 3.00 59.00 62.00 OK

Check Details

Version: 1.4
Check: PDF version of manual
Result: WARNING
    LaTeX errors when creating PDF version.
    This typically indicates Rd problems.
    LaTeX errors found:
    ! LaTeX Error: File `upquote.sty' not found.
    
    Type X to quit or <RETURN> to proceed,
    or enter new name. (Default extension: sty)
    
    29059a6/Rd2.tex:8: ==> Fatal error occurred, no output PDF file produced!
Flavor: r-release-osx-x86_64-mavericks