CRAN Package Check Results for Package laGP

Last updated on 2016-04-30 11:49:05.

Flavor Version Tinstall Tcheck Ttotal Status Flags
r-devel-linux-x86_64-debian-gcc 1.2-1 5.09 41.72 46.81 NOTE --no-vignettes
r-devel-linux-x86_64-fedora-clang 1.2-1 87.73 NOTE --no-vignettes
r-devel-linux-x86_64-fedora-gcc 1.2-1 82.16 NOTE --no-vignettes
r-devel-osx-x86_64-clang 1.2-1 89.93 NOTE --no-vignettes
r-devel-windows-ix86+x86_64 1.2-1 22.00 112.00 134.00 NOTE --no-vignettes
r-patched-linux-x86_64 1.2-1 5.36 41.19 46.55 NOTE --no-vignettes
r-patched-solaris-sparc 1.2-1 645.70 NOTE --no-vignettes
r-patched-solaris-x86 1.2-1 107.60 NOTE --no-vignettes
r-release-linux-x86_64 1.2-1 5.43 41.90 47.33 OK --no-vignettes
r-release-osx-x86_64-mavericks 1.2-1 OK --no-vignettes
r-release-windows-ix86+x86_64 1.2-1 26.00 103.00 129.00 OK --no-vignettes
r-oldrel-windows-ix86+x86_64 1.2-1 33.00 108.00 141.00 OK --no-vignettes

Check Details

Version: 1.2-1
Flags: --no-vignettes
Check: DESCRIPTION meta-information
Result: NOTE
    Checking should be performed on sources prepared by ‘R CMD build’.
Flavors: r-devel-linux-x86_64-debian-gcc, r-devel-linux-x86_64-fedora-clang, r-devel-linux-x86_64-fedora-gcc, r-devel-osx-x86_64-clang, r-devel-windows-ix86+x86_64, r-patched-linux-x86_64, r-patched-solaris-sparc, r-patched-solaris-x86