CRAN Package Check Results for Package laGP

Last updated on 2016-06-28 08:48:40.

Flavor Version Tinstall Tcheck Ttotal Status Flags
r-devel-linux-x86_64-debian-gcc 1.2-1 5.68 41.53 47.21 NOTE --no-vignettes
r-devel-linux-x86_64-fedora-clang 1.2-1 87.41 NOTE --no-vignettes
r-devel-linux-x86_64-fedora-gcc 1.2-1 82.79 NOTE --no-vignettes
r-devel-osx-x86_64-clang 1.2-1 63.79 NOTE --no-vignettes
r-devel-windows-ix86+x86_64 1.2-1 31.00 130.00 161.00 NOTE --no-vignettes
r-patched-linux-x86_64 1.2-1 5.53 42.41 47.94 NOTE --no-vignettes
r-patched-solaris-sparc 1.2-1 641.90 NOTE --no-vignettes
r-patched-solaris-x86 1.2-1 107.00 NOTE --no-vignettes
r-release-linux-x86_64 1.2-1 5.26 41.79 47.04 NOTE --no-vignettes
r-release-osx-x86_64-mavericks 1.2-1 NOTE --no-vignettes
r-release-windows-ix86+x86_64 1.2-1 31.00 131.00 162.00 NOTE --no-vignettes
r-oldrel-windows-ix86+x86_64 1.2-1 41.00 101.00 142.00 OK --no-vignettes

Check Details

Version: 1.2-1
Flags: --no-vignettes
Check: DESCRIPTION meta-information
Result: NOTE
    Checking should be performed on sources prepared by ‘R CMD build’.
Flavors: r-devel-linux-x86_64-debian-gcc, r-devel-linux-x86_64-fedora-clang, r-devel-linux-x86_64-fedora-gcc, r-devel-osx-x86_64-clang, r-devel-windows-ix86+x86_64, r-patched-linux-x86_64, r-patched-solaris-sparc, r-patched-solaris-x86, r-release-linux-x86_64, r-release-osx-x86_64-mavericks, r-release-windows-ix86+x86_64