CRAN Package Check Results for Package laGP

Last updated on 2017-05-25 15:48:30.

Flavor Version Tinstall Tcheck Ttotal Status Flags
r-devel-linux-x86_64-debian-clang 1.3-2 6.06 46.27 52.33 NOTE --no-vignettes
r-devel-linux-x86_64-debian-gcc 1.3-2 5.78 46.72 52.50 NOTE --no-vignettes
r-devel-linux-x86_64-fedora-clang 1.3-2 105.73 NOTE --no-vignettes --no-stop-on-test-error
r-devel-linux-x86_64-fedora-gcc 1.3-2 102.24 NOTE --no-vignettes --no-stop-on-test-error
r-devel-windows-ix86+x86_64 1.3-2 29.00 154.00 183.00 OK --no-vignettes
r-patched-linux-x86_64 1.3-2 5.41 46.05 51.46 NOTE --no-vignettes
r-patched-solaris-sparc 1.3-2 678.50 NOTE --no-vignettes
r-patched-solaris-x86 1.3-2 121.70 NOTE --no-vignettes
r-release-linux-x86_64 1.3-2 5.21 46.36 51.57 NOTE --no-vignettes
r-release-windows-ix86+x86_64 1.3-2 50.00 168.00 218.00 OK --no-vignettes
r-release-osx-x86_64 1.3-2 OK --no-vignettes
r-oldrel-windows-ix86+x86_64 1.3-2 38.00 135.00 173.00 OK --no-vignettes
r-oldrel-osx-x86_64 1.3-2 OK --no-vignettes

Check Details

Version: 1.3-2
Flags: --no-vignettes
Check: compiled code
Result: NOTE
    File ‘laGP/libs/laGP.so’:
     Found no calls to: ‘R_registerRoutines’, ‘R_useDynamicSymbols’
    
    It is good practice to register native routines and to disable symbol
    search.
    
    See ‘Writing portable packages’ in the ‘Writing R Extensions’ manual.
Flavors: r-devel-linux-x86_64-debian-clang, r-devel-linux-x86_64-debian-gcc, r-patched-linux-x86_64, r-release-linux-x86_64

Version: 1.3-2
Flags: --no-vignettes --no-stop-on-test-error
Check: compiled code
Result: NOTE
    File ‘laGP/libs/laGP.so’:
     Found no calls to: ‘R_registerRoutines’, ‘R_useDynamicSymbols’
    
    It is good practice to register native routines and to disable symbol
    search.
    
    See ‘Writing portable packages’ in the ‘Writing R Extensions’ manual.
Flavors: r-devel-linux-x86_64-fedora-clang, r-devel-linux-x86_64-fedora-gcc

Version: 1.3-2
Flags: --no-vignettes
Check: package dependencies
Result: NOTE
    Package suggested but not available for checking: ‘crs’
Flavors: r-patched-solaris-sparc, r-patched-solaris-x86

Version: 1.3-2
Flags: --no-vignettes
Check: Rd cross-references
Result: NOTE
    Package unavailable to check Rd xrefs: ‘crs’
Flavors: r-patched-solaris-sparc, r-patched-solaris-x86