CRAN Package Check Results for Package laGP

Last updated on 2017-04-24 10:47:25.

Flavor Version Tinstall Tcheck Ttotal Status Flags
r-devel-linux-x86_64-debian-clang 1.3-2 6.20 46.25 52.44 NOTE --no-vignettes
r-devel-linux-x86_64-debian-gcc 1.3-2 5.82 46.31 52.14 NOTE --no-vignettes
r-devel-linux-x86_64-fedora-clang 1.3-2 105.61 NOTE --no-vignettes --no-stop-on-test-error
r-devel-linux-x86_64-fedora-gcc 1.3-2 102.43 NOTE --no-vignettes --no-stop-on-test-error
r-devel-windows-ix86+x86_64 1.3-2 36.00 113.00 149.00 OK --no-vignettes
r-patched-linux-x86_64 1.3-2 5.25 46.73 51.98 NOTE --no-vignettes
r-patched-solaris-sparc 1.3-2 696.90 OK --no-vignettes
r-patched-solaris-x86 1.3-2 122.20 OK --no-vignettes
r-release-linux-x86_64 1.3-2 5.58 46.48 52.06 NOTE --no-vignettes
r-release-windows-ix86+x86_64 1.3-2 30.00 116.00 146.00 OK --no-vignettes
r-release-osx-x86_64 1.3-2 OK --no-vignettes
r-oldrel-windows-ix86+x86_64 1.3-2 31.00 108.00 139.00 OK --no-vignettes
r-oldrel-osx-x86_64 1.3-2 OK --no-vignettes

Check Details

Version: 1.3-2
Flags: --no-vignettes
Check: compiled code
Result: NOTE
    File ‘laGP/libs/laGP.so’:
     Found no calls to: ‘R_registerRoutines’, ‘R_useDynamicSymbols’
    
    It is good practice to register native routines and to disable symbol
    search.
    
    See ‘Writing portable packages’ in the ‘Writing R Extensions’ manual.
Flavors: r-devel-linux-x86_64-debian-clang, r-devel-linux-x86_64-debian-gcc, r-patched-linux-x86_64, r-release-linux-x86_64

Version: 1.3-2
Flags: --no-vignettes --no-stop-on-test-error
Check: compiled code
Result: NOTE
    File ‘laGP/libs/laGP.so’:
     Found no calls to: ‘R_registerRoutines’, ‘R_useDynamicSymbols’
    
    It is good practice to register native routines and to disable symbol
    search.
    
    See ‘Writing portable packages’ in the ‘Writing R Extensions’ manual.
Flavors: r-devel-linux-x86_64-fedora-clang, r-devel-linux-x86_64-fedora-gcc