CRAN Package Check Results for Package laGP

Last updated on 2015-09-04 19:47:28.

Flavor Version Tinstall Tcheck Ttotal Status Flags
r-devel-linux-x86_64-debian-clang 1.1-5 3.52 37.87 41.39 NOTE --no-vignettes
r-devel-linux-x86_64-debian-gcc 1.1-5 4.32 37.85 42.18 NOTE --no-vignettes
r-devel-linux-x86_64-fedora-clang 1.1-5 82.91 NOTE --no-vignettes
r-devel-linux-x86_64-fedora-gcc 1.1-5 79.61 NOTE --no-vignettes
r-devel-osx-x86_64-clang 1.1-5 63.61 OK --no-vignettes
r-devel-windows-ix86+x86_64 1.1-5 21.00 125.00 146.00 NOTE --no-vignettes
r-patched-linux-x86_64 1.1-5 4.40 39.34 43.74 OK --no-vignettes
r-patched-solaris-sparc 1.1-5 629.30 OK --no-vignettes
r-patched-solaris-x86 1.1-5 106.80 OK --no-vignettes
r-release-linux-x86_64 1.1-5 4.56 38.55 43.10 OK --no-vignettes
r-release-osx-x86_64-mavericks 1.1-5 OK --no-vignettes
r-release-windows-ix86+x86_64 1.1-5 37.00 96.00 133.00 OK --no-vignettes
r-oldrel-windows-ix86+x86_64 1.1-5 25.00 116.00 141.00 OK --no-vignettes

Check Details

Version: 1.1-5
Flags: --no-vignettes
Check: R code for possible problems
Result: NOTE
    garg: no visible global function definition for ‘quantile’
    getDs: no visible global function definition for ‘quantile’
    mleGPsep: no visible global function definition for ‘optim’
    optim.auglag: no visible global function definition for ‘par’
    optim.auglag: no visible global function definition for ‘plot’
    optim.auglag: no visible global function definition for ‘image’
    optim.auglag: no visible global function definition for ‘points’
    optim.auglag: no visible global function definition for ‘matplot’
    Undefined global functions or variables:
     image matplot optim par plot points quantile
    Consider adding
     importFrom("graphics", "image", "matplot", "par", "plot", "points")
     importFrom("stats", "optim", "quantile")
    to your NAMESPACE.
Flavors: r-devel-linux-x86_64-debian-clang, r-devel-linux-x86_64-debian-gcc, r-devel-linux-x86_64-fedora-clang, r-devel-linux-x86_64-fedora-gcc, r-devel-windows-ix86+x86_64