CRAN Package Check Results for Package laGP

Last updated on 2017-01-16 15:50:54.

Flavor Version Tinstall Tcheck Ttotal Status Flags
r-devel-linux-x86_64-debian-clang 1.3-2 6.08 53.50 59.58 OK --no-vignettes
r-devel-linux-x86_64-debian-gcc 1.3-2 5.70 53.24 58.94 OK --no-vignettes
r-devel-linux-x86_64-fedora-clang 1.3-2 105.01 OK --no-vignettes --no-stop-on-test-error
r-devel-linux-x86_64-fedora-gcc 1.3-2 100.35 NOTE --no-vignettes --no-stop-on-test-error
r-devel-macos-x86_64-clang 1.3-2 70.73 OK --no-vignettes --no-stop-on-test-error
r-devel-windows-ix86+x86_64 1.3-2 33.00 141.00 174.00 OK --no-vignettes
r-patched-linux-x86_64 1.3-2 5.15 50.98 56.13 OK --no-vignettes
r-patched-solaris-sparc 1.3-2 673.20 OK --no-vignettes
r-patched-solaris-x86 1.3-2 104.90 OK --no-vignettes
r-release-linux-x86_64 1.3-2 5.28 51.15 56.44 OK --no-vignettes
r-release-osx-x86_64-mavericks 1.3-2 OK --no-vignettes
r-release-windows-ix86+x86_64 1.3-2 39.00 123.00 162.00 OK --no-vignettes
r-oldrel-windows-ix86+x86_64 1.3-2 27.00 139.00 166.00 OK --no-vignettes

Check Details

Version: 1.3-2
Flags: --no-vignettes --no-stop-on-test-error
Check: compiled code
Result: NOTE
    File ‘laGP/libs/laGP.so’:
     Found no calls to: ‘R_registerRoutines’, ‘R_useDynamicSymbols’
    
    It is good practice to use registered native symbols and disable symbol
    search.
    
    See ‘Writing portable packages’ in the ‘Writing R Extensions’ manual.
Flavor: r-devel-linux-x86_64-fedora-gcc