CRAN Package Check Results for Package laGP

Last updated on 2017-03-26 11:53:47.

Flavor Version Tinstall Tcheck Ttotal Status Flags
r-devel-linux-x86_64-debian-clang 1.3-2 6.34 46.86 53.20 NOTE --no-vignettes
r-devel-linux-x86_64-debian-gcc 1.3-2 6.01 47.13 53.14 NOTE --no-vignettes
r-devel-linux-x86_64-fedora-clang 1.3-2 113.25 NOTE --no-vignettes --no-stop-on-test-error
r-devel-linux-x86_64-fedora-gcc 1.3-2 103.05 NOTE --no-vignettes --no-stop-on-test-error
r-devel-macos-x86_64-clang 1.3-2 70.05 NOTE --no-vignettes --no-stop-on-test-error
r-devel-windows-ix86+x86_64 1.3-2 31.00 157.00 188.00 OK --no-vignettes
r-patched-linux-x86_64 1.3-2 5.28 47.32 52.59 NOTE --no-vignettes
r-patched-solaris-sparc 1.3-2 696.90 OK --no-vignettes
r-patched-solaris-x86 1.3-2 130.70 OK --no-vignettes
r-release-linux-x86_64 1.3-2 5.36 44.18 49.54 OK --no-vignettes
r-release-osx-x86_64-mavericks 1.3-2 OK --no-vignettes
r-release-windows-ix86+x86_64 1.3-2 40.00 153.00 193.00 OK --no-vignettes
r-oldrel-windows-ix86+x86_64 1.3-2 27.00 105.00 132.00 OK --no-vignettes

Check Details

Version: 1.3-2
Flags: --no-vignettes
Check: compiled code
Result: NOTE
    File ‘laGP/libs/laGP.so’:
     Found no calls to: ‘R_registerRoutines’, ‘R_useDynamicSymbols’
    
    It is good practice to register native routines and to disable symbol
    search.
    
    See ‘Writing portable packages’ in the ‘Writing R Extensions’ manual.
Flavors: r-devel-linux-x86_64-debian-clang, r-devel-linux-x86_64-debian-gcc, r-patched-linux-x86_64

Version: 1.3-2
Flags: --no-vignettes --no-stop-on-test-error
Check: compiled code
Result: NOTE
    File ‘laGP/libs/laGP.so’:
     Found no calls to: ‘R_registerRoutines’, ‘R_useDynamicSymbols’
    
    It is good practice to register native routines and to disable symbol
    search.
    
    See ‘Writing portable packages’ in the ‘Writing R Extensions’ manual.
Flavors: r-devel-linux-x86_64-fedora-clang, r-devel-linux-x86_64-fedora-gcc, r-devel-macos-x86_64-clang