CRAN Package Check Results for Package laGP

Last updated on 2014-10-23 05:46:44.

Flavor Version Tinstall Tcheck Ttotal Status Flags
r-devel-linux-x86_64-debian-clang 1.1-2 3.39 38.79 42.18 OK --no-vignettes
r-devel-linux-x86_64-debian-gcc 1.1-2 4.05 38.77 42.82 OK --no-vignettes
r-devel-linux-x86_64-fedora-clang 1.1-2 51.44 OK --no-vignettes
r-devel-linux-x86_64-fedora-gcc 1.1-2 51.13 OK --no-vignettes
r-devel-osx-x86_64-clang 1.1-2 72.41 OK --no-vignettes
r-devel-windows-ix86+x86_64 1.1-2 3.00 1.00 4.00 ERROR
r-patched-linux-x86_64 1.1-2 4.20 113.90 118.09 ERROR
r-patched-solaris-sparc 1.1-2 567.10 OK --no-vignettes
r-patched-solaris-x86 1.1-2 107.80 OK --no-vignettes
r-release-linux-ix86 1.1-1 4.70 38.41 43.11 OK
r-release-linux-x86_64 1.1-1 3.72 25.79 29.51 OK
r-release-osx-x86_64-mavericks 1.1-2 OK
r-release-osx-x86_64-snowleopard 1.1-2 OK
r-release-windows-ix86+x86_64 1.1-2 3.00 1.00 4.00 ERROR
r-oldrel-windows-ix86+x86_64 1.1-2 3.00 1.00 4.00 ERROR

Check Details

Version: 1.1-2
Check: whether package can be installed
Result: ERROR
    Installation failed.
Flavors: r-devel-windows-ix86+x86_64, r-release-windows-ix86+x86_64, r-oldrel-windows-ix86+x86_64

Version: 1.1-2
Check: running R code from vignettes
Result: ERROR
    Errors in running code in vignettes:
    when running code in ‘laGP.Rnw’
     ...
    > XX <- as.matrix(expand.grid(xx, xx))
    
    > YY <- f2d(XX)
    
    > nth <- 8
    
    > P.alc <- aGP(X, Y, XX, omp.threads = nth, verb = 0)
    Killed
    
    ... incomplete output. Crash?
Flavor: r-patched-linux-x86_64