CRAN Package Check Results for Package laGP

Last updated on 2015-07-28 09:47:05.

Flavor Version Tinstall Tcheck Ttotal Status Flags
r-devel-linux-x86_64-debian-clang 1.1-5 3.68 37.91 41.59 NOTE --no-vignettes
r-devel-linux-x86_64-debian-gcc 1.1-5 4.70 38.18 42.88 NOTE --no-vignettes
r-devel-linux-x86_64-fedora-clang 1.1-5 82.42 NOTE --no-vignettes
r-devel-linux-x86_64-fedora-gcc 1.1-5 79.54 NOTE --no-vignettes
r-devel-osx-x86_64-clang 1.1-5 58.58 OK --no-vignettes
r-devel-windows-ix86+x86_64 1.1-5 23.00 139.00 162.00 NOTE --no-vignettes
r-patched-linux-x86_64 1.1-5 4.35 38.71 43.06 OK --no-vignettes
r-patched-solaris-sparc 1.1-5 629.30 OK --no-vignettes
r-patched-solaris-x86 1.1-5 106.90 OK --no-vignettes
r-release-linux-x86_64 1.1-5 4.44 38.37 42.81 OK --no-vignettes
r-release-osx-x86_64-mavericks 1.1-5 OK --no-vignettes
r-release-windows-ix86+x86_64 1.1-5 34.00 120.00 154.00 OK --no-vignettes
r-oldrel-windows-ix86+x86_64 1.1-5 24.00 106.00 130.00 OK --no-vignettes

Check Details

Version: 1.1-5
Flags: --no-vignettes
Check: R code for possible problems
Result: NOTE
    garg: no visible global function definition for ‘quantile’
    getDs: no visible global function definition for ‘quantile’
    mleGPsep: no visible global function definition for ‘optim’
    optim.auglag: no visible global function definition for ‘par’
    optim.auglag: no visible global function definition for ‘plot’
    optim.auglag: no visible global function definition for ‘image’
    optim.auglag: no visible global function definition for ‘points’
    optim.auglag: no visible global function definition for ‘matplot’
    Undefined global functions or variables:
     image matplot optim par plot points quantile
    Consider adding
     importFrom("graphics", "image", "matplot", "par", "plot", "points")
     importFrom("stats", "optim", "quantile")
    to your NAMESPACE.
Flavors: r-devel-linux-x86_64-debian-clang, r-devel-linux-x86_64-debian-gcc, r-devel-linux-x86_64-fedora-clang, r-devel-linux-x86_64-fedora-gcc, r-devel-windows-ix86+x86_64