CRAN Package Check Results for Package laGP

Last updated on 2014-08-23 06:48:35.

Flavor Version Tinstall Tcheck Ttotal Status Flags
r-devel-linux-x86_64-debian-clang 1.1 2.29 21.45 23.74 NOTE
r-devel-linux-x86_64-debian-gcc 1.1 3.39 21.48 24.87 NOTE
r-devel-linux-x86_64-fedora-clang 1.1 48.51 NOTE
r-devel-linux-x86_64-fedora-gcc 1.1 47.62 NOTE
r-devel-osx-x86_64-clang 1.1 45.14 NOTE
r-devel-windows-ix86+x86_64 1.1 18.00 54.00 72.00 OK
r-patched-linux-x86_64 1.1 3.44 21.74 25.18 OK
r-patched-solaris-sparc 1.1 358.00 OK
r-patched-solaris-x86 1.1 71.10 OK
r-release-linux-ix86 1.1 4.74 33.10 37.84 OK
r-release-linux-x86_64 1.1 3.46 22.12 25.58 OK
r-release-osx-x86_64-mavericks 1.1 OK
r-release-osx-x86_64-snowleopard 1.1 OK
r-release-windows-ix86+x86_64 1.1 18.00 53.00 71.00 OK
r-oldrel-windows-ix86+x86_64 1.1 18.00 54.00 72.00 OK

Check Details

Version: 1.1
Check: R code for possible problems
Result: NOTE
    aGP.parallel: no visible global function definition for ‘clusterEvalQ’
    aGP.parallel: no visible global function definition for ‘clusterApply’
    optim.auglag: no visible global function definition for ‘dopt.gp’
    optim.auglag: no visible global function definition for ‘lhs’
    optim.auglag: no visible global function definition for ‘interp’
Flavors: r-devel-linux-x86_64-debian-clang, r-devel-linux-x86_64-debian-gcc, r-devel-linux-x86_64-fedora-clang, r-devel-linux-x86_64-fedora-gcc, r-devel-osx-x86_64-clang