CRAN Package Check Results for Package laGP

Last updated on 2015-05-29 15:46:37.

Flavor Version Tinstall Tcheck Ttotal Status Flags
r-devel-linux-x86_64-debian-clang 1.1-5 3.69 39.20 42.88 OK --no-vignettes
r-devel-linux-x86_64-debian-gcc 1.1-5 4.43 38.38 42.80 OK --no-vignettes
r-devel-linux-x86_64-fedora-clang 1.1-5 84.59 OK --no-vignettes
r-devel-linux-x86_64-fedora-gcc 1.1-5 80.06 OK --no-vignettes
r-devel-osx-x86_64-clang 1.1-5 65.93 OK --no-vignettes
r-devel-windows-ix86+x86_64 1.1-5 23.00 90.00 113.00 OK --no-vignettes
r-patched-linux-x86_64 1.1-5 4.31 38.51 42.82 OK --no-vignettes
r-patched-solaris-sparc 1.1-5 567.50 OK --no-vignettes
r-patched-solaris-x86 1.1-5 107.30 OK --no-vignettes
r-release-linux-x86_64 1.1-5 4.61 39.05 43.66 OK --no-vignettes
r-release-osx-x86_64-mavericks 1.1-5 OK --no-vignettes
r-release-osx-x86_64-snowleopard 1.1-3 NOTE --no-vignettes
r-release-windows-ix86+x86_64 1.1-5 28.00 99.00 127.00 OK --no-vignettes
r-oldrel-windows-ix86+x86_64 1.1-5 21.00 82.00 103.00 OK --no-vignettes

Check Details

Version: 1.1-3
Flags: --no-vignettes
Check: DESCRIPTION meta-information
Result: NOTE
    Malformed Description field: should contain one or more complete sentences.
Flavor: r-release-osx-x86_64-snowleopard