CRAN Package Check Results for Package laGP

Last updated on 2014-09-02 23:47:33.

Flavor Version Tinstall Tcheck Ttotal Status Flags
r-devel-linux-x86_64-debian-clang 1.1 2.28 21.76 24.04 NOTE
r-devel-linux-x86_64-debian-gcc 1.1 3.60 21.18 24.78 NOTE
r-devel-linux-x86_64-fedora-clang 1.1 49.62 NOTE
r-devel-linux-x86_64-fedora-gcc 1.1 47.17 NOTE
r-devel-osx-x86_64-clang 1.1 43.82 NOTE
r-devel-windows-ix86+x86_64 1.1 18.00 52.00 70.00 NOTE
r-patched-linux-x86_64 1.1 3.50 22.00 25.50 OK
r-patched-solaris-sparc 1.1 358.00 OK
r-patched-solaris-x86 1.1 73.50 OK
r-release-linux-ix86 1.1 4.74 33.10 37.84 OK
r-release-linux-x86_64 1.1 3.40 23.18 26.57 OK
r-release-osx-x86_64-mavericks 1.1 OK
r-release-osx-x86_64-snowleopard 1.1 OK
r-release-windows-ix86+x86_64 1.1 19.00 53.00 72.00 OK
r-oldrel-windows-ix86+x86_64 1.1 19.00 54.00 73.00 OK

Check Details

Version: 1.1
Check: R code for possible problems
Result: NOTE
    aGP.parallel: no visible global function definition for ‘clusterEvalQ’
    aGP.parallel: no visible global function definition for ‘clusterApply’
    optim.auglag: no visible global function definition for ‘dopt.gp’
    optim.auglag: no visible global function definition for ‘lhs’
    optim.auglag: no visible global function definition for ‘interp’
Flavors: r-devel-linux-x86_64-debian-clang, r-devel-linux-x86_64-debian-gcc, r-devel-linux-x86_64-fedora-clang, r-devel-linux-x86_64-fedora-gcc, r-devel-osx-x86_64-clang, r-devel-windows-ix86+x86_64