CRAN Package Check Results for Package laGP

Last updated on 2017-07-26 02:47:54.

Flavor Version Tinstall Tcheck Ttotal Status Flags
r-devel-linux-x86_64-debian-clang 1.4 6.40 56.00 62.40 OK --no-vignettes
r-devel-linux-x86_64-debian-gcc 1.4 5.90 53.48 59.38 OK --no-vignettes
r-devel-linux-x86_64-fedora-clang 1.4 107.10 OK --no-vignettes
r-devel-linux-x86_64-fedora-gcc 1.4 102.87 OK --no-vignettes
r-devel-windows-ix86+x86_64 1.4 39.00 128.00 167.00 OK --no-vignettes
r-patched-linux-x86_64 1.4 5.76 54.92 60.68 OK --no-vignettes
r-patched-solaris-x86 1.4 124.20 NOTE --no-vignettes
r-release-linux-x86_64 1.4 5.80 55.60 61.39 OK --no-vignettes
r-release-windows-ix86+x86_64 1.4 29.00 144.00 173.00 OK --no-vignettes
r-release-osx-x86_64 1.4 OK --no-vignettes
r-oldrel-windows-ix86+x86_64 1.4 30.00 155.00 185.00 OK --no-vignettes
r-oldrel-osx-x86_64 1.4 ERROR --no-vignettes

Check Details

Version: 1.4
Flags: --no-vignettes
Check: package dependencies
Result: NOTE
    Package suggested but not available for checking: ‘crs’
Flavor: r-patched-solaris-x86

Version: 1.4
Flags: --no-vignettes
Check: Rd cross-references
Result: NOTE
    Package unavailable to check Rd xrefs: ‘crs’
Flavor: r-patched-solaris-x86

Version: 1.4
Flags: --no-vignettes
Check: whether package can be installed
Result: ERROR
    Installation failed.
Flavor: r-oldrel-osx-x86_64