CRAN Package Check Results for Package laGP

Last updated on 2016-07-30 14:49:44.

Flavor Version Tinstall Tcheck Ttotal Status Flags
r-devel-linux-x86_64-debian-clang 1.2-1 6.17 47.65 53.82 NOTE --no-vignettes
r-devel-linux-x86_64-debian-gcc 1.2-1 5.63 46.69 52.32 NOTE --no-vignettes
r-devel-linux-x86_64-fedora-clang 1.2-1 87.37 NOTE --no-vignettes
r-devel-linux-x86_64-fedora-gcc 1.2-1 83.46 NOTE --no-vignettes
r-devel-osx-x86_64-clang 1.2-1 64.01 NOTE --no-vignettes
r-devel-windows-ix86+x86_64 1.2-1 24.00 112.00 136.00 NOTE --no-vignettes
r-patched-linux-x86_64 1.2-1 7.51 46.89 54.40 NOTE --no-vignettes
r-patched-solaris-sparc 1.2-1 641.90 NOTE --no-vignettes
r-patched-solaris-x86 1.2-1 106.40 NOTE --no-vignettes
r-release-linux-x86_64 1.2-1 6.64 52.19 58.83 NOTE --no-vignettes
r-release-osx-x86_64-mavericks 1.2-1 NOTE --no-vignettes
r-release-windows-ix86+x86_64 1.2-1 34.00 132.00 166.00 NOTE --no-vignettes
r-oldrel-windows-ix86+x86_64 1.2-1 32.00 133.00 165.00 OK --no-vignettes

Check Details

Version: 1.2-1
Flags: --no-vignettes
Check: DESCRIPTION meta-information
Result: NOTE
    Checking should be performed on sources prepared by ‘R CMD build’.
Flavors: r-devel-linux-x86_64-debian-clang, r-devel-linux-x86_64-debian-gcc, r-devel-linux-x86_64-fedora-clang, r-devel-linux-x86_64-fedora-gcc, r-devel-osx-x86_64-clang, r-devel-windows-ix86+x86_64, r-patched-linux-x86_64, r-patched-solaris-sparc, r-patched-solaris-x86, r-release-linux-x86_64, r-release-osx-x86_64-mavericks, r-release-windows-ix86+x86_64