CRAN Package Check Results for Package laGP

Last updated on 2017-09-22 02:47:36.

Flavor Version Tinstall Tcheck Ttotal Status Flags
r-devel-linux-x86_64-debian-clang 1.4 5.78 46.58 52.37 OK --no-vignettes
r-devel-linux-x86_64-debian-gcc 1.4 5.83 46.32 52.15 OK --no-vignettes
r-devel-linux-x86_64-fedora-clang 1.4 96.23 OK --no-vignettes
r-devel-linux-x86_64-fedora-gcc 1.4 93.93 OK --no-vignettes
r-devel-windows-ix86+x86_64 1.4 29.00 110.00 139.00 OK --no-vignettes
r-patched-linux-x86_64 1.4 5.93 47.63 53.56 OK --no-vignettes
r-patched-solaris-x86 1.4 143.70 NOTE --no-vignettes
r-release-linux-x86_64 1.4 5.84 47.96 53.80 OK --no-vignettes
r-release-windows-ix86+x86_64 1.4 31.00 123.00 154.00 OK --no-vignettes
r-release-osx-x86_64 1.4 OK --no-vignettes
r-oldrel-windows-ix86+x86_64 1.4 29.00 107.00 136.00 OK --no-vignettes
r-oldrel-osx-x86_64 1.4 ERROR --no-vignettes

Check Details

Version: 1.4
Flags: --no-vignettes
Check: package dependencies
Result: NOTE
    Package suggested but not available for checking: ‘crs’
Flavor: r-patched-solaris-x86

Version: 1.4
Flags: --no-vignettes
Check: Rd cross-references
Result: NOTE
    Package unavailable to check Rd xrefs: ‘crs’
Flavor: r-patched-solaris-x86

Version: 1.4
Flags: --no-vignettes
Check: whether package can be installed
Result: ERROR
    Installation failed.
Flavor: r-oldrel-osx-x86_64