CRAN Package Check Results for Package laGP

Last updated on 2015-04-25 19:47:22.

Flavor Version Tinstall Tcheck Ttotal Status Flags
r-devel-linux-x86_64-debian-clang 1.1-3 3.43 38.58 42.01 NOTE --no-vignettes
r-devel-linux-x86_64-debian-gcc 1.1-3 4.21 38.28 42.49 NOTE --no-vignettes
r-devel-linux-x86_64-fedora-clang 1.1-3 81.78 NOTE --no-vignettes
r-devel-linux-x86_64-fedora-gcc 1.1-3 80.25 NOTE --no-vignettes
r-devel-osx-x86_64-clang 1.1-3 65.10 NOTE --no-vignettes
r-devel-windows-ix86+x86_64 1.1-3 24.00 93.00 117.00 NOTE --no-vignettes
r-patched-linux-x86_64 1.1-3 4.08 38.51 42.59 NOTE --no-vignettes
r-patched-solaris-sparc 1.1-3 614.30 NOTE --no-vignettes
r-patched-solaris-x86 1.1-3 106.90 NOTE --no-vignettes
r-release-linux-x86_64 1.1-3 4.03 38.21 42.24 NOTE --no-vignettes
r-release-osx-x86_64-mavericks 1.1-3 NOTE --no-vignettes
r-release-osx-x86_64-snowleopard 1.1-3 NOTE --no-vignettes
r-release-windows-ix86+x86_64 1.1-3 23.00 86.00 109.00 NOTE --no-vignettes
r-oldrel-windows-ix86+x86_64 1.1-3 19.00 122.00 141.00 OK --no-vignettes

Check Details

Version: 1.1-3
Flags: --no-vignettes
Check: DESCRIPTION meta-information
Result: NOTE
    Malformed Description field: should contain one or more complete sentences.
Flavors: r-devel-windows-ix86+x86_64, r-release-windows-ix86+x86_64