CRAN Package Check Results for Package laGP

Last updated on 2015-03-30 08:50:00.

Flavor Version Tinstall Tcheck Ttotal Status Flags
r-devel-linux-x86_64-debian-clang 1.1-3 3.49 38.43 41.92 NOTE --no-vignettes
r-devel-linux-x86_64-debian-gcc 1.1-3 4.11 37.74 41.84 NOTE --no-vignettes
r-devel-linux-x86_64-fedora-clang 1.1-3 82.51 NOTE --no-vignettes
r-devel-linux-x86_64-fedora-gcc 1.1-3 82.24 NOTE --no-vignettes
r-devel-osx-x86_64-clang 1.1-3 69.84 NOTE --no-vignettes
r-prerel-windows-ix86+x86_64 1.1-3 24.00 88.00 112.00 NOTE --no-vignettes
r-prerel-linux-x86_64 1.1-3 4.11 38.42 42.53 NOTE --no-vignettes
r-prerel-solaris-sparc 1.1-3 614.30 NOTE --no-vignettes
r-prerel-solaris-x86 1.1-3 105.60 NOTE --no-vignettes
r-release-linux-x86_64 1.1-3 4.28 41.08 45.36 OK --no-vignettes
r-release-osx-x86_64-mavericks 1.1-3 OK --no-vignettes
r-release-osx-x86_64-snowleopard 1.1-3 OK --no-vignettes
r-release-windows-ix86+x86_64 1.1-3 24.00 97.00 121.00 OK --no-vignettes
r-oldrel-windows-ix86+x86_64 1.1-3 24.00 97.00 121.00 OK --no-vignettes

Check Details

Version: 1.1-3
Flags: --no-vignettes
Check: DESCRIPTION meta-information
Result: NOTE
    Malformed Description field: should contain one or more complete sentences.
Flavors: r-devel-linux-x86_64-debian-clang, r-devel-linux-x86_64-debian-gcc, r-devel-linux-x86_64-fedora-clang, r-devel-linux-x86_64-fedora-gcc, r-devel-osx-x86_64-clang, r-prerel-windows-ix86+x86_64, r-prerel-linux-x86_64, r-prerel-solaris-sparc, r-prerel-solaris-x86