CRAN Package Check Results for Package laGP

Last updated on 2015-02-27 20:49:37.

Flavor Version Tinstall Tcheck Ttotal Status Flags
r-devel-linux-x86_64-debian-clang 1.1-3 3.22 39.03 42.25 NOTE --no-vignettes
r-devel-linux-x86_64-debian-gcc 1.1-3 4.19 38.38 42.57 NOTE --no-vignettes
r-devel-linux-x86_64-fedora-clang 1.1-3 82.72 NOTE --no-vignettes
r-devel-linux-x86_64-fedora-gcc 1.1-3 79.77 NOTE --no-vignettes
r-devel-osx-x86_64-clang 1.1-3 64.59 NOTE --no-vignettes
r-devel-windows-ix86+x86_64 1.1-3 31.00 82.00 113.00 NOTE --no-vignettes
r-patched-linux-x86_64 1.1-3 4.35 41.83 46.18 OK --no-vignettes
r-patched-solaris-sparc 1.1-3 626.60 OK --no-vignettes
r-release-linux-ix86 1.1-3 5.43 58.68 64.11 OK --no-vignettes
r-release-linux-x86_64 1.1-3 4.56 41.06 45.62 OK --no-vignettes
r-release-osx-x86_64-mavericks 1.1-3 OK --no-vignettes
r-release-osx-x86_64-snowleopard 1.1-3 OK --no-vignettes
r-release-windows-ix86+x86_64 1.1-3 24.00 95.00 119.00 OK --no-vignettes
r-oldrel-windows-ix86+x86_64 1.1-3 24.00 141.00 165.00 OK --no-vignettes

Check Details

Version: 1.1-3
Flags: --no-vignettes
Check: DESCRIPTION meta-information
Result: NOTE
    Malformed Description field: should contain one or more complete sentences.
Flavors: r-devel-linux-x86_64-debian-clang, r-devel-linux-x86_64-debian-gcc, r-devel-linux-x86_64-fedora-clang, r-devel-linux-x86_64-fedora-gcc, r-devel-osx-x86_64-clang, r-devel-windows-ix86+x86_64