CRAN Package Check Results for Package labdsv

Last updated on 2018-04-27 04:50:48 CEST.

Flavor Version Tinstall Tcheck Ttotal Status Flags
r-devel-linux-x86_64-debian-clang 1.8-0 6.29 62.68 68.97 NOTE
r-devel-linux-x86_64-debian-gcc 1.8-0 5.37 54.99 60.36 NOTE
r-devel-linux-x86_64-fedora-clang 1.8-0 94.80 NOTE
r-devel-linux-x86_64-fedora-gcc 1.8-0 92.46 NOTE
r-devel-windows-ix86+x86_64 1.8-0 25.00 134.00 159.00 OK
r-patched-linux-x86_64 1.8-0 8.22 68.29 76.51 NOTE
r-patched-solaris-x86 1.8-0 141.90 OK
r-release-linux-x86_64 1.8-0 7.01 68.86 75.87 NOTE
r-release-windows-ix86+x86_64 1.8-0 25.00 134.00 159.00 OK
r-release-osx-x86_64 1.8-0 OK
r-oldrel-windows-ix86+x86_64 1.8-0 16.00 151.00 167.00 OK
r-oldrel-osx-x86_64 1.8-0 OK

Check Details

Version: 1.8-0
Check: compiled code
Result: NOTE
    File ‘labdsv/libs/labdsv.so’:
     Found no calls to: ‘R_registerRoutines’, ‘R_useDynamicSymbols’
    
    It is good practice to register native routines and to disable symbol
    search.
    
    See ‘Writing portable packages’ in the ‘Writing R Extensions’ manual.
Flavors: r-devel-linux-x86_64-debian-clang, r-devel-linux-x86_64-debian-gcc, r-devel-linux-x86_64-fedora-clang, r-devel-linux-x86_64-fedora-gcc, r-patched-linux-x86_64, r-release-linux-x86_64