CRAN Package Check Results for Package labdsv

Last updated on 2017-11-23 11:52:24 CET.

Flavor Version Tinstall Tcheck Ttotal Status Flags
r-devel-linux-x86_64-debian-clang 1.8-0 3.49 65.27 68.76 NOTE
r-devel-linux-x86_64-debian-gcc 1.8-0 3.75 84.82 88.57 NOTE
r-devel-linux-x86_64-fedora-clang 1.8-0 76.84 NOTE
r-devel-linux-x86_64-fedora-gcc 1.8-0 88.87 NOTE
r-devel-windows-ix86+x86_64 1.8-0 16.00 138.00 154.00 OK
r-patched-linux-x86_64 1.8-0 4.98 106.74 111.72 NOTE
r-patched-solaris-x86 1.8-0 142.60 OK
r-release-linux-x86_64 1.8-0 3.90 45.51 49.42 NOTE
r-release-windows-ix86+x86_64 1.8-0 17.00 95.00 112.00 OK
r-release-osx-x86_64 1.8-0 OK
r-oldrel-windows-ix86+x86_64 1.8-0 16.00 105.00 121.00 OK
r-oldrel-osx-x86_64 1.8-0 OK

Check Details

Version: 1.8-0
Check: compiled code
Result: NOTE
    File ‘labdsv/libs/labdsv.so’:
     Found no calls to: ‘R_registerRoutines’, ‘R_useDynamicSymbols’
    
    It is good practice to register native routines and to disable symbol
    search.
    
    See ‘Writing portable packages’ in the ‘Writing R Extensions’ manual.
Flavors: r-devel-linux-x86_64-debian-clang, r-devel-linux-x86_64-debian-gcc, r-devel-linux-x86_64-fedora-clang, r-devel-linux-x86_64-fedora-gcc, r-patched-linux-x86_64, r-release-linux-x86_64