CRAN Package Check Results for Package labdsv

Last updated on 2017-09-24 00:51:08.

Flavor Version Tinstall Tcheck Ttotal Status Flags
r-devel-linux-x86_64-debian-clang 1.8-0 3.56 45.20 48.76 NOTE
r-devel-linux-x86_64-debian-gcc 1.8-0 3.68 44.14 47.82 NOTE
r-devel-linux-x86_64-fedora-clang 1.8-0 104.60 NOTE
r-devel-linux-x86_64-fedora-gcc 1.8-0 103.14 NOTE
r-devel-windows-ix86+x86_64 1.8-0 18.00 97.00 115.00 OK
r-patched-linux-x86_64 1.8-0 3.73 43.95 47.69 NOTE
r-patched-solaris-x86 1.8-0 146.40 OK
r-release-linux-x86_64 1.8-0 3.78 44.32 48.10 NOTE
r-release-windows-ix86+x86_64 1.8-0 17.00 100.00 117.00 OK
r-release-osx-x86_64 1.8-0 OK
r-oldrel-windows-ix86+x86_64 1.8-0 16.00 104.00 120.00 OK
r-oldrel-osx-x86_64 1.8-0 OK

Check Details

Version: 1.8-0
Check: compiled code
Result: NOTE
    File ‘labdsv/libs/labdsv.so’:
     Found no calls to: ‘R_registerRoutines’, ‘R_useDynamicSymbols’
    
    It is good practice to register native routines and to disable symbol
    search.
    
    See ‘Writing portable packages’ in the ‘Writing R Extensions’ manual.
Flavors: r-devel-linux-x86_64-debian-clang, r-devel-linux-x86_64-debian-gcc, r-devel-linux-x86_64-fedora-clang, r-devel-linux-x86_64-fedora-gcc, r-patched-linux-x86_64, r-release-linux-x86_64