CRAN Package Check Results for Package labdsv

Last updated on 2014-04-23 20:47:14.

Flavor Version Tinstall Tcheck Ttotal Status Flags
r-devel-linux-x86_64-debian-clang 1.6-1 4.98 54.97 59.96 OK
r-devel-linux-x86_64-debian-gcc 1.6-1 4.95 54.50 59.45 OK
r-devel-linux-x86_64-fedora-clang 1.6-1 129.40 OK
r-devel-linux-x86_64-fedora-gcc 1.6-1 126.20 OK
r-devel-osx-x86_64-clang 1.6-1 97.92 OK
r-devel-osx-x86_64-gcc 1.6-1 NOTE
r-devel-windows-ix86+x86_64 1.6-1 17.00 101.00 118.00 OK
r-patched-linux-x86_64 1.6-1 5.06 54.83 59.90 OK
r-patched-solaris-sparc 1.6-1 654.80 OK
r-patched-solaris-x86 1.6-1 671.10 OK
r-release-linux-ix86 1.6-1 8.00 88.00 96.00 OK
r-release-linux-x86_64 1.6-1 4.91 55.14 60.05 OK
r-release-osx-x86_64-mavericks 1.6-1 WARN
r-release-osx-x86_64-snowleopard 1.6-1 ERROR
r-release-windows-ix86+x86_64 1.6-1 18.00 100.00 118.00 OK
r-oldrel-windows-ix86+x86_64 1.6-1 16.00 96.00 112.00 OK

Check Details

Version: 1.6-1
Check: package dependencies
Result: NOTE
    Package suggested but not available for checking: ‘optpart’
Flavor: r-devel-osx-x86_64-gcc

Version: 1.6-1
Check: Rd cross-references
Result: NOTE
    Packages unavailable to check Rd xrefs: ‘vegan’, ‘optpart’, ‘fso’
Flavor: r-devel-osx-x86_64-gcc

Version: 1.6-1
Check: PDF version of manual
Result: WARNING
    LaTeX errors when creating PDF version.
    This typically indicates Rd problems.
    LaTeX errors found:
    ! LaTeX Error: File `upquote.sty' not found.
    
    Type X to quit or <RETURN> to proceed,
    or enter new name. (Default extension: sty)
    
    4fc10a77/Rd2.tex:8: ==> Fatal error occurred, no output PDF file produced!
Flavor: r-release-osx-x86_64-mavericks

Version: 1.6-1
Check: whether package can be installed
Result: ERROR
    Installation failed.
    See ‘/Volumes/XT3/Builds/R-dev-web/QA/Simon/packages/snowleopard-x86_64/results/3.1/labdsv.Rcheck/00install.out’ for details.
Flavor: r-release-osx-x86_64-snowleopard