CRAN Package Check Results for Package labdsv

Last updated on 2019-01-17 03:50:45 CET.

Flavor Version Tinstall Tcheck Ttotal Status Flags
r-devel-linux-x86_64-debian-clang 1.8-0 7.73 74.88 82.61 OK
r-devel-linux-x86_64-debian-gcc 1.8-0 6.75 57.90 64.65 OK
r-devel-linux-x86_64-fedora-clang 1.8-0 96.81 NOTE
r-devel-linux-x86_64-fedora-gcc 1.8-0 92.75 NOTE
r-devel-windows-ix86+x86_64 1.8-0 19.00 156.00 175.00 OK
r-patched-linux-x86_64 1.8-0 8.24 70.19 78.43 OK
r-patched-solaris-x86 1.8-0 145.80 OK
r-release-linux-x86_64 1.8-0 7.22 70.86 78.08 OK
r-release-windows-ix86+x86_64 1.8-0 24.00 143.00 167.00 OK
r-release-osx-x86_64 1.8-0 OK
r-oldrel-windows-ix86+x86_64 1.8-0 26.00 140.00 166.00 OK
r-oldrel-osx-x86_64 1.8-0 OK

Check Details

Version: 1.8-0
Check: compiled code
Result: NOTE
    File ‘labdsv/libs/labdsv.so’:
     Found no calls to: ‘R_registerRoutines’, ‘R_useDynamicSymbols’
    
    It is good practice to register native routines and to disable symbol
    search.
    
    See ‘Writing portable packages’ in the ‘Writing R Extensions’ manual.
Flavors: r-devel-linux-x86_64-fedora-clang, r-devel-linux-x86_64-fedora-gcc