CRAN Package Check Results for Package labdsv

Last updated on 2014-08-28 10:47:01.

Flavor Version Tinstall Tcheck Ttotal Status Flags
r-devel-linux-x86_64-debian-clang 1.6-1 4.93 50.92 55.85 NOTE
r-devel-linux-x86_64-debian-gcc 1.6-1 4.79 50.54 55.33 NOTE
r-devel-linux-x86_64-fedora-clang 1.6-1 130.79 NOTE
r-devel-linux-x86_64-fedora-gcc 1.6-1 121.96 NOTE
r-devel-osx-x86_64-clang 1.6-1 100.26 NOTE
r-devel-windows-ix86+x86_64 1.6-1 17.00 100.00 117.00 NOTE
r-patched-linux-x86_64 1.6-1 4.96 52.60 57.56 OK
r-patched-solaris-sparc 1.6-1 642.90 ERROR
r-patched-solaris-x86 1.6-1 327.60 OK
r-release-linux-ix86 1.6-1 6.15 66.30 72.45 OK
r-release-linux-x86_64 1.6-1 5.16 52.61 57.76 OK
r-release-osx-x86_64-mavericks 1.6-1 OK
r-release-osx-x86_64-snowleopard 1.6-1 ERROR
r-release-windows-ix86+x86_64 1.6-1 17.00 101.00 118.00 OK
r-oldrel-windows-ix86+x86_64 1.6-1 18.00 98.00 116.00 OK

Check Details

Version: 1.6-1
Check: R code for possible problems
Result: NOTE
    rgl.nmds: no visible global function definition for ‘rgl.clear’
    rgl.nmds: no visible global function definition for ‘rgl.lines’
    rgl.nmds: no visible global function definition for ‘rgl.texts’
    rgl.nmds: no visible global function definition for ‘rgl.points’
    rgl.nmds: no visible global function definition for ‘rgl.spheres’
    rgl.pco: no visible global function definition for ‘rgl.clear’
    rgl.pco: no visible global function definition for ‘rgl.lines’
    rgl.pco: no visible global function definition for ‘rgl.texts’
    rgl.pco: no visible global function definition for ‘rgl.points’
    rgl.pco: no visible global function definition for ‘rgl.spheres’
Flavors: r-devel-linux-x86_64-debian-clang, r-devel-linux-x86_64-debian-gcc, r-devel-linux-x86_64-fedora-clang, r-devel-linux-x86_64-fedora-gcc, r-devel-osx-x86_64-clang, r-devel-windows-ix86+x86_64

Version: 1.6-1
Check: examples
Result: ERROR
    Running examples in ‘labdsv-Ex.R’ failed
    The error most likely occurred in:
    
    > ### Name: indval
    > ### Title: Dufrene-Legendre Indicator Species Analysis
    > ### Aliases: indval duleg indval.default indval.stride summary.indval
    > ### Keywords: cluster
    >
    > ### ** Examples
    >
    > data(bryceveg) # returns a vegetation data.frame
    > dis.bc <- dsvdis(bryceveg,'bray/curtis') # returns a dissimilarity matrix
    > clust <- sample(1:5,nrow(bryceveg),replace=TRUE)
    > indval(bryceveg,clust)
    
     *** caught segfault ***
    address 0, cause 'memory not mapped'
    
    Traceback:
     1: .Fortran("duleg", as.double(as.matrix(x)), as.integer(numplt), as.integer(numspc), as.integer(factor(clustering)), as.integer(table(clustering)), as.integer(numcls), as.integer(numitr), relfrq = relfrq, relabu = relabu, indval = indval, pval = pval, indcls = indcls, maxcls = as.integer(maxcls), as.double(tmpfrq), as.double(tmpabu), as.integer(pclass), as.integer(tclass), errcod = as.integer(errcod), PACKAGE = "labdsv")
     2: indval.default(bryceveg, clust)
     3: indval(bryceveg, clust)
    aborting ...
Flavor: r-patched-solaris-sparc

Version: 1.6-1
Check: whether package can be installed
Result: ERROR
    Installation failed.
Flavor: r-release-osx-x86_64-snowleopard