CRAN Package Check Results for Package labdsv

Last updated on 2019-07-19 01:47:18 CEST.

Flavor Version Tinstall Tcheck Ttotal Status Flags
r-devel-linux-x86_64-debian-clang 1.8-0 9.30 75.29 84.59 OK
r-devel-linux-x86_64-debian-gcc 1.8-0 9.04 58.58 67.62 OK
r-devel-linux-x86_64-fedora-clang 1.8-0 100.34 NOTE
r-devel-linux-x86_64-fedora-gcc 1.8-0 102.08 NOTE
r-devel-windows-ix86+x86_64 1.8-0 33.00 127.00 160.00 OK
r-patched-linux-x86_64 1.8-0 10.90 74.89 85.79 OK
r-patched-solaris-x86 1.8-0 168.00 OK
r-release-linux-x86_64 1.8-0 9.53 75.64 85.17 OK
r-release-windows-ix86+x86_64 1.8-0 22.00 125.00 147.00 OK
r-release-osx-x86_64 1.8-0 OK
r-oldrel-windows-ix86+x86_64 1.8-0 16.00 146.00 162.00 OK
r-oldrel-osx-x86_64 1.8-0 OK

Check Details

Version: 1.8-0
Check: compiled code
Result: NOTE
    File ‘labdsv/libs/labdsv.so’:
     Found no calls to: ‘R_registerRoutines’, ‘R_useDynamicSymbols’
    
    It is good practice to register native routines and to disable symbol
    search.
    
    See ‘Writing portable packages’ in the ‘Writing R Extensions’ manual.
Flavors: r-devel-linux-x86_64-fedora-clang, r-devel-linux-x86_64-fedora-gcc