CRAN Package Check Results for Package labdsv

Last updated on 2017-07-27 19:49:13.

Flavor Version Tinstall Tcheck Ttotal Status Flags
r-devel-linux-x86_64-debian-clang 1.8-0 4.06 52.78 56.85 NOTE
r-devel-linux-x86_64-debian-gcc 1.8-0 3.83 51.29 55.12 NOTE
r-devel-linux-x86_64-fedora-clang 1.8-0 104.15 NOTE
r-devel-linux-x86_64-fedora-gcc 1.8-0 100.28 NOTE
r-devel-windows-ix86+x86_64 1.8-0 16.00 105.00 121.00 OK
r-patched-linux-x86_64 1.8-0 3.89 52.13 56.02 NOTE
r-patched-solaris-x86 1.8-0 143.80 OK
r-release-linux-x86_64 1.8-0 3.92 52.44 56.36 NOTE
r-release-windows-ix86+x86_64 1.8-0 31.00 135.00 166.00 OK
r-release-osx-x86_64 1.8-0 OK
r-oldrel-windows-ix86+x86_64 1.8-0 15.00 101.00 116.00 OK
r-oldrel-osx-x86_64 1.8-0 OK

Check Details

Version: 1.8-0
Check: compiled code
Result: NOTE
    File ‘labdsv/libs/labdsv.so’:
     Found no calls to: ‘R_registerRoutines’, ‘R_useDynamicSymbols’
    
    It is good practice to register native routines and to disable symbol
    search.
    
    See ‘Writing portable packages’ in the ‘Writing R Extensions’ manual.
Flavors: r-devel-linux-x86_64-debian-clang, r-devel-linux-x86_64-debian-gcc, r-devel-linux-x86_64-fedora-clang, r-devel-linux-x86_64-fedora-gcc, r-patched-linux-x86_64, r-release-linux-x86_64