CRAN Package Check Results for Package labdsv

Last updated on 2017-01-16 17:49:17.

Flavor Version Tinstall Tcheck Ttotal Status Flags
r-devel-linux-x86_64-debian-clang 1.8-0 3.62 43.14 46.76 OK
r-devel-linux-x86_64-debian-gcc 1.8-0 3.85 42.33 46.18 OK
r-devel-linux-x86_64-fedora-clang 1.8-0 98.12 OK --no-stop-on-test-error
r-devel-linux-x86_64-fedora-gcc 1.8-0 95.04 NOTE --no-stop-on-test-error
r-devel-macos-x86_64-clang 1.8-0 76.25 OK --no-stop-on-test-error
r-devel-windows-ix86+x86_64 1.8-0 21.00 102.00 123.00 OK
r-patched-linux-x86_64 1.8-0 3.46 39.59 43.06 OK
r-patched-solaris-sparc 1.8-0 580.50 OK
r-patched-solaris-x86 1.8-0 127.10 OK
r-release-linux-x86_64 1.8-0 3.69 39.82 43.51 OK
r-release-osx-x86_64-mavericks 1.8-0 OK
r-release-windows-ix86+x86_64 1.8-0 18.00 97.00 115.00 OK
r-oldrel-windows-ix86+x86_64 1.8-0 17.00 134.00 151.00 OK

Check Details

Version: 1.8-0
Flags: --no-stop-on-test-error
Check: compiled code
Result: NOTE
    File ‘labdsv/libs/labdsv.so’:
     Found no calls to: ‘R_registerRoutines’, ‘R_useDynamicSymbols’
    
    It is good practice to use registered native symbols and disable symbol
    search.
    
    See ‘Writing portable packages’ in the ‘Writing R Extensions’ manual.
Flavor: r-devel-linux-x86_64-fedora-gcc