CRAN Package Check Results for Package labdsv

Last updated on 2017-02-20 13:50:56.

Flavor Version Tinstall Tcheck Ttotal Status Flags
r-devel-linux-x86_64-debian-clang 1.8-0 3.96 44.47 48.43 NOTE
r-devel-linux-x86_64-debian-gcc 1.8-0 3.92 44.55 48.47 NOTE
r-devel-linux-x86_64-fedora-clang 1.8-0 101.53 NOTE --no-stop-on-test-error
r-devel-linux-x86_64-fedora-gcc 1.8-0 102.40 NOTE --no-stop-on-test-error
r-devel-macos-x86_64-clang 1.8-0 78.28 NOTE --no-stop-on-test-error
r-devel-windows-ix86+x86_64 1.8-0 27.00 135.00 162.00 OK
r-patched-linux-x86_64 1.8-0 3.95 41.43 45.38 OK
r-patched-solaris-sparc 1.8-0 580.50 OK
r-patched-solaris-x86 1.8-0 132.20 OK
r-release-linux-x86_64 1.8-0 3.78 41.04 44.83 OK
r-release-osx-x86_64-mavericks 1.8-0 OK
r-release-windows-ix86+x86_64 1.8-0 12.00 100.00 112.00 OK
r-oldrel-windows-ix86+x86_64 1.8-0 17.00 138.00 155.00 OK

Check Details

Version: 1.8-0
Check: compiled code
Result: NOTE
    File ‘labdsv/libs/labdsv.so’:
     Found no calls to: ‘R_registerRoutines’, ‘R_useDynamicSymbols’
    
    It is good practice to register native routines and to disable symbol
    search.
    
    See ‘Writing portable packages’ in the ‘Writing R Extensions’ manual.
Flavors: r-devel-linux-x86_64-debian-clang, r-devel-linux-x86_64-debian-gcc

Version: 1.8-0
Flags: --no-stop-on-test-error
Check: compiled code
Result: NOTE
    File ‘labdsv/libs/labdsv.so’:
     Found no calls to: ‘R_registerRoutines’, ‘R_useDynamicSymbols’
    
    It is good practice to register native routines and to disable symbol
    search.
    
    See ‘Writing portable packages’ in the ‘Writing R Extensions’ manual.
Flavors: r-devel-linux-x86_64-fedora-clang, r-devel-linux-x86_64-fedora-gcc, r-devel-macos-x86_64-clang