CRAN Package Check Results for Package labdsv

Last updated on 2018-02-20 15:48:41 CET.

Flavor Version Tinstall Tcheck Ttotal Status Flags
r-devel-linux-x86_64-debian-clang 1.8-0 8.68 69.48 78.16 NOTE
r-devel-linux-x86_64-debian-gcc 1.8-0 6.41 54.32 60.73 NOTE
r-devel-linux-x86_64-fedora-clang 1.8-0 93.89 NOTE
r-devel-linux-x86_64-fedora-gcc 1.8-0 91.59 NOTE
r-devel-windows-ix86+x86_64 1.8-0 19.00 101.00 120.00 OK
r-patched-linux-x86_64 1.8-0 4.99 71.91 76.90 NOTE
r-patched-solaris-x86 1.8-0 145.60 OK
r-release-linux-x86_64 1.8-0 5.80 71.58 77.38 NOTE
r-release-windows-ix86+x86_64 1.8-0 22.00 133.00 155.00 OK
r-release-osx-x86_64 1.8-0 OK
r-oldrel-windows-ix86+x86_64 1.8-0 21.00 124.00 145.00 OK
r-oldrel-osx-x86_64 1.8-0 OK

Check Details

Version: 1.8-0
Check: compiled code
Result: NOTE
    File ‘labdsv/libs/labdsv.so’:
     Found no calls to: ‘R_registerRoutines’, ‘R_useDynamicSymbols’
    
    It is good practice to register native routines and to disable symbol
    search.
    
    See ‘Writing portable packages’ in the ‘Writing R Extensions’ manual.
Flavors: r-devel-linux-x86_64-debian-clang, r-devel-linux-x86_64-debian-gcc, r-devel-linux-x86_64-fedora-clang, r-devel-linux-x86_64-fedora-gcc, r-patched-linux-x86_64, r-release-linux-x86_64