CRAN Package Check Results for Package labdsv

Last updated on 2014-07-23 21:47:08.

Flavor Version Tinstall Tcheck Ttotal Status Flags
r-devel-linux-x86_64-debian-clang 1.6-1 4.89 52.48 57.37 OK
r-devel-linux-x86_64-debian-gcc 1.6-1 4.74 51.44 56.19 OK
r-devel-linux-x86_64-fedora-clang 1.6-1 138.10 OK
r-devel-linux-x86_64-fedora-gcc 1.6-1 128.38 OK
r-devel-osx-x86_64-clang 1.6-1 102.15 OK
r-devel-windows-ix86+x86_64 1.6-1 18.00 97.00 115.00 OK
r-patched-linux-x86_64 1.6-1 5.82 53.47 59.29 OK
r-patched-solaris-sparc 1.6-1 654.80 OK
r-patched-solaris-x86 1.6-1 326.40 OK
r-release-linux-ix86 1.6-1 6.16 65.48 71.64 OK
r-release-linux-x86_64 1.6-1 4.91 52.95 57.86 OK
r-release-osx-x86_64-mavericks 1.6-1 OK
r-release-osx-x86_64-snowleopard 1.6-1 ERROR
r-release-windows-ix86+x86_64 1.6-1 17.00 103.00 120.00 OK
r-oldrel-windows-ix86+x86_64 1.6-1 18.00 99.00 117.00 OK

Check Details

Version: 1.6-1
Check: whether package can be installed
Result: ERROR
    Installation failed.
    See ‘/Volumes/XT3/Builds/R-dev-web/QA/Simon/packages/snowleopard-x86_64/results/3.1/labdsv.Rcheck/00install.out’ for details.
Flavor: r-release-osx-x86_64-snowleopard