CRAN Package Check Results for Package labdsv

Last updated on 2019-03-26 11:54:35 CET.

Flavor Version Tinstall Tcheck Ttotal Status Flags
r-devel-linux-x86_64-debian-clang 1.8-0 10.86 74.56 85.42 OK
r-devel-linux-x86_64-debian-gcc 1.8-0 8.73 58.59 67.32 OK
r-devel-linux-x86_64-fedora-clang 1.8-0 103.20 NOTE
r-devel-linux-x86_64-fedora-gcc 1.8-0 97.95 NOTE
r-devel-windows-ix86+x86_64 1.8-0 33.00 156.00 189.00 OK
r-patched-linux-x86_64 1.8-0 7.09 70.15 77.24 OK
r-patched-solaris-x86 1.8-0 144.00 OK
r-release-linux-x86_64 1.8-0 7.25 70.03 77.28 OK
r-release-windows-ix86+x86_64 1.8-0 24.00 143.00 167.00 OK
r-release-osx-x86_64 1.8-0 OK
r-oldrel-windows-ix86+x86_64 1.8-0 16.00 116.00 132.00 OK
r-oldrel-osx-x86_64 1.8-0 OK

Check Details

Version: 1.8-0
Check: compiled code
Result: NOTE
    File ‘labdsv/libs/labdsv.so’:
     Found no calls to: ‘R_registerRoutines’, ‘R_useDynamicSymbols’
    
    It is good practice to register native routines and to disable symbol
    search.
    
    See ‘Writing portable packages’ in the ‘Writing R Extensions’ manual.
Flavors: r-devel-linux-x86_64-fedora-clang, r-devel-linux-x86_64-fedora-gcc