CRAN Package Check Results for Package labdsv

Last updated on 2015-04-25 12:46:16.

Flavor Version Tinstall Tcheck Ttotal Status Flags
r-devel-linux-x86_64-debian-clang 1.6-1 3.95 45.50 49.45 NOTE
r-devel-linux-x86_64-debian-gcc 1.6-1 3.88 44.42 48.30 NOTE
r-devel-linux-x86_64-fedora-clang 1.6-1 101.92 NOTE
r-devel-linux-x86_64-fedora-gcc 1.6-1 95.62 NOTE
r-devel-osx-x86_64-clang 1.6-1 87.25 NOTE
r-devel-windows-ix86+x86_64 1.6-1 18.00 92.00 110.00 NOTE
r-patched-linux-x86_64 1.6-1 3.98 45.05 49.03 NOTE
r-patched-solaris-sparc 1.6-1 542.50 ERROR
r-patched-solaris-x86 1.6-1 292.50 NOTE
r-release-linux-x86_64 1.6-1 4.05 44.46 48.51 NOTE
r-release-osx-x86_64-mavericks 1.6-1 NOTE
r-release-osx-x86_64-snowleopard 1.6-1 NOTE
r-release-windows-ix86+x86_64 1.6-1 15.00 90.00 105.00 NOTE
r-oldrel-windows-ix86+x86_64 1.6-1 15.00 111.00 126.00 NOTE

Check Details

Version: 1.6-1
Check: dependencies in R code
Result: NOTE
    'library' or 'require' call to 'rgl' in package code.
     Please use :: or requireNamespace() instead.
     See section 'Suggested packages' in the 'Writing R Extensions' manual.
Flavors: r-devel-windows-ix86+x86_64, r-release-windows-ix86+x86_64, r-oldrel-windows-ix86+x86_64

Version: 1.6-1
Check: R code for possible problems
Result: NOTE
    rgl.nmds: no visible global function definition for 'rgl.clear'
    rgl.nmds: no visible global function definition for 'rgl.lines'
    rgl.nmds: no visible global function definition for 'rgl.texts'
    rgl.nmds: no visible global function definition for 'rgl.points'
    rgl.nmds: no visible global function definition for 'rgl.spheres'
    rgl.pco: no visible global function definition for 'rgl.clear'
    rgl.pco: no visible global function definition for 'rgl.lines'
    rgl.pco: no visible global function definition for 'rgl.texts'
    rgl.pco: no visible global function definition for 'rgl.points'
    rgl.pco: no visible global function definition for 'rgl.spheres'
Flavors: r-devel-windows-ix86+x86_64, r-release-windows-ix86+x86_64, r-oldrel-windows-ix86+x86_64