CRAN Package Check Results for Package labdsv

Last updated on 2017-04-25 23:49:55.

Flavor Version Tinstall Tcheck Ttotal Status Flags
r-devel-linux-x86_64-debian-clang 1.8-0 3.70 45.47 49.18 NOTE
r-devel-linux-x86_64-debian-gcc 1.8-0 3.74 44.03 47.77 NOTE
r-devel-linux-x86_64-fedora-clang 1.8-0 102.86 NOTE --no-stop-on-test-error
r-devel-linux-x86_64-fedora-gcc 1.8-0 99.62 NOTE --no-stop-on-test-error
r-devel-windows-ix86+x86_64 1.8-0 24.00 110.00 134.00 OK
r-patched-linux-x86_64 1.8-0 3.96 44.34 48.30 NOTE
r-patched-solaris-sparc 1.8-0 625.00 OK
r-patched-solaris-x86 1.8-0 147.30 OK
r-release-linux-x86_64 1.8-0 3.72 45.88 49.60 NOTE
r-release-windows-ix86+x86_64 1.8-0 19.00 113.00 132.00 OK
r-release-osx-x86_64 1.8-0 OK
r-oldrel-windows-ix86+x86_64 1.8-0 14.00 121.00 135.00 OK
r-oldrel-osx-x86_64 1.8-0 OK

Check Details

Version: 1.8-0
Check: compiled code
Result: NOTE
    File ‘labdsv/libs/labdsv.so’:
     Found no calls to: ‘R_registerRoutines’, ‘R_useDynamicSymbols’
    
    It is good practice to register native routines and to disable symbol
    search.
    
    See ‘Writing portable packages’ in the ‘Writing R Extensions’ manual.
Flavors: r-devel-linux-x86_64-debian-clang, r-devel-linux-x86_64-debian-gcc, r-patched-linux-x86_64, r-release-linux-x86_64

Version: 1.8-0
Flags: --no-stop-on-test-error
Check: compiled code
Result: NOTE
    File ‘labdsv/libs/labdsv.so’:
     Found no calls to: ‘R_registerRoutines’, ‘R_useDynamicSymbols’
    
    It is good practice to register native routines and to disable symbol
    search.
    
    See ‘Writing portable packages’ in the ‘Writing R Extensions’ manual.
Flavors: r-devel-linux-x86_64-fedora-clang, r-devel-linux-x86_64-fedora-gcc