CRAN Package Check Results for Package labdsv

Last updated on 2017-05-25 10:47:11.

Flavor Version Tinstall Tcheck Ttotal Status Flags
r-devel-linux-x86_64-debian-clang 1.8-0 3.88 45.16 49.05 NOTE
r-devel-linux-x86_64-debian-gcc 1.8-0 4.18 44.65 48.83 NOTE
r-devel-linux-x86_64-fedora-clang 1.8-0 102.84 NOTE --no-stop-on-test-error
r-devel-linux-x86_64-fedora-gcc 1.8-0 100.78 NOTE --no-stop-on-test-error
r-devel-windows-ix86+x86_64 1.8-0 18.00 138.00 156.00 OK
r-patched-linux-x86_64 1.8-0 3.80 43.94 47.75 NOTE
r-patched-solaris-sparc 1.8-0 625.00 OK
r-patched-solaris-x86 1.8-0 143.30 OK
r-release-linux-x86_64 1.8-0 3.96 43.77 47.73 NOTE
r-release-windows-ix86+x86_64 1.8-0 21.00 233.00 254.00 OK
r-release-osx-x86_64 1.8-0 OK
r-oldrel-windows-ix86+x86_64 1.8-0 21.00 136.00 157.00 OK
r-oldrel-osx-x86_64 1.8-0 OK

Check Details

Version: 1.8-0
Check: compiled code
Result: NOTE
    File ‘labdsv/libs/labdsv.so’:
     Found no calls to: ‘R_registerRoutines’, ‘R_useDynamicSymbols’
    
    It is good practice to register native routines and to disable symbol
    search.
    
    See ‘Writing portable packages’ in the ‘Writing R Extensions’ manual.
Flavors: r-devel-linux-x86_64-debian-clang, r-devel-linux-x86_64-debian-gcc, r-patched-linux-x86_64, r-release-linux-x86_64

Version: 1.8-0
Flags: --no-stop-on-test-error
Check: compiled code
Result: NOTE
    File ‘labdsv/libs/labdsv.so’:
     Found no calls to: ‘R_registerRoutines’, ‘R_useDynamicSymbols’
    
    It is good practice to register native routines and to disable symbol
    search.
    
    See ‘Writing portable packages’ in the ‘Writing R Extensions’ manual.
Flavors: r-devel-linux-x86_64-fedora-clang, r-devel-linux-x86_64-fedora-gcc