CRAN Package Check Results for Package labeling

Last updated on 2018-04-21 08:49:32 CEST.

Flavor Version Tinstall Tcheck Ttotal Status Flags
r-devel-linux-x86_64-debian-clang 0.3 1.49 17.79 19.28 NOTE
r-devel-linux-x86_64-debian-gcc 0.3 0.86 14.36 15.22 NOTE
r-devel-linux-x86_64-fedora-clang 0.3 23.14 NOTE
r-devel-linux-x86_64-fedora-gcc 0.3 22.45 NOTE
r-devel-windows-ix86+x86_64 0.3 5.00 35.00 40.00 NOTE
r-devel-osx-x86_64 0.3 NOTE
r-patched-linux-x86_64 0.3 1.29 17.60 18.89 NOTE
r-patched-solaris-x86 0.3 35.10 NOTE
r-release-linux-x86_64 0.3 0.73 16.98 17.71 NOTE
r-release-windows-ix86+x86_64 0.3 3.00 25.00 28.00 NOTE
r-release-osx-x86_64 0.3 NOTE
r-oldrel-windows-ix86+x86_64 0.3 3.00 24.00 27.00 NOTE

Check Details

Version: 0.3
Check: DESCRIPTION meta-information
Result: NOTE
    Malformed Description field: should contain one or more complete sentences.
Flavors: r-devel-linux-x86_64-debian-clang, r-devel-linux-x86_64-debian-gcc, r-devel-linux-x86_64-fedora-clang, r-devel-linux-x86_64-fedora-gcc, r-devel-windows-ix86+x86_64, r-devel-osx-x86_64, r-patched-linux-x86_64, r-patched-solaris-x86, r-release-linux-x86_64, r-release-windows-ix86+x86_64, r-release-osx-x86_64, r-oldrel-windows-ix86+x86_64

Version: 0.3
Check: R code for possible problems
Result: NOTE
    extended.figures: no visible global function definition for ‘par’
    extended.figures: no visible global function definition for ‘runif’
    extended.figures : figure2: no visible global function definition for
     ‘hist’
    extended.figures : figure2: no visible global function definition for
     ‘axis’
    extended.figures : figure3 : <anonymous>: no visible global function
     definition for ‘median’
    extended.figures : figure3: no visible global function definition for
     ‘barplot’
    Undefined global functions or variables:
     axis barplot hist median par runif
    Consider adding
     importFrom("graphics", "axis", "barplot", "hist", "par")
     importFrom("stats", "median", "runif")
    to your NAMESPACE file.
Flavors: r-devel-linux-x86_64-debian-clang, r-devel-linux-x86_64-debian-gcc, r-devel-linux-x86_64-fedora-clang, r-devel-linux-x86_64-fedora-gcc, r-devel-windows-ix86+x86_64, r-devel-osx-x86_64, r-patched-linux-x86_64, r-patched-solaris-x86, r-release-linux-x86_64, r-release-windows-ix86+x86_64, r-release-osx-x86_64, r-oldrel-windows-ix86+x86_64