CRAN Package Check Results for Package labeling

Last updated on 2015-05-24 10:47:00.

Flavor Version Tinstall Tcheck Ttotal Status Flags
r-devel-linux-x86_64-debian-clang 0.3 0.57 9.86 10.43 NOTE
r-devel-linux-x86_64-debian-gcc 0.3 0.57 10.22 10.79 NOTE
r-devel-linux-x86_64-fedora-clang 0.3 19.90 NOTE
r-devel-linux-x86_64-fedora-gcc 0.3 18.57 NOTE
r-devel-osx-x86_64-clang 0.3 22.63 NOTE
r-devel-windows-ix86+x86_64 0.3 4.00 16.00 20.00 NOTE
r-patched-linux-x86_64 0.3 0.64 9.50 10.15 NOTE
r-patched-solaris-sparc 0.3 132.40 NOTE
r-patched-solaris-x86 0.3 27.60 NOTE
r-release-linux-x86_64 0.3 0.62 9.80 10.42 NOTE
r-release-osx-x86_64-mavericks 0.3 NOTE
r-release-osx-x86_64-snowleopard 0.3 NOTE
r-release-windows-ix86+x86_64 0.3 2.00 18.00 20.00 NOTE
r-oldrel-windows-ix86+x86_64 0.3 4.00 17.00 21.00 OK

Check Details

Version: 0.3
Check: DESCRIPTION meta-information
Result: NOTE
    Malformed Description field: should contain one or more complete sentences.
Flavors: r-devel-linux-x86_64-debian-clang, r-devel-linux-x86_64-debian-gcc, r-devel-linux-x86_64-fedora-clang, r-devel-linux-x86_64-fedora-gcc, r-devel-osx-x86_64-clang, r-devel-windows-ix86+x86_64, r-patched-linux-x86_64, r-patched-solaris-sparc, r-patched-solaris-x86, r-release-linux-x86_64, r-release-osx-x86_64-mavericks, r-release-osx-x86_64-snowleopard, r-release-windows-ix86+x86_64