CRAN Package Check Results for Package labeling

Last updated on 2015-07-02 21:46:46.

Flavor Version Tinstall Tcheck Ttotal Status Flags
r-devel-linux-x86_64-debian-clang 0.3 0.66 9.69 10.36 NOTE
r-devel-linux-x86_64-debian-gcc 0.3 0.56 9.01 9.57 NOTE
r-devel-linux-x86_64-fedora-clang 0.3 18.66 NOTE
r-devel-linux-x86_64-fedora-gcc 0.3 17.13 NOTE
r-devel-osx-x86_64-clang 0.3 20.25 NOTE
r-devel-windows-ix86+x86_64 0.3 5.00 25.00 30.00 NOTE
r-patched-linux-x86_64 0.3 2.56 9.49 12.06 NOTE
r-patched-solaris-sparc 0.3 132.40 NOTE
r-patched-solaris-x86 0.3 27.90 NOTE
r-release-linux-x86_64 0.3 0.88 9.72 10.60 NOTE
r-release-osx-x86_64-mavericks 0.3 NOTE
r-release-windows-ix86+x86_64 0.3 4.00 16.00 20.00 NOTE
r-oldrel-windows-ix86+x86_64 0.3 4.00 17.00 21.00 OK

Check Details

Version: 0.3
Check: DESCRIPTION meta-information
Result: NOTE
    Malformed Description field: should contain one or more complete sentences.
Flavors: r-devel-linux-x86_64-debian-clang, r-devel-linux-x86_64-debian-gcc, r-devel-linux-x86_64-fedora-clang, r-devel-linux-x86_64-fedora-gcc, r-devel-osx-x86_64-clang, r-devel-windows-ix86+x86_64, r-patched-linux-x86_64, r-patched-solaris-sparc, r-patched-solaris-x86, r-release-linux-x86_64, r-release-osx-x86_64-mavericks, r-release-windows-ix86+x86_64

Version: 0.3
Check: R code for possible problems
Result: NOTE
    extended.figures: no visible global function definition for ‘par’
    extended.figures: no visible global function definition for ‘runif’
    extended.figures : figure2: no visible global function definition for
     ‘hist’
    extended.figures : figure2: no visible global function definition for
     ‘axis’
    extended.figures : figure3 : <anonymous>: no visible global function
     definition for ‘median’
    extended.figures : figure3: no visible global function definition for
     ‘barplot’
    Undefined global functions or variables:
     axis barplot hist median par runif
Flavors: r-devel-linux-x86_64-debian-clang, r-devel-linux-x86_64-fedora-clang, r-devel-linux-x86_64-fedora-gcc

Version: 0.3
Check: R code for possible problems
Result: NOTE
    extended.figures: no visible global function definition for ‘par’
    extended.figures: no visible global function definition for ‘runif’
    extended.figures : figure2: no visible global function definition for
     ‘hist’
    extended.figures : figure2: no visible global function definition for
     ‘axis’
    extended.figures : figure3 : <anonymous>: no visible global function
     definition for ‘median’
    extended.figures : figure3: no visible global function definition for
     ‘barplot’
Flavor: r-devel-linux-x86_64-debian-gcc