CRAN Package Check Results for Package labeling

Last updated on 2014-07-28 03:49:05.

Flavor Version Tinstall Tcheck Ttotal Status Flags
r-devel-linux-x86_64-debian-clang 0.2 0.64 9.72 10.36 NOTE
r-devel-linux-x86_64-debian-gcc 0.2 0.60 9.45 10.05 NOTE
r-devel-linux-x86_64-fedora-clang 0.2 21.01 NOTE
r-devel-linux-x86_64-fedora-gcc 0.2 19.29 NOTE
r-devel-osx-x86_64-clang 0.2 22.75 NOTE
r-devel-windows-ix86+x86_64 0.2 2.00 15.00 17.00 OK
r-patched-linux-x86_64 0.2 0.54 9.76 10.30 NOTE
r-patched-solaris-sparc 0.2 118.80 NOTE
r-patched-solaris-x86 0.2 29.40 NOTE
r-release-linux-ix86 0.2 0.84 15.34 16.18 NOTE
r-release-linux-x86_64 0.2 0.57 9.78 10.34 NOTE
r-release-osx-x86_64-mavericks 0.2 NOTE
r-release-windows-ix86+x86_64 0.2 3.00 17.00 20.00 OK
r-oldrel-windows-ix86+x86_64 0.2 2.00 17.00 19.00 OK

Check Details

Version: 0.2
Check: DESCRIPTION meta-information
Result: NOTE
    License components which are templates and need '+ file LICENSE':
     MIT
Flavors: r-devel-linux-x86_64-debian-clang, r-devel-linux-x86_64-debian-gcc, r-devel-linux-x86_64-fedora-clang, r-devel-linux-x86_64-fedora-gcc, r-devel-osx-x86_64-clang, r-patched-linux-x86_64, r-patched-solaris-sparc, r-patched-solaris-x86, r-release-linux-ix86, r-release-linux-x86_64, r-release-osx-x86_64-mavericks