CRAN Package Check Results for Package labeling

Last updated on 2017-07-22 14:46:32.

Flavor Version Tinstall Tcheck Ttotal Status Flags
r-devel-linux-x86_64-debian-clang 0.3 0.66 17.85 18.51 NOTE
r-devel-linux-x86_64-debian-gcc 0.3 0.59 17.84 18.43 NOTE
r-devel-linux-x86_64-fedora-clang 0.3 20.78 NOTE
r-devel-linux-x86_64-fedora-gcc 0.3 19.28 NOTE
r-devel-windows-ix86+x86_64 0.3 4.00 26.00 30.00 NOTE
r-patched-linux-x86_64 0.3 0.58 17.57 18.15 NOTE
r-patched-solaris-x86 0.3 29.00 NOTE
r-release-linux-x86_64 0.3 0.63 17.25 17.87 NOTE
r-release-windows-ix86+x86_64 0.3 4.00 26.00 30.00 NOTE
r-release-osx-x86_64 0.3 NOTE
r-oldrel-windows-ix86+x86_64 0.3 3.00 24.00 27.00 NOTE
r-oldrel-osx-x86_64 0.3 NOTE

Check Details

Version: 0.3
Check: DESCRIPTION meta-information
Result: NOTE
    Malformed Description field: should contain one or more complete sentences.
Flavors: r-devel-linux-x86_64-debian-clang, r-devel-linux-x86_64-debian-gcc, r-devel-linux-x86_64-fedora-clang, r-devel-linux-x86_64-fedora-gcc, r-devel-windows-ix86+x86_64, r-patched-linux-x86_64, r-patched-solaris-x86, r-release-linux-x86_64, r-release-windows-ix86+x86_64, r-release-osx-x86_64, r-oldrel-windows-ix86+x86_64, r-oldrel-osx-x86_64

Version: 0.3
Check: R code for possible problems
Result: NOTE
    extended.figures: no visible global function definition for ‘par’
    extended.figures: no visible global function definition for ‘runif’
    extended.figures : figure2: no visible global function definition for
     ‘hist’
    extended.figures : figure2: no visible global function definition for
     ‘axis’
    extended.figures : figure3 : <anonymous>: no visible global function
     definition for ‘median’
    extended.figures : figure3: no visible global function definition for
     ‘barplot’
    Undefined global functions or variables:
     axis barplot hist median par runif
    Consider adding
     importFrom("graphics", "axis", "barplot", "hist", "par")
     importFrom("stats", "median", "runif")
    to your NAMESPACE file.
Flavors: r-devel-linux-x86_64-debian-clang, r-devel-linux-x86_64-debian-gcc, r-devel-linux-x86_64-fedora-clang, r-devel-linux-x86_64-fedora-gcc, r-devel-windows-ix86+x86_64, r-patched-linux-x86_64, r-patched-solaris-x86, r-release-linux-x86_64, r-release-windows-ix86+x86_64, r-release-osx-x86_64, r-oldrel-windows-ix86+x86_64, r-oldrel-osx-x86_64