CRAN Package Check Results for Package labeling

Last updated on 2015-03-27 19:48:27.

Flavor Version Tinstall Tcheck Ttotal Status Flags
r-devel-linux-x86_64-debian-clang 0.3 1.12 9.52 10.64 NOTE
r-devel-linux-x86_64-debian-gcc 0.3 0.86 9.58 10.44 NOTE
r-devel-linux-x86_64-fedora-clang 0.3 20.60 NOTE
r-devel-linux-x86_64-fedora-gcc 0.3 18.05 NOTE
r-devel-osx-x86_64-clang 0.3 25.33 NOTE
r-prerel-windows-ix86+x86_64 0.3 3.00 15.00 18.00 NOTE
r-prerel-linux-x86_64 0.3 0.91 9.86 10.76 NOTE
r-prerel-solaris-sparc 0.3 145.80 NOTE
r-prerel-solaris-x86 0.3 27.80 NOTE
r-release-linux-x86_64 0.3 1.64 10.32 11.96 OK
r-release-osx-x86_64-mavericks 0.3 OK
r-release-osx-x86_64-snowleopard 0.3 OK
r-release-windows-ix86+x86_64 0.3 4.00 17.00 21.00 OK
r-oldrel-windows-ix86+x86_64 0.3 3.00 18.00 21.00 OK

Check Details

Version: 0.3
Check: DESCRIPTION meta-information
Result: NOTE
    Malformed Description field: should contain one or more complete sentences.
Flavors: r-devel-linux-x86_64-debian-clang, r-devel-linux-x86_64-debian-gcc, r-devel-linux-x86_64-fedora-clang, r-devel-linux-x86_64-fedora-gcc, r-devel-osx-x86_64-clang, r-prerel-windows-ix86+x86_64, r-prerel-linux-x86_64, r-prerel-solaris-sparc, r-prerel-solaris-x86