CRAN Package Check Results for Package labeling

Last updated on 2014-04-24 15:50:40.

Flavor Version Tinstall Tcheck Ttotal Status Flags
r-devel-linux-x86_64-debian-clang 0.2 0.71 10.03 10.74 NOTE
r-devel-linux-x86_64-debian-gcc 0.2 0.57 10.06 10.63 NOTE
r-devel-linux-x86_64-fedora-clang 0.2 20.56 NOTE
r-devel-linux-x86_64-fedora-gcc 0.2 19.86 NOTE
r-devel-osx-x86_64-clang 0.2 22.79 NOTE
r-devel-osx-x86_64-gcc 0.2 NOTE
r-devel-windows-ix86+x86_64 0.2 3.00 16.00 19.00 OK
r-patched-linux-x86_64 0.2 0.64 10.02 10.66 NOTE
r-patched-solaris-sparc 0.2 118.80 NOTE
r-patched-solaris-x86 0.2 30.20 NOTE
r-release-linux-ix86 0.2 2.00 22.00 24.00 NOTE
r-release-linux-x86_64 0.2 0.61 10.06 10.67 NOTE
r-release-osx-x86_64-mavericks 0.2 NOTE
r-release-windows-ix86+x86_64 0.2 4.00 22.00 26.00 OK
r-oldrel-windows-ix86+x86_64 0.2 2.00 17.00 19.00 OK

Check Details

Version: 0.2
Check: DESCRIPTION meta-information
Result: NOTE
    License components which are templates and need '+ file LICENSE':
     MIT
Flavors: r-devel-linux-x86_64-debian-clang, r-devel-linux-x86_64-debian-gcc, r-devel-linux-x86_64-fedora-clang, r-devel-linux-x86_64-fedora-gcc, r-devel-osx-x86_64-clang, r-devel-osx-x86_64-gcc, r-patched-linux-x86_64, r-patched-solaris-sparc, r-patched-solaris-x86, r-release-linux-ix86, r-release-linux-x86_64, r-release-osx-x86_64-mavericks