CRAN Package Check Results for Package labeling

Last updated on 2015-04-27 23:47:28.

Flavor Version Tinstall Tcheck Ttotal Status Flags
r-devel-linux-x86_64-debian-clang 0.3 0.74 9.68 10.42 NOTE
r-devel-linux-x86_64-debian-gcc 0.3 0.97 9.54 10.51 NOTE
r-devel-linux-x86_64-fedora-clang 0.3 20.21 NOTE
r-devel-linux-x86_64-fedora-gcc 0.3 18.20 NOTE
r-devel-osx-x86_64-clang 0.3 22.21 NOTE
r-devel-windows-ix86+x86_64 0.3 4.00 17.00 21.00 NOTE
r-patched-linux-x86_64 0.3 0.66 9.56 10.22 NOTE
r-patched-solaris-sparc 0.3 145.80 NOTE
r-patched-solaris-x86 0.3 29.00 NOTE
r-release-linux-x86_64 0.3 0.72 9.72 10.44 NOTE
r-release-osx-x86_64-mavericks 0.3 NOTE
r-release-osx-x86_64-snowleopard 0.3 NOTE
r-release-windows-ix86+x86_64 0.3 2.00 18.00 20.00 NOTE
r-oldrel-windows-ix86+x86_64 0.3 4.00 17.00 21.00 OK

Check Details

Version: 0.3
Check: DESCRIPTION meta-information
Result: NOTE
    Malformed Description field: should contain one or more complete sentences.
Flavors: r-devel-linux-x86_64-debian-clang, r-devel-linux-x86_64-debian-gcc, r-devel-linux-x86_64-fedora-clang, r-devel-linux-x86_64-fedora-gcc, r-devel-osx-x86_64-clang, r-devel-windows-ix86+x86_64, r-patched-solaris-sparc, r-patched-solaris-x86, r-release-linux-x86_64, r-release-osx-x86_64-mavericks, r-release-osx-x86_64-snowleopard, r-release-windows-ix86+x86_64