CRAN Package Check Results for Package labeltodendro

Last updated on 2014-08-31 05:50:11.

Flavor Version Tinstall Tcheck Ttotal Status Flags
r-devel-linux-x86_64-debian-clang 1.3 0.83 9.96 10.79 NOTE
r-devel-linux-x86_64-debian-gcc 1.3 0.84 9.58 10.42 NOTE
r-devel-linux-x86_64-fedora-clang 1.3 21.62 NOTE
r-devel-linux-x86_64-fedora-gcc 1.3 20.32 NOTE
r-devel-osx-x86_64-clang 1.3 23.14 NOTE
r-devel-windows-ix86+x86_64 1.3 6.00 20.00 26.00 NOTE
r-patched-linux-x86_64 1.3 0.87 9.94 10.80 NOTE
r-patched-solaris-sparc 1.3 123.50 NOTE
r-patched-solaris-x86 1.3 32.00 NOTE
r-release-linux-ix86 1.3 1.43 16.18 17.61 NOTE
r-release-linux-x86_64 1.3 0.92 10.38 11.30 NOTE
r-release-osx-x86_64-mavericks 1.3 NOTE
r-release-windows-ix86+x86_64 1.3 8.00 22.00 30.00 NOTE
r-oldrel-windows-ix86+x86_64 1.3 6.00 21.00 27.00 NOTE

Memtest notes: UBSAN valgrind

Check Details

Version: 1.3
Check: dependencies in R code
Result: NOTE
    Unexported object imported by a ':::' call: ‘stats:::plotNode’
     See the note in ?`:::` about the use of this operator.
    See the information on DESCRIPTION files in the chapter ‘Creating R
    packages’ of the ‘Writing R Extensions’ manual.
Flavors: r-devel-linux-x86_64-debian-clang, r-devel-linux-x86_64-debian-gcc, r-devel-linux-x86_64-fedora-clang, r-devel-linux-x86_64-fedora-gcc, r-devel-osx-x86_64-clang, r-devel-windows-ix86+x86_64, r-patched-linux-x86_64, r-patched-solaris-sparc, r-patched-solaris-x86, r-release-linux-ix86, r-release-linux-x86_64, r-release-osx-x86_64-mavericks, r-release-windows-ix86+x86_64, r-oldrel-windows-ix86+x86_64

Version: 1.3
Check: Rd line widths
Result: NOTE
    Rd file 'colorplot.Rd':
     \examples lines wider than 100 characters:
     colorplot(y,horiz=TRUE,lwd=3,cluscol=c("red","green","blue")) #leaves with single subjects won't get your specified color
    
    These lines will be truncated in the PDF manual.
Flavors: r-devel-linux-x86_64-fedora-clang, r-devel-linux-x86_64-fedora-gcc