CRAN Package Check Results for Package labeltodendro

Last updated on 2015-02-01 19:50:05.

Flavor Version Tinstall Tcheck Ttotal Status Flags
r-devel-linux-x86_64-debian-clang 1.3 0.88 10.23 11.12 NOTE
r-devel-linux-x86_64-debian-gcc 1.3 0.93 9.91 10.84 NOTE
r-devel-linux-x86_64-fedora-clang 1.3 21.71 NOTE
r-devel-linux-x86_64-fedora-gcc 1.3 20.24 NOTE
r-devel-osx-x86_64-clang 1.3 29.07 NOTE
r-devel-windows-ix86+x86_64 1.3 6.00 23.00 29.00 NOTE
r-patched-linux-x86_64 1.3 1.15 10.93 12.08 NOTE
r-patched-solaris-sparc 1.3 138.80 NOTE
r-patched-solaris-x86 1.3 33.80 NOTE
r-release-linux-ix86 1.3 1.38 16.70 18.08 NOTE
r-release-linux-x86_64 1.3 0.98 10.84 11.82 NOTE
r-release-osx-x86_64-mavericks 1.3 NOTE
r-release-windows-ix86+x86_64 1.3 6.00 27.00 33.00 NOTE
r-oldrel-windows-ix86+x86_64 1.3 6.00 21.00 27.00 NOTE

Memtest notes: UBSAN-clang-trunk UBSAN-gcc UBSAN valgrind

Check Details

Version: 1.3
Check: dependencies in R code
Result: NOTE
    Unexported object imported by a ':::' call: ‘stats:::plotNode’
     See the note in ?`:::` about the use of this operator.
Flavors: r-devel-linux-x86_64-debian-clang, r-devel-linux-x86_64-debian-gcc, r-devel-linux-x86_64-fedora-clang, r-devel-linux-x86_64-fedora-gcc, r-devel-osx-x86_64-clang, r-devel-windows-ix86+x86_64

Version: 1.3
Check: S3 generic/method consistency
Result: NOTE
    Found the following apparent S3 methods exported but not registered:
     plot.labclust
    See section ‘Registering S3 methods’ in the ‘Writing R Extensions’
    manual.
Flavors: r-devel-linux-x86_64-debian-clang, r-devel-linux-x86_64-debian-gcc, r-devel-linux-x86_64-fedora-clang, r-devel-linux-x86_64-fedora-gcc, r-devel-osx-x86_64-clang

Version: 1.3
Check: Rd line widths
Result: NOTE
    Rd file 'colorplot.Rd':
     \examples lines wider than 100 characters:
     colorplot(y,horiz=TRUE,lwd=3,cluscol=c("red","green","blue")) #leaves with single subjects won't get your specified color
    
    These lines will be truncated in the PDF manual.
Flavors: r-devel-linux-x86_64-debian-clang, r-devel-linux-x86_64-debian-gcc, r-devel-linux-x86_64-fedora-clang, r-devel-linux-x86_64-fedora-gcc, r-patched-linux-x86_64, r-release-linux-ix86, r-release-linux-x86_64

Version: 1.3
Check: dependencies in R code
Result: NOTE
    Unexported object imported by a ':::' call: ‘stats:::plotNode’
     See the note in ?`:::` about the use of this operator.
    See the information on DESCRIPTION files in the chapter ‘Creating R
    packages’ of the ‘Writing R Extensions’ manual.
Flavors: r-patched-linux-x86_64, r-patched-solaris-sparc, r-patched-solaris-x86, r-release-linux-ix86, r-release-linux-x86_64, r-release-osx-x86_64-mavericks, r-release-windows-ix86+x86_64, r-oldrel-windows-ix86+x86_64