CRAN Package Check Results for Package labeltodendro

Last updated on 2014-12-21 08:47:36.

Flavor Version Tinstall Tcheck Ttotal Status Flags
r-devel-linux-x86_64-debian-clang 1.3 0.91 10.60 11.51 NOTE
r-devel-linux-x86_64-debian-gcc 1.3 0.96 10.33 11.29 NOTE
r-devel-linux-x86_64-fedora-clang 1.3 23.89 NOTE
r-devel-linux-x86_64-fedora-gcc 1.3 22.06 NOTE
r-devel-osx-x86_64-clang 1.3 24.60 NOTE
r-devel-windows-ix86+x86_64 1.3 6.00 37.00 43.00 NOTE
r-patched-linux-x86_64 1.3 0.96 10.48 11.44 NOTE
r-patched-solaris-sparc 1.3 123.50 NOTE
r-patched-solaris-x86 1.3 34.70 NOTE
r-release-linux-ix86 1.3 1.37 15.95 17.32 NOTE
r-release-linux-x86_64 1.3 0.94 10.99 11.93 NOTE
r-release-osx-x86_64-mavericks 1.3 NOTE
r-release-windows-ix86+x86_64 1.3 6.00 27.00 33.00 NOTE
r-oldrel-windows-ix86+x86_64 1.3 6.00 21.00 27.00 NOTE

Memtest notes: UBSAN-clang-trunk UBSAN-gcc UBSAN valgrind

Check Details

Version: 1.3
Check: dependencies in R code
Result: NOTE
    Unexported object imported by a ':::' call: ‘stats:::plotNode’
     See the note in ?`:::` about the use of this operator.
    See the information on DESCRIPTION files in the chapter ‘Creating R
    packages’ of the ‘Writing R Extensions’ manual.
Flavors: r-devel-linux-x86_64-debian-clang, r-devel-linux-x86_64-debian-gcc, r-devel-linux-x86_64-fedora-clang, r-devel-linux-x86_64-fedora-gcc, r-devel-osx-x86_64-clang, r-devel-windows-ix86+x86_64, r-patched-linux-x86_64, r-patched-solaris-sparc, r-patched-solaris-x86, r-release-linux-ix86, r-release-linux-x86_64, r-release-osx-x86_64-mavericks, r-release-windows-ix86+x86_64, r-oldrel-windows-ix86+x86_64

Version: 1.3
Check: Rd line widths
Result: NOTE
    Rd file 'colorplot.Rd':
     \examples lines wider than 100 characters:
     colorplot(y,horiz=TRUE,lwd=3,cluscol=c("red","green","blue")) #leaves with single subjects won't get your specified color
    
    These lines will be truncated in the PDF manual.
Flavors: r-devel-linux-x86_64-debian-clang, r-devel-linux-x86_64-debian-gcc, r-devel-linux-x86_64-fedora-clang, r-devel-linux-x86_64-fedora-gcc, r-patched-linux-x86_64, r-release-linux-x86_64