CRAN Package Check Results for Package labeltodendro

Last updated on 2014-10-20 11:48:34.

Flavor Version Tinstall Tcheck Ttotal Status Flags
r-devel-linux-x86_64-debian-clang 1.3 0.96 11.28 12.24 NOTE
r-devel-linux-x86_64-debian-gcc 1.3 0.99 11.55 12.54 NOTE
r-devel-linux-x86_64-fedora-clang 1.3 22.48 NOTE
r-devel-linux-x86_64-fedora-gcc 1.3 20.44 NOTE
r-devel-osx-x86_64-clang 1.3 25.31 NOTE
r-devel-windows-ix86+x86_64 1.3 6.00 20.00 26.00 NOTE
r-patched-linux-x86_64 1.3 0.94 11.03 11.97 NOTE
r-patched-solaris-sparc 1.3 123.50 NOTE
r-patched-solaris-x86 1.3 33.70 NOTE
r-release-linux-ix86 1.3 1.40 16.44 17.84 NOTE
r-release-linux-x86_64 1.3 0.91 10.51 11.42 NOTE
r-release-osx-x86_64-mavericks 1.3 NOTE
r-release-windows-ix86+x86_64 1.3 8.00 22.00 30.00 NOTE
r-oldrel-windows-ix86+x86_64 1.3 6.00 21.00 27.00 NOTE

Memtest notes: UBSAN-gcc UBSAN valgrind

Check Details

Version: 1.3
Check: dependencies in R code
Result: NOTE
    Unexported object imported by a ':::' call: ‘stats:::plotNode’
     See the note in ?`:::` about the use of this operator.
    See the information on DESCRIPTION files in the chapter ‘Creating R
    packages’ of the ‘Writing R Extensions’ manual.
Flavors: r-devel-linux-x86_64-debian-clang, r-devel-linux-x86_64-debian-gcc, r-devel-linux-x86_64-fedora-clang, r-devel-linux-x86_64-fedora-gcc, r-devel-osx-x86_64-clang, r-devel-windows-ix86+x86_64, r-patched-linux-x86_64, r-patched-solaris-sparc, r-patched-solaris-x86, r-release-linux-ix86, r-release-linux-x86_64, r-release-osx-x86_64-mavericks, r-release-windows-ix86+x86_64, r-oldrel-windows-ix86+x86_64

Version: 1.3
Check: Rd line widths
Result: NOTE
    Rd file 'colorplot.Rd':
     \examples lines wider than 100 characters:
     colorplot(y,horiz=TRUE,lwd=3,cluscol=c("red","green","blue")) #leaves with single subjects won't get your specified color
    
    These lines will be truncated in the PDF manual.
Flavors: r-devel-linux-x86_64-debian-clang, r-devel-linux-x86_64-debian-gcc, r-devel-linux-x86_64-fedora-clang, r-devel-linux-x86_64-fedora-gcc, r-patched-linux-x86_64, r-release-linux-x86_64