CRAN Package Check Results for Package labeltodendro

Last updated on 2015-07-30 05:46:39.

Flavor Version Tinstall Tcheck Ttotal Status Flags
r-devel-linux-x86_64-debian-clang 1.3 0.91 9.99 10.90 NOTE
r-devel-linux-x86_64-debian-gcc 1.3 0.85 9.54 10.38 NOTE
r-devel-linux-x86_64-fedora-clang 1.3 20.58 NOTE
r-devel-linux-x86_64-fedora-gcc 1.3 20.46 NOTE
r-devel-osx-x86_64-clang 1.3 19.29 NOTE
r-devel-windows-ix86+x86_64 1.3 6.00 30.00 36.00 NOTE
r-patched-linux-x86_64 1.3 0.94 10.49 11.44 NOTE
r-patched-solaris-sparc 1.3 131.20 NOTE
r-patched-solaris-x86 1.3 31.10 NOTE
r-release-linux-x86_64 1.3 0.92 9.99 10.92 NOTE
r-release-osx-x86_64-mavericks 1.3 NOTE
r-release-windows-ix86+x86_64 1.3 6.00 20.00 26.00 NOTE
r-oldrel-windows-ix86+x86_64 1.3 10.00 23.00 33.00 NOTE

Memtest notes: UBSAN-gcc UBSAN valgrind

Check Details

Version: 1.3
Check: dependencies in R code
Result: NOTE
    Unexported object imported by a ':::' call: ‘stats:::plotNode’
     See the note in ?`:::` about the use of this operator.
Flavors: r-devel-linux-x86_64-debian-clang, r-devel-linux-x86_64-debian-gcc, r-devel-linux-x86_64-fedora-clang, r-devel-linux-x86_64-fedora-gcc, r-devel-osx-x86_64-clang, r-devel-windows-ix86+x86_64, r-patched-linux-x86_64, r-patched-solaris-sparc, r-patched-solaris-x86, r-release-linux-x86_64, r-release-osx-x86_64-mavericks, r-release-windows-ix86+x86_64, r-oldrel-windows-ix86+x86_64

Version: 1.3
Check: S3 generic/method consistency
Result: NOTE
    Found the following apparent S3 methods exported but not registered:
     plot.labclust
    See section ‘Registering S3 methods’ in the ‘Writing R Extensions’
    manual.
Flavors: r-devel-linux-x86_64-debian-clang, r-devel-linux-x86_64-debian-gcc, r-devel-linux-x86_64-fedora-clang, r-devel-linux-x86_64-fedora-gcc, r-devel-osx-x86_64-clang, r-patched-linux-x86_64, r-patched-solaris-sparc, r-patched-solaris-x86, r-release-linux-x86_64

Version: 1.3
Check: R code for possible problems
Result: NOTE
    colorplot : dendroploth: no visible global function definition for
     ‘plot’
    colorplot : dendroploth: no visible global function definition for
     ‘par’
    colorplot : dendroploth: no visible global function definition for
     ‘rainbow’
    colorplot : dendroploth: no visible global function definition for
     ‘abline’
    colorplot : dendroplotv: no visible global function definition for
     ‘plot’
    colorplot : dendroplotv: no visible global function definition for
     ‘par’
    colorplot : dendroplotv: no visible global function definition for
     ‘rainbow’
    colorplot : dendroplotv: no visible global function definition for
     ‘abline’
    colorplot: no visible global function definition for ‘as.dendrogram’
    plot.labclust: no visible global function definition for ‘plot’
    plot.labclust: no visible global function definition for
     ‘as.dendrogram’
    Undefined global functions or variables:
     abline as.dendrogram par plot rainbow
    Consider adding
     importFrom("grDevices", "rainbow")
     importFrom("graphics", "abline", "par", "plot")
     importFrom("stats", "as.dendrogram")
    to your NAMESPACE.
Flavors: r-devel-linux-x86_64-debian-clang, r-devel-linux-x86_64-debian-gcc, r-devel-linux-x86_64-fedora-clang, r-devel-linux-x86_64-fedora-gcc, r-devel-windows-ix86+x86_64

Version: 1.3
Check: Rd line widths
Result: NOTE
    Rd file 'colorplot.Rd':
     \examples lines wider than 100 characters:
     colorplot(y,horiz=TRUE,lwd=3,cluscol=c("red","green","blue")) #leaves with single subjects won't get your specified color
    
    These lines will be truncated in the PDF manual.
Flavors: r-devel-linux-x86_64-debian-clang, r-devel-linux-x86_64-debian-gcc, r-devel-linux-x86_64-fedora-clang, r-devel-linux-x86_64-fedora-gcc, r-patched-linux-x86_64, r-release-linux-x86_64