CRAN Package Check Results for Package labeltodendro

Last updated on 2018-04-20 19:49:46 CEST.

Flavor Version Tinstall Tcheck Ttotal Status Flags
r-release-osx-x86_64 1.3 NOTE

Check Details

Version: 1.3
Check: dependencies in R code
Result: NOTE
    Unexported object imported by a ':::' call: ‘stats:::plotNode’
     See the note in ?`:::` about the use of this operator.
Flavor: r-release-osx-x86_64

Version: 1.3
Check: R code for possible problems
Result: NOTE
    colorplot : dendroploth: no visible global function definition for
     ‘plot’
    colorplot : dendroploth: no visible global function definition for
     ‘par’
    colorplot : dendroploth: no visible global function definition for
     ‘rainbow’
    colorplot : dendroploth: no visible global function definition for
     ‘abline’
    colorplot : dendroplotv: no visible global function definition for
     ‘plot’
    colorplot : dendroplotv: no visible global function definition for
     ‘par’
    colorplot : dendroplotv: no visible global function definition for
     ‘rainbow’
    colorplot : dendroplotv: no visible global function definition for
     ‘abline’
    colorplot: no visible global function definition for ‘as.dendrogram’
    plot.labclust: no visible global function definition for ‘plot’
    plot.labclust: no visible global function definition for
     ‘as.dendrogram’
    Undefined global functions or variables:
     abline as.dendrogram par plot rainbow
    Consider adding
     importFrom("grDevices", "rainbow")
     importFrom("graphics", "abline", "par", "plot")
     importFrom("stats", "as.dendrogram")
    to your NAMESPACE file.
Flavor: r-release-osx-x86_64