CRAN Package Check Results for Package lacm

Last updated on 2024-07-17 23:53:17 CEST.

Flavor Version Tinstall Tcheck Ttotal Status Flags
r-devel-linux-x86_64-debian-clang 0.1.1 3.59 25.17 28.76 OK
r-devel-linux-x86_64-debian-gcc 0.1.1 2.53 19.62 22.15 OK
r-devel-linux-x86_64-fedora-clang 0.1.1 36.36 OK
r-devel-linux-x86_64-fedora-gcc 0.1.1 34.07 OK
r-devel-windows-x86_64 0.1.1 6.00 44.00 50.00 NOTE
r-patched-linux-x86_64 0.1.1 4.74 24.57 29.31 OK
r-release-linux-x86_64 0.1.1 3.31 24.68 27.99 OK
r-release-macos-arm64 0.1.1 18.00 OK
r-release-macos-x86_64 0.1.1 23.00 OK
r-release-windows-x86_64 0.1.1 5.00 45.00 50.00 OK
r-oldrel-macos-arm64 0.1.1 17.00 OK
r-oldrel-macos-x86_64 0.1.1 22.00 OK
r-oldrel-windows-x86_64 0.1.1 6.00 45.00 51.00 OK

Check Details

Version: 0.1.1
Check: Rd cross-references
Result: NOTE Found the following Rd file(s) with Rd \link{} targets missing package anchors: lacm.Rd: gauss.quad Please provide package anchors for all Rd \link{} targets not in the package itself and the base packages. Flavor: r-devel-windows-x86_64