Last updated on 2025-01-18 13:53:53 CET.
Flavor | Version | Tinstall | Tcheck | Ttotal | Status | Flags |
---|---|---|---|---|---|---|
r-devel-linux-x86_64-debian-clang | 1.0.5 | 3.90 | 38.38 | 42.28 | OK | |
r-devel-linux-x86_64-debian-gcc | 1.0.5 | 2.68 | 28.63 | 31.31 | OK | |
r-devel-linux-x86_64-fedora-clang | 1.0.5 | 70.08 | NOTE | |||
r-devel-linux-x86_64-fedora-gcc | 1.0.5 | 77.42 | NOTE | |||
r-devel-windows-x86_64 | 1.0.5 | 6.00 | 61.00 | 67.00 | OK | |
r-patched-linux-x86_64 | 1.0.5 | 3.95 | 35.99 | 39.94 | OK | |
r-release-linux-x86_64 | 1.0.5 | 3.77 | 36.09 | 39.86 | OK | |
r-release-macos-arm64 | 1.0.5 | 38.00 | OK | |||
r-release-macos-x86_64 | 1.0.5 | 52.00 | OK | |||
r-release-windows-x86_64 | 1.0.5 | 7.00 | 61.00 | 68.00 | OK | |
r-oldrel-macos-arm64 | 1.0.5 | 28.00 | OK | |||
r-oldrel-macos-x86_64 | 1.0.5 | 37.00 | OK | |||
r-oldrel-windows-x86_64 | 1.0.5 | 5.00 | 63.00 | 68.00 | OK |
Version: 1.0.5
Check: dependencies in R code
Result: NOTE
Namespace in Imports field not imported from: ‘stringr’
All declared Imports should be used.
Flavors: r-devel-linux-x86_64-fedora-clang, r-devel-linux-x86_64-fedora-gcc