CRAN Package Check Results for Package lagsarlmtree

Last updated on 2019-05-22 04:46:38 CEST.

Flavor Version Tinstall Tcheck Ttotal Status Flags
r-devel-linux-x86_64-debian-clang 1.0-1 8.88 88.58 97.46 OK
r-devel-linux-x86_64-debian-gcc 1.0-1 8.73 69.90 78.63 OK
r-devel-linux-x86_64-fedora-clang 1.0-1 113.68 NOTE
r-devel-linux-x86_64-fedora-gcc 1.0-1 113.56 OK
r-devel-windows-ix86+x86_64 1.0-1 20.00 147.00 167.00 NOTE
r-patched-linux-x86_64 1.0-1 9.53 88.45 97.98 OK
r-patched-solaris-x86 1.0-1 200.70 NOTE
r-release-linux-x86_64 1.0-1 9.32 87.47 96.79 OK
r-release-windows-ix86+x86_64 1.0-1 32.00 123.00 155.00 NOTE
r-release-osx-x86_64 1.0-1 NOTE
r-oldrel-windows-ix86+x86_64 1.0-1 12.00 90.00 102.00 NOTE
r-oldrel-osx-x86_64 1.0-1 NOTE

Check Details

Version: 1.0-1
Check: installed package size
Result: NOTE
     installed size is 8.4Mb
     sub-directories of 1Mb or more:
     data 8.3Mb
Flavors: r-devel-linux-x86_64-fedora-clang, r-devel-windows-ix86+x86_64, r-patched-solaris-x86, r-release-windows-ix86+x86_64, r-release-osx-x86_64, r-oldrel-windows-ix86+x86_64, r-oldrel-osx-x86_64