CRAN Package Check Results for Package lagsarlmtree

Last updated on 2019-07-17 18:48:04 CEST.

Flavor Version Tinstall Tcheck Ttotal Status Flags
r-devel-linux-x86_64-debian-clang 1.0-1 8.69 88.62 97.31 OK
r-devel-linux-x86_64-debian-gcc 1.0-1 8.55 70.82 79.37 OK
r-devel-linux-x86_64-fedora-clang 1.0-1 115.85 NOTE
r-devel-linux-x86_64-fedora-gcc 1.0-1 118.77 OK
r-devel-windows-ix86+x86_64 1.0-1 27.00 98.00 125.00 NOTE
r-patched-linux-x86_64 1.0-1 8.80 87.39 96.19 OK
r-patched-solaris-x86 1.0-1 193.80 NOTE
r-release-linux-x86_64 1.0-1 8.37 87.89 96.26 OK
r-release-windows-ix86+x86_64 1.0-1 20.00 135.00 155.00 NOTE
r-release-osx-x86_64 1.0-1 NOTE
r-oldrel-windows-ix86+x86_64 1.0-1 12.00 123.00 135.00 NOTE
r-oldrel-osx-x86_64 1.0-1 NOTE

Check Details

Version: 1.0-1
Check: installed package size
Result: NOTE
     installed size is 8.4Mb
     sub-directories of 1Mb or more:
     data 8.3Mb
Flavors: r-devel-linux-x86_64-fedora-clang, r-devel-windows-ix86+x86_64, r-patched-solaris-x86, r-release-windows-ix86+x86_64, r-release-osx-x86_64, r-oldrel-windows-ix86+x86_64, r-oldrel-osx-x86_64