CRAN Package Check Results for Package lambda.r

Last updated on 2016-05-30 03:47:39.

Flavor Version Tinstall Tcheck Ttotal Status Flags
r-devel-linux-x86_64-debian-gcc 1.1.7 0.64 16.73 17.38 NOTE
r-devel-linux-x86_64-fedora-clang 1.1.7 32.25 NOTE
r-devel-linux-x86_64-fedora-gcc 1.1.7 27.60 NOTE
r-devel-osx-x86_64-clang 1.1.7 35.06 NOTE
r-devel-windows-ix86+x86_64 1.1.7 3.00 39.00 42.00 NOTE
r-patched-linux-x86_64 1.1.7 0.62 16.52 17.14 NOTE
r-patched-solaris-sparc 1.1.7 177.70 NOTE
r-patched-solaris-x86 1.1.7 39.20 NOTE
r-release-linux-x86_64 1.1.7 0.70 16.37 17.08 NOTE
r-release-osx-x86_64-mavericks 1.1.7 NOTE
r-release-windows-ix86+x86_64 1.1.7 3.00 50.00 53.00 NOTE
r-oldrel-windows-ix86+x86_64 1.1.7 3.00 35.00 38.00 OK

Check Details

Version: 1.1.7
Check: R code for possible problems
Result: NOTE
    %::%: no visible global function definition for ‘getParseData’
    %as%: no visible global function definition for ‘getParseData’
    add_variant: no visible global function definition for ‘capture.output’
    add_variant: no visible global function definition for ‘str’
    fill_args: no visible global function definition for ‘tail’
    target_env: no visible global function definition for ‘getParseData’
    Undefined global functions or variables:
     capture.output getParseData str tail
    Consider adding
     importFrom("utils", "capture.output", "getParseData", "str", "tail")
    to your NAMESPACE file.
Flavors: r-devel-linux-x86_64-debian-gcc, r-devel-linux-x86_64-fedora-clang, r-devel-linux-x86_64-fedora-gcc, r-devel-osx-x86_64-clang, r-devel-windows-ix86+x86_64, r-patched-linux-x86_64, r-patched-solaris-sparc, r-patched-solaris-x86, r-release-linux-x86_64, r-release-osx-x86_64-mavericks, r-release-windows-ix86+x86_64