CRAN Package Check Results for Package lambda.r

Last updated on 2016-06-30 06:47:04.

Flavor Version Tinstall Tcheck Ttotal Status Flags
r-devel-linux-x86_64-debian-gcc 1.1.7 0.74 18.04 18.79 NOTE
r-devel-linux-x86_64-fedora-clang 1.1.7 29.44 NOTE
r-devel-linux-x86_64-fedora-gcc 1.1.7 27.59 NOTE
r-devel-osx-x86_64-clang 1.1.7 25.90 NOTE
r-devel-windows-ix86+x86_64 1.1.7 3.00 40.00 43.00 NOTE
r-patched-linux-x86_64 1.1.7 0.68 17.09 17.77 NOTE
r-patched-solaris-sparc 1.1.7 177.80 NOTE
r-patched-solaris-x86 1.1.7 40.30 NOTE
r-release-linux-x86_64 1.1.7 0.72 16.19 16.91 NOTE
r-release-osx-x86_64-mavericks 1.1.7 NOTE
r-release-windows-ix86+x86_64 1.1.7 3.00 50.00 53.00 NOTE
r-oldrel-windows-ix86+x86_64 1.1.7 3.00 35.00 38.00 OK

Check Details

Version: 1.1.7
Check: R code for possible problems
Result: NOTE
    %::%: no visible global function definition for ‘getParseData’
    %as%: no visible global function definition for ‘getParseData’
    add_variant: no visible global function definition for ‘capture.output’
    add_variant: no visible global function definition for ‘str’
    fill_args: no visible global function definition for ‘tail’
    target_env: no visible global function definition for ‘getParseData’
    Undefined global functions or variables:
     capture.output getParseData str tail
    Consider adding
     importFrom("utils", "capture.output", "getParseData", "str", "tail")
    to your NAMESPACE file.
Flavors: r-devel-linux-x86_64-debian-gcc, r-devel-linux-x86_64-fedora-clang, r-devel-linux-x86_64-fedora-gcc, r-devel-osx-x86_64-clang, r-devel-windows-ix86+x86_64, r-patched-linux-x86_64, r-patched-solaris-sparc, r-patched-solaris-x86, r-release-linux-x86_64, r-release-osx-x86_64-mavericks, r-release-windows-ix86+x86_64