CRAN Package Check Results for Package lambda.r

Last updated on 2015-07-02 19:47:16.

Flavor Version Tinstall Tcheck Ttotal Status Flags
r-devel-linux-x86_64-debian-clang 1.1.7 0.60 15.72 16.33 NOTE
r-devel-linux-x86_64-debian-gcc 1.1.7 0.62 15.30 15.92 NOTE
r-devel-linux-x86_64-fedora-clang 1.1.7 30.36 NOTE
r-devel-linux-x86_64-fedora-gcc 1.1.7 28.90 NOTE
r-devel-osx-x86_64-clang 1.1.7 31.78 OK
r-devel-windows-ix86+x86_64 1.1.7 5.00 41.00 46.00 OK
r-patched-linux-x86_64 1.1.7 0.62 16.39 17.02 OK
r-patched-solaris-sparc 1.1.7 180.40 OK
r-patched-solaris-x86 1.1.7 43.70 OK
r-release-linux-x86_64 1.1.7 0.67 15.90 16.57 OK
r-release-osx-x86_64-mavericks 1.1.7 OK
r-release-windows-ix86+x86_64 1.1.7 3.00 29.00 32.00 OK
r-oldrel-windows-ix86+x86_64 1.1.7 3.00 28.00 31.00 OK

Check Details

Version: 1.1.7
Check: R code for possible problems
Result: NOTE
    %::%: no visible global function definition for ‘getParseData’
    %as%: no visible global function definition for ‘getParseData’
    add_variant: no visible global function definition for ‘capture.output’
    add_variant: no visible global function definition for ‘str’
    fill_args: no visible global function definition for ‘tail’
    target_env: no visible global function definition for ‘getParseData’
    Undefined global functions or variables:
     capture.output getParseData str tail
Flavors: r-devel-linux-x86_64-debian-clang, r-devel-linux-x86_64-fedora-clang, r-devel-linux-x86_64-fedora-gcc

Version: 1.1.7
Check: R code for possible problems
Result: NOTE
    %::%: no visible global function definition for ‘getParseData’
    %as%: no visible global function definition for ‘getParseData’
    add_variant: no visible global function definition for ‘capture.output’
    add_variant: no visible global function definition for ‘str’
    fill_args: no visible global function definition for ‘tail’
    target_env: no visible global function definition for ‘getParseData’
Flavor: r-devel-linux-x86_64-debian-gcc