CRAN Package Check Results for Package lambda.r

Last updated on 2015-08-02 17:47:49.

Flavor Version Tinstall Tcheck Ttotal Status Flags
r-devel-linux-x86_64-debian-clang 1.1.7 0.62 16.44 17.07 NOTE
r-devel-linux-x86_64-debian-gcc 1.1.7 0.64 16.62 17.25 NOTE
r-devel-linux-x86_64-fedora-clang 1.1.7 32.02 NOTE
r-devel-linux-x86_64-fedora-gcc 1.1.7 30.10 NOTE
r-devel-osx-x86_64-clang 1.1.7 29.70 OK
r-devel-windows-ix86+x86_64 1.1.7 3.00 30.00 33.00 NOTE
r-patched-linux-x86_64 1.1.7 0.64 15.99 16.63 OK
r-patched-solaris-sparc 1.1.7 193.80 OK
r-patched-solaris-x86 1.1.7 46.20 OK
r-release-linux-x86_64 1.1.7 0.61 15.78 16.39 OK
r-release-osx-x86_64-mavericks 1.1.7 OK
r-release-windows-ix86+x86_64 1.1.7 3.00 29.00 32.00 OK
r-oldrel-windows-ix86+x86_64 1.1.7 3.00 28.00 31.00 OK

Check Details

Version: 1.1.7
Check: R code for possible problems
Result: NOTE
    %::%: no visible global function definition for ‘getParseData’
    %as%: no visible global function definition for ‘getParseData’
    add_variant: no visible global function definition for ‘capture.output’
    add_variant: no visible global function definition for ‘str’
    fill_args: no visible global function definition for ‘tail’
    target_env: no visible global function definition for ‘getParseData’
    Undefined global functions or variables:
     capture.output getParseData str tail
    Consider adding
     importFrom("utils", "capture.output", "getParseData", "str", "tail")
    to your NAMESPACE.
Flavors: r-devel-linux-x86_64-debian-clang, r-devel-linux-x86_64-debian-gcc, r-devel-linux-x86_64-fedora-clang, r-devel-linux-x86_64-fedora-gcc, r-devel-windows-ix86+x86_64