CRAN Package Check Results for Package lambda.r

Last updated on 2015-09-03 12:49:44.

Flavor Version Tinstall Tcheck Ttotal Status Flags
r-devel-linux-x86_64-debian-clang 1.1.7 0.64 15.45 16.09 NOTE
r-devel-linux-x86_64-debian-gcc 1.1.7 0.58 15.43 16.02 NOTE
r-devel-linux-x86_64-fedora-clang 1.1.7 31.55 NOTE
r-devel-linux-x86_64-fedora-gcc 1.1.7 30.46 NOTE
r-devel-osx-x86_64-clang 1.1.7 29.30 OK
r-devel-windows-ix86+x86_64 1.1.7 2.00 45.00 47.00 NOTE
r-patched-linux-x86_64 1.1.7 0.63 17.76 18.39 OK
r-patched-solaris-sparc 1.1.7 193.80 OK
r-patched-solaris-x86 1.1.7 45.00 OK
r-release-linux-x86_64 1.1.7 0.70 16.10 16.80 OK
r-release-osx-x86_64-mavericks 1.1.7 OK
r-release-windows-ix86+x86_64 1.1.7 3.00 33.00 36.00 OK
r-oldrel-windows-ix86+x86_64 1.1.7 5.00 34.00 39.00 OK

Check Details

Version: 1.1.7
Check: R code for possible problems
Result: NOTE
    %::%: no visible global function definition for ‘getParseData’
    %as%: no visible global function definition for ‘getParseData’
    add_variant: no visible global function definition for ‘capture.output’
    add_variant: no visible global function definition for ‘str’
    fill_args: no visible global function definition for ‘tail’
    target_env: no visible global function definition for ‘getParseData’
    Undefined global functions or variables:
     capture.output getParseData str tail
    Consider adding
     importFrom("utils", "capture.output", "getParseData", "str", "tail")
    to your NAMESPACE.
Flavors: r-devel-linux-x86_64-debian-clang, r-devel-linux-x86_64-debian-gcc, r-devel-linux-x86_64-fedora-clang, r-devel-linux-x86_64-fedora-gcc, r-devel-windows-ix86+x86_64