CRAN Package Check Results for Package lambda.r

Last updated on 2014-04-24 03:47:47.

Flavor Version Tinstall Tcheck Ttotal Status Flags
r-devel-linux-x86_64-debian-clang 1.1.6 0.71 17.15 17.86 OK
r-devel-linux-x86_64-debian-gcc 1.1.6 0.68 17.84 18.52 OK
r-devel-linux-x86_64-fedora-clang 1.1.6 34.31 OK
r-devel-linux-x86_64-fedora-gcc 1.1.6 32.43 OK
r-devel-osx-x86_64-clang 1.1.6 30.52 OK
r-devel-osx-x86_64-gcc 1.1.6 OK
r-devel-windows-ix86+x86_64 1.1.6 2.00 27.00 29.00 OK
r-patched-linux-x86_64 1.1.6 0.69 16.97 17.66 OK
r-patched-solaris-sparc 1.1.6 187.90 OK
r-patched-solaris-x86 1.1.6 46.00 OK
r-release-linux-ix86 1.1.6 2.00 32.00 34.00 OK
r-release-linux-x86_64 1.1.6 0.69 18.50 19.19 OK
r-release-osx-x86_64-mavericks 1.1.6 WARN
r-release-osx-x86_64-snowleopard 1.1.6 OK
r-release-windows-ix86+x86_64 1.1.6 5.00 35.00 40.00 OK
r-oldrel-windows-ix86+x86_64 1.1.6 2.00 27.00 29.00 OK

Check Details

Version: 1.1.6
Check: PDF version of manual
Result: WARNING
    LaTeX errors when creating PDF version.
    This typically indicates Rd problems.
    LaTeX errors found:
    ! LaTeX Error: File `upquote.sty' not found.
    
    Type X to quit or <RETURN> to proceed,
    or enter new name. (Default extension: sty)
    
    361e443e/Rd2.tex:8: ==> Fatal error occurred, no output PDF file produced!
Flavor: r-release-osx-x86_64-mavericks