CRAN Package Check Results for Package lambda.tools

Last updated on 2015-05-25 03:47:41.

Flavor Version Tinstall Tcheck Ttotal Status Flags
r-devel-linux-x86_64-debian-clang 1.0.6 2.18 10.09 12.27 ERROR
r-devel-linux-x86_64-debian-gcc 1.0.6 2.07 10.17 12.24 ERROR
r-devel-linux-x86_64-fedora-clang 1.0.6 23.11 ERROR
r-devel-linux-x86_64-fedora-gcc 1.0.6 22.06 ERROR
r-devel-osx-x86_64-clang 1.0.6 27.23 ERROR
r-devel-windows-ix86+x86_64 1.0.6 8.00 19.00 27.00 ERROR
r-patched-linux-x86_64 1.0.6 2.09 10.22 12.31 ERROR
r-patched-solaris-sparc 1.0.6 171.60 ERROR
r-patched-solaris-x86 1.0.6 36.20 ERROR
r-release-linux-x86_64 1.0.6 2.08 10.58 12.66 OK
r-release-osx-x86_64-mavericks 1.0.6 OK
r-release-osx-x86_64-snowleopard 1.0.6 OK
r-release-windows-ix86+x86_64 1.0.6 6.00 19.00 25.00 ERROR
r-oldrel-windows-ix86+x86_64 1.0.6 6.00 20.00 26.00 OK

Check Details

Version: 1.0.6
Check: tests
Result: ERROR
    Running the tests in ‘tests/run_tests.R’ failed.
    Last 13 lines of output:
    
     > library(testthat)
     > library(lambda.r)
    
     Attaching package: 'lambda.r'
    
     The following object is masked from 'package:testthat':
    
     describe
    
     > library_if_available(lambda.tools)
     Error: could not find function "library_if_available"
     Execution halted
Flavors: r-devel-linux-x86_64-debian-clang, r-devel-linux-x86_64-debian-gcc, r-devel-linux-x86_64-fedora-clang, r-devel-linux-x86_64-fedora-gcc, r-devel-osx-x86_64-clang, r-devel-windows-ix86+x86_64, r-patched-linux-x86_64, r-patched-solaris-sparc, r-patched-solaris-x86, r-release-windows-ix86+x86_64