CRAN Package Check Results for Package lambda.tools

Last updated on 2015-01-25 09:51:30.

Flavor Version Tinstall Tcheck Ttotal Status Flags
r-devel-linux-x86_64-debian-clang 1.0.3 2.22 11.81 14.03 OK
r-devel-linux-x86_64-debian-gcc 1.0.3 2.10 11.06 13.15 OK
r-devel-linux-x86_64-fedora-clang 1.0.3 27.14 NOTE
r-devel-linux-x86_64-fedora-gcc 1.0.3 27.30 NOTE
r-devel-osx-x86_64-clang 1.0.3 30.23 NOTE
r-devel-windows-ix86+x86_64 1.0.3 6.00 22.00 28.00 OK
r-patched-linux-x86_64 1.0.3 2.44 11.54 13.98 OK
r-patched-solaris-sparc 1.0.3 164.50 OK
r-patched-solaris-x86 1.0.3 39.30 OK
r-release-linux-ix86 1.0.3 2.81 17.24 20.04 OK
r-release-linux-x86_64 1.0.3 2.46 11.25 13.71 OK
r-release-osx-x86_64-mavericks 1.0.3 OK
r-release-osx-x86_64-snowleopard 1.0.3 OK
r-release-windows-ix86+x86_64 1.0.3 6.00 21.00 27.00 OK
r-oldrel-windows-ix86+x86_64 1.0.3 6.00 24.00 30.00 OK

Check Details

Version: 1.0.3
Check: S3 generic/method consistency
Result: NOTE
    Found the following apparent S3 methods exported but not registered:
     range.for
    See section ‘Registering S3 methods’ in the ‘Writing R Extensions’
    manual.
Flavors: r-devel-linux-x86_64-fedora-clang, r-devel-linux-x86_64-fedora-gcc, r-devel-osx-x86_64-clang