CRAN Package Check Results for Package lambda.tools

Last updated on 2015-03-04 00:47:10.

Flavor Version Tinstall Tcheck Ttotal Status Flags
r-devel-linux-x86_64-debian-clang 1.0.3 2.34 10.71 13.05 NOTE
r-devel-linux-x86_64-debian-gcc 1.0.3 2.02 11.11 13.13 NOTE
r-devel-linux-x86_64-fedora-clang 1.0.3 25.60 NOTE
r-devel-linux-x86_64-fedora-gcc 1.0.3 24.78 NOTE
r-devel-osx-x86_64-clang 1.0.3 28.28 NOTE
r-devel-windows-ix86+x86_64 1.0.3 6.00 20.00 26.00 OK
r-patched-linux-x86_64 1.0.3 2.45 11.49 13.94 OK
r-patched-solaris-sparc 1.0.3 166.30 OK
r-patched-solaris-x86 1.0.3 40.40 OK
r-release-linux-ix86 1.0.3 2.77 17.69 20.46 OK
r-release-linux-x86_64 1.0.3 2.42 11.82 14.24 OK
r-release-osx-x86_64-mavericks 1.0.3 OK
r-release-osx-x86_64-snowleopard 1.0.3 OK
r-release-windows-ix86+x86_64 1.0.3 11.00 21.00 32.00 OK
r-oldrel-windows-ix86+x86_64 1.0.3 6.00 32.00 38.00 OK

Check Details

Version: 1.0.3
Check: S3 generic/method consistency
Result: NOTE
    Found the following apparent S3 methods exported but not registered:
     range.for
    See section ‘Registering S3 methods’ in the ‘Writing R Extensions’
    manual.
Flavors: r-devel-linux-x86_64-debian-clang, r-devel-linux-x86_64-debian-gcc, r-devel-linux-x86_64-fedora-clang, r-devel-linux-x86_64-fedora-gcc, r-devel-osx-x86_64-clang