CRAN Package Check Results for Package landpred

Last updated on 2019-03-22 21:47:13 CET.

Flavor Version Tinstall Tcheck Ttotal Status Flags
r-devel-linux-x86_64-debian-clang 1.0 6.69 57.54 64.23 NOTE
r-devel-linux-x86_64-debian-gcc 1.0 5.25 46.17 51.42 NOTE
r-devel-linux-x86_64-fedora-clang 1.0 76.73 NOTE
r-devel-linux-x86_64-fedora-gcc 1.0 74.24 NOTE
r-devel-windows-ix86+x86_64 1.0 17.00 70.00 87.00 NOTE
r-patched-linux-x86_64 1.0 4.11 54.85 58.96 NOTE
r-patched-solaris-x86 1.0 113.90 NOTE
r-release-linux-x86_64 1.0 4.31 55.00 59.31 NOTE
r-release-windows-ix86+x86_64 1.0 7.00 71.00 78.00 NOTE
r-release-osx-x86_64 1.0 NOTE
r-oldrel-windows-ix86+x86_64 1.0 9.00 86.00 95.00 NOTE
r-oldrel-osx-x86_64 1.0 NOTE

Check Details

Version: 1.0
Check: R code for possible problems
Result: NOTE
    Kern.FUN: no visible global function definition for 'dnorm'
    Prob.Covariate.ShortEvent: no visible global function definition for
     'bw.nrd'
    optimize.mse.BW: no visible global function definition for 'optimize'
    Undefined global functions or variables:
     bw.nrd dnorm optimize
    Consider adding
     importFrom("stats", "bw.nrd", "dnorm", "optimize")
    to your NAMESPACE file.
Flavors: r-devel-linux-x86_64-debian-clang, r-devel-linux-x86_64-debian-gcc, r-devel-linux-x86_64-fedora-clang, r-devel-linux-x86_64-fedora-gcc, r-devel-windows-ix86+x86_64, r-patched-linux-x86_64, r-patched-solaris-x86, r-release-linux-x86_64, r-release-windows-ix86+x86_64, r-release-osx-x86_64, r-oldrel-windows-ix86+x86_64, r-oldrel-osx-x86_64