CRAN Package Check Results for Package landscapeR

Last updated on 2022-09-27 16:54:42 CEST.

Flavor Version Tinstall Tcheck Ttotal Status Flags
r-devel-linux-x86_64-debian-clang 1.2 18.11 71.86 89.97 NOTE
r-devel-linux-x86_64-debian-gcc 1.2 14.59 53.94 68.53 NOTE
r-devel-linux-x86_64-fedora-clang 1.2 130.40 NOTE
r-devel-linux-x86_64-fedora-gcc 1.2 118.99 NOTE
r-devel-windows-x86_64 1.2 24.00 116.00 140.00 NOTE
r-patched-linux-x86_64 1.2 14.98 67.92 82.90 NOTE
r-release-linux-x86_64 1.2 16.09 68.48 84.57 NOTE
r-release-macos-arm64 1.2 34.00 NOTE
r-release-macos-x86_64 1.2 45.00 NOTE
r-release-windows-x86_64 1.2 28.00 122.00 150.00 NOTE
r-oldrel-macos-arm64 1.2 29.00 NOTE
r-oldrel-macos-x86_64 1.2 53.00 NOTE
r-oldrel-windows-ix86+x86_64 1.2 49.00 128.00 177.00 NOTE

Check Details

Version: 1.2
Check: LazyData
Result: NOTE
     'LazyData' is specified without a 'data' directory
Flavors: r-devel-linux-x86_64-debian-clang, r-devel-linux-x86_64-debian-gcc, r-devel-linux-x86_64-fedora-clang, r-devel-linux-x86_64-fedora-gcc, r-devel-windows-x86_64, r-patched-linux-x86_64, r-release-linux-x86_64, r-release-macos-arm64, r-release-macos-x86_64, r-release-windows-x86_64, r-oldrel-macos-arm64, r-oldrel-macos-x86_64, r-oldrel-windows-ix86+x86_64