CRAN Package Check Results for Package languageR

Last updated on 2015-04-26 03:47:33.

Flavor Version Tinstall Tcheck Ttotal Status Flags
r-devel-linux-x86_64-debian-clang 1.4.1 3.05 26.60 29.65 NOTE
r-devel-linux-x86_64-debian-gcc 1.4.1 3.16 25.97 29.14 NOTE
r-devel-linux-x86_64-fedora-clang 1.4.1 57.07 NOTE
r-devel-linux-x86_64-fedora-gcc 1.4.1 54.01 NOTE
r-devel-osx-x86_64-clang 1.4.1 54.49 NOTE
r-devel-windows-ix86+x86_64 1.4.1 10.00 46.00 56.00 NOTE
r-patched-linux-x86_64 1.4.1 3.12 25.89 29.01 NOTE
r-patched-solaris-sparc 1.4.1 347.40 NOTE
r-patched-solaris-x86 1.4.1 73.30 NOTE
r-release-linux-x86_64 1.4.1 3.10 25.56 28.65 NOTE
r-release-osx-x86_64-mavericks 1.4.1 NOTE
r-release-osx-x86_64-snowleopard 1.4.1 ERROR
r-release-windows-ix86+x86_64 1.4.1 11.00 41.00 52.00 NOTE
r-oldrel-windows-ix86+x86_64 1.4.1 8.00 37.00 45.00 NOTE

Check Details

Version: 1.4.1
Check: DESCRIPTION meta-information
Result: NOTE
    Malformed Title field: should not end in a period.
Flavors: r-devel-windows-ix86+x86_64, r-release-windows-ix86+x86_64

Version: 1.4.1
Check: dependencies in R code
Result: NOTE
    'library' or 'require' calls in package code:
     'MASS' 'lattice' 'lme4' 'rms' 'zipfR'
     Please use :: or requireNamespace() instead.
     See section 'Suggested packages' in the 'Writing R Extensions' manual.
Flavors: r-devel-windows-ix86+x86_64, r-release-windows-ix86+x86_64, r-oldrel-windows-ix86+x86_64

Version: 1.4.1
Check: R code for possible problems
Result: NOTE
    acf.fnc: no visible global function definition for 'xyplot'
    acf.fnc : <anonymous>: no visible global function definition for
     'panel.abline'
    acf.fnc : <anonymous>: no visible global function definition for
     'panel.number'
    acf.fnc : <anonymous>: no visible global function definition for
     'panel.xyplot'
    acf.fnc: no visible global function definition for 'strip.custom'
    compare.richness.fnc: no visible global function definition for 'N'
    compare.richness.fnc: no visible global function definition for 'lnre'
    compare.richness.fnc: no visible global function definition for 'VV'
    compare.richness.fnc: no visible global function definition for 'VVm'
    compare.richness.fnc: no visible global function definition for 'V'
    compare.richness.fnc: no visible global function definition for 'Vm'
    growth.fnc: no visible binding for global variable 'alice'
    growth2vgc.fnc: no visible global function definition for 'vgc'
    lmerPlotInt.fnc: no visible global function definition for 'isLMM'
    lmerPlotInt.fnc: no visible global function definition for 'isGLMM'
    lmerPlotInt.fnc: no visible global function definition for 'fixef'
    makeDefaultMatrix.fnc: no visible global function definition for
     'fixef'
    mvrnormplot.fnc: no visible global function definition for 'mvrnorm'
    plotLMER.fnc: no visible global function definition for 'ranef'
    plotlogistic.fit.fnc: no visible global function definition for 'cut2'
    plotlogistic.fit.fnc: no visible global function definition for
     'equal.count'
    preparePredictor.fnc: no visible global function definition for 'fixef'
    preparePredictor.fnc: no visible global function definition for 'ranef'
    simulateLatinsquare.fnc: no visible global function definition for
     'lmer'
    simulateLatinsquare.fnc: no visible global function definition for
     'ranef'
    simulateLatinsquare.fnc: no visible global function definition for
     'fixef'
    simulateQuasif.fnc: no visible global function definition for 'lmer'
    simulateQuasif.fnc: no visible global function definition for 'mvrnorm'
    simulateQuasif.fnc: no visible global function definition for 'ranef'
    simulateQuasif.fnc: no visible global function definition for 'fixef'
    simulateRegression.fnc: no visible global function definition for
     'lmer'
    simulateRegression.fnc: no visible global function definition for
     'VarCorr'
    simulateRegression.fnc: no visible global function definition for
     'lmList'
    text2spc.fnc: no visible global function definition for 'spc'
    xylowess.fnc: no visible global function definition for 'xyplot'
    xylowess.fnc : <anonymous>: no visible global function definition for
     'panel.grid'
    xylowess.fnc : <anonymous>: no visible global function definition for
     'panel.xyplot'
    xylowess.fnc : <anonymous>: no visible global function definition for
     'panel.loess'
Flavors: r-devel-windows-ix86+x86_64, r-release-windows-ix86+x86_64, r-oldrel-windows-ix86+x86_64