CRAN Package Check Results for Package languageR

Last updated on 2014-12-20 03:49:34.

Flavor Version Tinstall Tcheck Ttotal Status Flags
r-devel-linux-x86_64-debian-clang 1.4.1 4.00 26.78 30.78 NOTE
r-devel-linux-x86_64-debian-gcc 1.4.1 3.31 26.04 29.35 NOTE
r-devel-linux-x86_64-fedora-clang 1.4.1 64.61 NOTE
r-devel-linux-x86_64-fedora-gcc 1.4.1 58.43 NOTE
r-devel-osx-x86_64-clang 1.4.1 58.13 NOTE
r-devel-windows-ix86+x86_64 1.4.1 11.00 43.00 54.00 NOTE
r-patched-linux-x86_64 1.4.1 3.68 27.15 30.84 NOTE
r-patched-solaris-sparc 1.4.1 374.40 NOTE
r-patched-solaris-x86 1.4.1 81.00 NOTE
r-release-linux-ix86 1.4.1 4.61 34.37 38.98 NOTE
r-release-linux-x86_64 1.4.1 3.47 28.34 31.81 NOTE
r-release-osx-x86_64-mavericks 1.4.1 OK
r-release-osx-x86_64-snowleopard 1.4.1 NOTE
r-release-windows-ix86+x86_64 1.4.1 12.00 45.00 57.00 NOTE
r-oldrel-windows-ix86+x86_64 1.4.1 11.00 49.00 60.00 OK

Check Details

Version: 1.4.1
Check: R code for possible problems
Result: NOTE
    acf.fnc: no visible global function definition for ‘xyplot’
    acf.fnc : <anonymous>: no visible global function definition for
     ‘panel.abline’
    acf.fnc : <anonymous>: no visible global function definition for
     ‘panel.number’
    acf.fnc : <anonymous>: no visible global function definition for
     ‘panel.xyplot’
    acf.fnc: no visible global function definition for ‘strip.custom’
    compare.richness.fnc: no visible global function definition for ‘N’
    compare.richness.fnc: no visible global function definition for ‘lnre’
    compare.richness.fnc: no visible global function definition for ‘VV’
    compare.richness.fnc: no visible global function definition for ‘VVm’
    compare.richness.fnc: no visible global function definition for ‘V’
    compare.richness.fnc: no visible global function definition for ‘Vm’
    growth.fnc: no visible binding for global variable ‘alice’
    growth2vgc.fnc: no visible global function definition for ‘vgc’
    lmerPlotInt.fnc: no visible global function definition for ‘isLMM’
    lmerPlotInt.fnc: no visible global function definition for ‘isGLMM’
    lmerPlotInt.fnc: no visible global function definition for ‘fixef’
    makeDefaultMatrix.fnc: no visible global function definition for
     ‘fixef’
    mvrnormplot.fnc: no visible global function definition for ‘mvrnorm’
    plotLMER.fnc: no visible global function definition for ‘ranef’
    plotlogistic.fit.fnc: no visible global function definition for ‘cut2’
    plotlogistic.fit.fnc: no visible global function definition for
     ‘equal.count’
    preparePredictor.fnc: no visible global function definition for ‘fixef’
    preparePredictor.fnc: no visible global function definition for ‘ranef’
    simulateLatinsquare.fnc: no visible global function definition for
     ‘lmer’
    simulateLatinsquare.fnc: no visible global function definition for
     ‘ranef’
    simulateLatinsquare.fnc: no visible global function definition for
     ‘fixef’
    simulateQuasif.fnc: no visible global function definition for ‘lmer’
    simulateQuasif.fnc: no visible global function definition for ‘mvrnorm’
    simulateQuasif.fnc: no visible global function definition for ‘ranef’
    simulateQuasif.fnc: no visible global function definition for ‘fixef’
    simulateRegression.fnc: no visible global function definition for
     ‘lmer’
    simulateRegression.fnc: no visible global function definition for
     ‘VarCorr’
    simulateRegression.fnc: no visible global function definition for
     ‘lmList’
    text2spc.fnc: no visible global function definition for ‘spc’
    xylowess.fnc: no visible global function definition for ‘xyplot’
    xylowess.fnc : <anonymous>: no visible global function definition for
     ‘panel.grid’
    xylowess.fnc : <anonymous>: no visible global function definition for
     ‘panel.xyplot’
    xylowess.fnc : <anonymous>: no visible global function definition for
     ‘panel.loess’
Flavors: r-devel-linux-x86_64-debian-clang, r-devel-linux-x86_64-debian-gcc, r-devel-linux-x86_64-fedora-clang, r-devel-linux-x86_64-fedora-gcc, r-devel-osx-x86_64-clang, r-devel-windows-ix86+x86_64, r-patched-linux-x86_64, r-patched-solaris-sparc, r-patched-solaris-x86, r-release-linux-ix86, r-release-linux-x86_64, r-release-windows-ix86+x86_64

Version: 1.4.1
Check: package dependencies
Result: NOTE
    Package suggested but not available for checking: 'multcomp'
Flavor: r-release-osx-x86_64-snowleopard