CRAN Package Check Results for Package languageR

Last updated on 2015-01-31 11:51:48.

Flavor Version Tinstall Tcheck Ttotal Status Flags
r-devel-linux-x86_64-debian-clang 1.4.1 3.29 25.54 28.83 NOTE
r-devel-linux-x86_64-debian-gcc 1.4.1 3.16 24.73 27.89 NOTE
r-devel-linux-x86_64-fedora-clang 1.4.1 65.12 NOTE
r-devel-linux-x86_64-fedora-gcc 1.4.1 58.93 NOTE
r-devel-osx-x86_64-clang 1.4.1 58.20 NOTE
r-devel-windows-ix86+x86_64 1.4.1 14.00 38.00 52.00 NOTE
r-patched-linux-x86_64 1.4.1 3.44 27.06 30.50 NOTE
r-patched-solaris-sparc 1.4.1 367.30 NOTE
r-patched-solaris-x86 1.4.1 80.20 NOTE
r-release-linux-ix86 1.4.1 4.62 35.31 39.92 NOTE
r-release-linux-x86_64 1.4.1 3.39 27.06 30.45 NOTE
r-release-osx-x86_64-mavericks 1.4.1 NOTE
r-release-osx-x86_64-snowleopard 1.4.1 NOTE
r-release-windows-ix86+x86_64 1.4.1 11.00 44.00 55.00 NOTE
r-oldrel-windows-ix86+x86_64 1.4.1 13.00 50.00 63.00 OK

Check Details

Version: 1.4.1
Check: dependencies in R code
Result: NOTE
    'library' or 'require' calls in package code:
     ‘MASS’ ‘lattice’ ‘lme4’ ‘rms’ ‘zipfR’
     Please use :: or requireNamespace() instead.
     See section 'Suggested packages' in the 'Writing R Extensions' manual.
Flavors: r-devel-linux-x86_64-debian-clang, r-devel-linux-x86_64-debian-gcc, r-devel-linux-x86_64-fedora-clang, r-devel-linux-x86_64-fedora-gcc, r-devel-osx-x86_64-clang, r-devel-windows-ix86+x86_64

Version: 1.4.1
Check: S3 generic/method consistency
Result: NOTE
    Found the following apparent S3 methods exported but not registered:
     head.growth tail.growth
    See section ‘Registering S3 methods’ in the ‘Writing R Extensions’
    manual.
Flavors: r-devel-linux-x86_64-debian-clang, r-devel-linux-x86_64-debian-gcc, r-devel-linux-x86_64-fedora-clang, r-devel-linux-x86_64-fedora-gcc, r-devel-osx-x86_64-clang

Version: 1.4.1
Check: R code for possible problems
Result: NOTE
    acf.fnc: no visible global function definition for ‘xyplot’
    acf.fnc : <anonymous>: no visible global function definition for
     ‘panel.abline’
    acf.fnc : <anonymous>: no visible global function definition for
     ‘panel.number’
    acf.fnc : <anonymous>: no visible global function definition for
     ‘panel.xyplot’
    acf.fnc: no visible global function definition for ‘strip.custom’
    compare.richness.fnc: no visible global function definition for ‘N’
    compare.richness.fnc: no visible global function definition for ‘lnre’
    compare.richness.fnc: no visible global function definition for ‘VV’
    compare.richness.fnc: no visible global function definition for ‘VVm’
    compare.richness.fnc: no visible global function definition for ‘V’
    compare.richness.fnc: no visible global function definition for ‘Vm’
    growth.fnc: no visible binding for global variable ‘alice’
    growth2vgc.fnc: no visible global function definition for ‘vgc’
    lmerPlotInt.fnc: no visible global function definition for ‘isLMM’
    lmerPlotInt.fnc: no visible global function definition for ‘isGLMM’
    lmerPlotInt.fnc: no visible global function definition for ‘fixef’
    makeDefaultMatrix.fnc: no visible global function definition for
     ‘fixef’
    mvrnormplot.fnc: no visible global function definition for ‘mvrnorm’
    plotLMER.fnc: no visible global function definition for ‘ranef’
    plotlogistic.fit.fnc: no visible global function definition for ‘cut2’
    plotlogistic.fit.fnc: no visible global function definition for
     ‘equal.count’
    preparePredictor.fnc: no visible global function definition for ‘fixef’
    preparePredictor.fnc: no visible global function definition for ‘ranef’
    simulateLatinsquare.fnc: no visible global function definition for
     ‘lmer’
    simulateLatinsquare.fnc: no visible global function definition for
     ‘ranef’
    simulateLatinsquare.fnc: no visible global function definition for
     ‘fixef’
    simulateQuasif.fnc: no visible global function definition for ‘lmer’
    simulateQuasif.fnc: no visible global function definition for ‘mvrnorm’
    simulateQuasif.fnc: no visible global function definition for ‘ranef’
    simulateQuasif.fnc: no visible global function definition for ‘fixef’
    simulateRegression.fnc: no visible global function definition for
     ‘lmer’
    simulateRegression.fnc: no visible global function definition for
     ‘VarCorr’
    simulateRegression.fnc: no visible global function definition for
     ‘lmList’
    text2spc.fnc: no visible global function definition for ‘spc’
    xylowess.fnc: no visible global function definition for ‘xyplot’
    xylowess.fnc : <anonymous>: no visible global function definition for
     ‘panel.grid’
    xylowess.fnc : <anonymous>: no visible global function definition for
     ‘panel.xyplot’
    xylowess.fnc : <anonymous>: no visible global function definition for
     ‘panel.loess’
Flavors: r-devel-linux-x86_64-debian-clang, r-devel-linux-x86_64-debian-gcc, r-devel-linux-x86_64-fedora-clang, r-devel-linux-x86_64-fedora-gcc, r-devel-osx-x86_64-clang, r-devel-windows-ix86+x86_64, r-patched-linux-x86_64, r-patched-solaris-sparc, r-patched-solaris-x86, r-release-linux-ix86, r-release-linux-x86_64, r-release-osx-x86_64-mavericks, r-release-windows-ix86+x86_64

Version: 1.4.1
Check: package dependencies
Result: NOTE
    Package suggested but not available for checking: 'multcomp'
Flavor: r-release-osx-x86_64-snowleopard