CRAN Package Check Results for Package languageR

Last updated on 2014-07-26 10:48:26.

Flavor Version Tinstall Tcheck Ttotal Status Flags
r-devel-linux-x86_64-debian-clang 1.4.1 3.47 30.00 33.47 OK
r-devel-linux-x86_64-debian-gcc 1.4.1 3.35 29.21 32.56 OK
r-devel-linux-x86_64-fedora-clang 1.4.1 73.22 OK
r-devel-linux-x86_64-fedora-gcc 1.4.1 66.72 OK
r-devel-osx-x86_64-clang 1.4.1 62.89 OK
r-devel-windows-ix86+x86_64 1.4.1 9.00 46.00 55.00 OK
r-patched-linux-x86_64 1.4.1 3.30 29.31 32.61 OK
r-patched-solaris-sparc 1.4.1 386.30 OK
r-patched-solaris-x86 1.4.1 88.40 OK
r-release-linux-ix86 1.4.1 4.78 38.44 43.22 NOTE
r-release-linux-x86_64 1.4.1 3.34 29.82 33.16 OK
r-release-osx-x86_64-mavericks 1.4.1 OK
r-release-osx-x86_64-snowleopard 1.4.1 NOTE
r-release-windows-ix86+x86_64 1.4.1 9.00 46.00 55.00 OK
r-oldrel-windows-ix86+x86_64 1.4.1 10.00 50.00 60.00 OK

Check Details

Version: 1.4.1
Check: package dependencies
Result: NOTE
    Package suggested but not available for checking: ‘lmerTest’
Flavor: r-release-linux-ix86

Version: 1.4.1
Check: package dependencies
Result: NOTE
    Package suggested but not available for checking: 'multcomp'
Flavor: r-release-osx-x86_64-snowleopard