CRAN Package Check Results for Package languageR

Last updated on 2014-09-16 08:49:47.

Flavor Version Tinstall Tcheck Ttotal Status Flags
r-devel-linux-x86_64-debian-clang 1.4.1 3.35 25.74 29.10 NOTE
r-devel-linux-x86_64-debian-gcc 1.4.1 3.97 25.37 29.34 NOTE
r-devel-linux-x86_64-fedora-clang 1.4.1 61.45 NOTE
r-devel-linux-x86_64-fedora-gcc 1.4.1 56.03 NOTE
r-devel-osx-x86_64-clang 1.4.1 54.40 NOTE
r-devel-windows-ix86+x86_64 1.4.1 9.00 37.00 46.00 NOTE
r-patched-linux-x86_64 1.4.1 3.52 29.04 32.55 OK
r-patched-solaris-sparc 1.4.1 393.80 OK
r-patched-solaris-x86 1.4.1 87.80 OK
r-release-linux-ix86 1.4.1 4.80 39.13 43.93 NOTE
r-release-linux-x86_64 1.4.1 3.35 29.95 33.30 OK
r-release-osx-x86_64-mavericks 1.4.1 OK
r-release-osx-x86_64-snowleopard 1.4.1 NOTE
r-release-windows-ix86+x86_64 1.4.1 9.00 45.00 54.00 OK
r-oldrel-windows-ix86+x86_64 1.4.1 11.00 52.00 63.00 OK

Check Details

Version: 1.4.1
Check: R code for possible problems
Result: NOTE
    acf.fnc: no visible global function definition for ‘xyplot’
    acf.fnc : <anonymous>: no visible global function definition for
     ‘panel.abline’
    acf.fnc : <anonymous>: no visible global function definition for
     ‘panel.number’
    acf.fnc : <anonymous>: no visible global function definition for
     ‘panel.xyplot’
    acf.fnc: no visible global function definition for ‘strip.custom’
    compare.richness.fnc: no visible global function definition for ‘N’
    compare.richness.fnc: no visible global function definition for ‘lnre’
    compare.richness.fnc: no visible global function definition for ‘VV’
    compare.richness.fnc: no visible global function definition for ‘VVm’
    compare.richness.fnc: no visible global function definition for ‘V’
    compare.richness.fnc: no visible global function definition for ‘Vm’
    growth.fnc: no visible binding for global variable ‘alice’
    growth2vgc.fnc: no visible global function definition for ‘vgc’
    lmerPlotInt.fnc: no visible global function definition for ‘isLMM’
    lmerPlotInt.fnc: no visible global function definition for ‘isGLMM’
    lmerPlotInt.fnc: no visible global function definition for ‘fixef’
    makeDefaultMatrix.fnc: no visible global function definition for
     ‘fixef’
    mvrnormplot.fnc: no visible global function definition for ‘mvrnorm’
    plotLMER.fnc: no visible global function definition for ‘ranef’
    plotlogistic.fit.fnc: no visible global function definition for ‘cut2’
    plotlogistic.fit.fnc: no visible global function definition for
     ‘equal.count’
    preparePredictor.fnc: no visible global function definition for ‘fixef’
    preparePredictor.fnc: no visible global function definition for ‘ranef’
    simulateLatinsquare.fnc: no visible global function definition for
     ‘lmer’
    simulateLatinsquare.fnc: no visible global function definition for
     ‘ranef’
    simulateLatinsquare.fnc: no visible global function definition for
     ‘fixef’
    simulateQuasif.fnc: no visible global function definition for ‘lmer’
    simulateQuasif.fnc: no visible global function definition for ‘mvrnorm’
    simulateQuasif.fnc: no visible global function definition for ‘ranef’
    simulateQuasif.fnc: no visible global function definition for ‘fixef’
    simulateRegression.fnc: no visible global function definition for
     ‘lmer’
    simulateRegression.fnc: no visible global function definition for
     ‘VarCorr’
    simulateRegression.fnc: no visible global function definition for
     ‘lmList’
    text2spc.fnc: no visible global function definition for ‘spc’
    xylowess.fnc: no visible global function definition for ‘xyplot’
    xylowess.fnc : <anonymous>: no visible global function definition for
     ‘panel.grid’
    xylowess.fnc : <anonymous>: no visible global function definition for
     ‘panel.xyplot’
    xylowess.fnc : <anonymous>: no visible global function definition for
     ‘panel.loess’
Flavors: r-devel-linux-x86_64-debian-clang, r-devel-linux-x86_64-debian-gcc, r-devel-linux-x86_64-fedora-clang, r-devel-linux-x86_64-fedora-gcc, r-devel-osx-x86_64-clang, r-devel-windows-ix86+x86_64

Version: 1.4.1
Check: package dependencies
Result: NOTE
    Package suggested but not available for checking: ‘lmerTest’
Flavor: r-release-linux-ix86

Version: 1.4.1
Check: package dependencies
Result: NOTE
    Package suggested but not available for checking: 'multcomp'
Flavor: r-release-osx-x86_64-snowleopard