CRAN Package Check Results for Package languageR

Last updated on 2014-04-25 05:47:18.

Flavor Version Tinstall Tcheck Ttotal Status Flags
r-devel-linux-x86_64-debian-clang 1.4.1 3.54 30.74 34.28 OK
r-devel-linux-x86_64-debian-gcc 1.4.1 3.45 31.12 34.56 OK
r-devel-linux-x86_64-fedora-clang 1.4.1 70.56 OK
r-devel-linux-x86_64-fedora-gcc 1.4.1 67.59 OK
r-devel-osx-x86_64-clang 1.4.1 57.87 OK
r-devel-osx-x86_64-gcc 1.4.1 ERROR
r-devel-windows-ix86+x86_64 1.4.1 8.00 46.00 54.00 OK
r-patched-linux-x86_64 1.4.1 3.39 30.74 34.13 OK
r-patched-solaris-sparc 1.4.1 386.30 OK
r-patched-solaris-x86 1.4.1 89.90 OK
r-release-linux-ix86 1.4.1 6.00 53.00 59.00 OK
r-release-linux-x86_64 1.4.1 3.47 31.63 35.10 OK
r-release-osx-x86_64-mavericks 1.4.1 WARN
r-release-osx-x86_64-snowleopard 1.4.1 NOTE
r-release-windows-ix86+x86_64 1.4.1 9.00 48.00 57.00 OK
r-oldrel-windows-ix86+x86_64 1.4.1 10.00 50.00 60.00 OK

Check Details

Version: 1.4.1
Check: package dependencies
Result: NOTE
    Packages suggested but not available for checking:
     ‘rms’ ‘Hmisc’ ‘multcomp’ ‘lmerTest’
Flavor: r-devel-osx-x86_64-gcc

Version: 1.4.1
Check: R code for possible problems
Result: NOTE
    plotlogistic.fit.fnc: no visible global function definition for ‘cut2’
Flavor: r-devel-osx-x86_64-gcc

Version: 1.4.1
Check: examples
Result: ERROR
    Running examples in ‘languageR-Ex.R’ failed
    The error most likely occurred in:
    
    > ### Name: durationsOnt
    > ### Title: Durational measurements on the Dutch prefix ont-
    > ### Aliases: durationsOnt
    > ### Keywords: datasets
    >
    > ### ** Examples
    >
    > data(durationsOnt)
    >
    > ###### modeling the duration of the prefix
    >
    > prefix.lm = lm(DurationOfPrefix ~ (YearOfBirth + SpeechRate) * Frequency,
    + data = durationsOnt)
    > summary(prefix.lm)
    
    Call:
    lm(formula = DurationOfPrefix ~ (YearOfBirth + SpeechRate) *
     Frequency, data = durationsOnt)
    
    Residuals:
     Min 1Q Median 3Q Max
    -0.099022 -0.023386 0.000158 0.026762 0.080279
    
    Coefficients:
     Estimate Std. Error t value Pr(>|t|)
    (Intercept) 0.2553451 0.0345126 7.399 5.20e-11 ***
    YearOfBirth -0.0018550 0.0004437 -4.181 6.42e-05 ***
    SpeechRate 0.0022573 0.0054251 0.416 0.67828
    Frequency -0.0097943 0.0106787 -0.917 0.36135
    YearOfBirth:Frequency 0.0004374 0.0001428 3.063 0.00284 **
    SpeechRate:Frequency -0.0032922 0.0018223 -1.807 0.07395 .
    ---
    Signif. codes: 0 ‘***’ 0.001 ‘**’ 0.01 ‘*’ 0.05 ‘.’ 0.1 ‘ ’ 1
    
    Residual standard error: 0.03532 on 96 degrees of freedom
    Multiple R-squared: 0.221, Adjusted R-squared: 0.1804
    F-statistic: 5.446 on 5 and 96 DF, p-value: 0.0001872
    
    >
    > # ---- model criticism
    >
    > plot(prefix.lm)
    > outliers = c(36, 35, 17, 72)
    > prefix.lm = lm(DurationOfPrefix ~ (YearOfBirth + SpeechRate) * Frequency,
    + data = durationsOnt[-outliers,])
    > summary(prefix.lm)
    
    Call:
    lm(formula = DurationOfPrefix ~ (YearOfBirth + SpeechRate) *
     Frequency, data = durationsOnt[-outliers, ])
    
    Residuals:
     Min 1Q Median 3Q Max
    -0.098553 -0.025442 -0.000857 0.026944 0.081562
    
    Coefficients:
     Estimate Std. Error t value Pr(>|t|)
    (Intercept) 0.2517499 0.0350307 7.187 1.71e-10 ***
    YearOfBirth -0.0018584 0.0004511 -4.119 8.29e-05 ***
    SpeechRate 0.0029918 0.0054993 0.544 0.58773
    Frequency -0.0080787 0.0110724 -0.730 0.46747
    YearOfBirth:Frequency 0.0004433 0.0001456 3.045 0.00304 **
    SpeechRate:Frequency -0.0037299 0.0018739 -1.990 0.04951 *
    ---
    Signif. codes: 0 ‘***’ 0.001 ‘**’ 0.01 ‘*’ 0.05 ‘.’ 0.1 ‘ ’ 1
    
    Residual standard error: 0.03556 on 92 degrees of freedom
    Multiple R-squared: 0.2291, Adjusted R-squared: 0.1872
    F-statistic: 5.468 on 5 and 92 DF, p-value: 0.0001888
    
    >
    > ###### modeling the presence of the /t/
    >
    > library(rms)
    Error in library(rms) : there is no package called ‘rms’
    Execution halted
Flavor: r-devel-osx-x86_64-gcc

Version: 1.4.1
Check: package dependencies
Result: NOTE
    Packages suggested but not available for checking:
     ‘lme4’ ‘multcomp’ ‘lmerTest’
Flavor: r-release-osx-x86_64-mavericks

Version: 1.4.1
Check: R code for possible problems
Result: NOTE
    lmerPlotInt.fnc: no visible global function definition for ‘isLMM’
    lmerPlotInt.fnc: no visible global function definition for ‘isGLMM’
    lmerPlotInt.fnc: no visible global function definition for ‘fixef’
    makeDefaultMatrix.fnc: no visible global function definition for
     ‘fixef’
    plotLMER.fnc: no visible global function definition for ‘ranef’
    preparePredictor.fnc: no visible global function definition for ‘fixef’
    preparePredictor.fnc: no visible global function definition for ‘ranef’
    simulateLatinsquare.fnc: no visible global function definition for
     ‘lmer’
    simulateLatinsquare.fnc: no visible global function definition for
     ‘ranef’
    simulateLatinsquare.fnc: no visible global function definition for
     ‘fixef’
    simulateQuasif.fnc: no visible global function definition for ‘lmer’
    simulateQuasif.fnc: no visible global function definition for ‘ranef’
    simulateQuasif.fnc: no visible global function definition for ‘fixef’
    simulateRegression.fnc: no visible global function definition for
     ‘lmer’
    simulateRegression.fnc: no visible global function definition for
     ‘VarCorr’
    simulateRegression.fnc: no visible global function definition for
     ‘lmList’
Flavor: r-release-osx-x86_64-mavericks

Version: 1.4.1
Check: PDF version of manual
Result: WARNING
    LaTeX errors when creating PDF version.
    This typically indicates Rd problems.
    LaTeX errors found:
    ! LaTeX Error: File `upquote.sty' not found.
    
    Type X to quit or <RETURN> to proceed,
    or enter new name. (Default extension: sty)
    
    ebb5fe/Rd2.tex:8: ==> Fatal error occurred, no output PDF file produced!
Flavor: r-release-osx-x86_64-mavericks

Version: 1.4.1
Check: package dependencies
Result: NOTE
    Package suggested but not available for checking: 'multcomp'
Flavor: r-release-osx-x86_64-snowleopard