CRAN Package Check Results for Package languagelayeR

Last updated on 2022-05-19 15:53:21 CEST.

Flavor Version Tinstall Tcheck Ttotal Status Flags
r-devel-linux-x86_64-debian-clang 1.2.4 1.86 42.20 44.06 NOTE
r-devel-linux-x86_64-debian-gcc 1.2.4 2.07 32.17 34.24 NOTE
r-devel-linux-x86_64-fedora-clang 1.2.4 52.90 NOTE
r-devel-linux-x86_64-fedora-gcc 1.2.4 51.99 NOTE
r-devel-windows-x86_64 1.2.4 23.00 61.00 84.00 NOTE
r-patched-linux-x86_64 1.2.4 1.83 40.01 41.84 NOTE
r-release-linux-x86_64 1.2.4 2.07 40.31 42.38 NOTE
r-release-macos-arm64 1.2.4 19.00 NOTE
r-release-macos-x86_64 1.2.4 28.00 NOTE
r-release-windows-x86_64 1.2.4 37.00 63.00 100.00 NOTE
r-oldrel-macos-arm64 1.2.4 25.00 NOTE
r-oldrel-macos-x86_64 1.2.4 27.00 NOTE
r-oldrel-windows-ix86+x86_64 1.2.4 7.00 48.00 55.00 NOTE

Check Details

Version: 1.2.4
Check: LazyData
Result: NOTE
     'LazyData' is specified without a 'data' directory
Flavors: r-devel-linux-x86_64-debian-clang, r-devel-linux-x86_64-debian-gcc, r-devel-linux-x86_64-fedora-clang, r-devel-linux-x86_64-fedora-gcc, r-devel-windows-x86_64, r-patched-linux-x86_64, r-release-linux-x86_64, r-release-macos-arm64, r-release-macos-x86_64, r-release-windows-x86_64, r-oldrel-macos-arm64, r-oldrel-macos-x86_64, r-oldrel-windows-ix86+x86_64