CRAN Package Check Results for Package languageserver

Last updated on 2022-11-28 12:56:18 CET.

Flavor Version Tinstall Tcheck Ttotal Status Flags
r-devel-linux-x86_64-debian-clang 0.3.14 19.14 49.89 69.03 WARN
r-devel-linux-x86_64-debian-gcc 0.3.14 17.86 37.72 55.58 OK
r-devel-linux-x86_64-fedora-clang 0.3.14 101.87 WARN
r-devel-linux-x86_64-fedora-gcc 0.3.14 103.43 OK
r-devel-windows-x86_64 0.3.14 120.00 83.00 203.00 OK
r-patched-linux-x86_64 0.3.14 18.61 48.36 66.97 OK
r-release-linux-x86_64 0.3.14 23.78 49.09 72.87 OK
r-release-macos-arm64 0.3.14 33.00 OK
r-release-macos-x86_64 0.3.14 37.00 OK
r-release-windows-x86_64 0.3.14 134.00 75.00 209.00 OK
r-oldrel-macos-arm64 0.3.14 34.00 OK
r-oldrel-macos-x86_64 0.3.14 45.00 OK
r-oldrel-windows-ix86+x86_64 0.3.14 42.00 87.00 129.00 OK

Check Details

Version: 0.3.14
Check: whether package can be installed
Result: WARN
    Found the following significant warnings:
     reader.c:110:21: warning: a function declaration without a prototype is deprecated in all versions of C [-Wstrict-prototypes]
Flavors: r-devel-linux-x86_64-debian-clang, r-devel-linux-x86_64-fedora-clang