Last updated on 2023-06-06 14:59:29 CEST.
Flavor | Version | Tinstall | Tcheck | Ttotal | Status | Flags |
---|---|---|---|---|---|---|
r-devel-linux-x86_64-debian-clang | 0.1-2 | 13.50 | 111.07 | 124.57 | OK | |
r-devel-linux-x86_64-debian-gcc | 0.1-2 | 10.77 | 81.75 | 92.52 | OK | |
r-devel-linux-x86_64-fedora-clang | 0.1-2 | 152.84 | NOTE | |||
r-devel-linux-x86_64-fedora-gcc | 0.1-2 | 153.50 | NOTE | |||
r-devel-windows-x86_64 | 0.1-2 | 11.00 | 88.00 | 99.00 | OK | |
r-patched-linux-x86_64 | 0.1-2 | 18.13 | 106.65 | 124.78 | OK | |
r-release-linux-x86_64 | 0.1-2 | 10.67 | 106.04 | 116.71 | OK | |
r-release-macos-arm64 | 0.1-2 | 52.00 | OK | |||
r-release-macos-x86_64 | 0.1-2 | 61.00 | OK | |||
r-release-windows-x86_64 | 0.1-2 | 12.00 | 101.00 | 113.00 | OK | |
r-oldrel-macos-arm64 | 0.1-2 | 43.00 | NOTE | |||
r-oldrel-macos-x86_64 | 0.1-2 | 79.00 | NOTE | |||
r-oldrel-windows-x86_64 | 0.1-2 | 13.00 | 106.00 | 119.00 | OK |
Version: 0.1-2
Check: data for non-ASCII characters
Result: NOTE
Note: found 6 marked UTF-8 strings
Flavors: r-devel-linux-x86_64-fedora-clang, r-devel-linux-x86_64-fedora-gcc, r-oldrel-macos-arm64, r-oldrel-macos-x86_64