CRAN Package Check Results for Package lars

Last updated on 2015-03-29 00:48:18.

Flavor Version Tinstall Tcheck Ttotal Status Flags
r-devel-linux-x86_64-debian-clang 1.2 0.94 11.09 12.03 NOTE
r-devel-linux-x86_64-debian-gcc 1.2 0.93 11.24 12.16 NOTE
r-devel-linux-x86_64-fedora-clang 1.2 23.15 NOTE
r-devel-linux-x86_64-fedora-gcc 1.2 23.19 NOTE
r-devel-osx-x86_64-clang 1.2 29.72 OK
r-prerel-windows-ix86+x86_64 1.2 7.00 25.00 32.00 OK
r-prerel-linux-x86_64 1.2 0.88 11.21 12.08 NOTE
r-prerel-solaris-sparc 1.2 146.40 OK
r-prerel-solaris-x86 1.2 33.20 OK
r-release-linux-x86_64 1.2 0.96 11.84 12.80 NOTE
r-release-osx-x86_64-mavericks 1.2 OK
r-release-windows-ix86+x86_64 1.2 8.00 28.00 36.00 OK
r-oldrel-windows-ix86+x86_64 1.2 5.00 25.00 30.00 OK

Check Details

Version: 1.2
Check: Rd line widths
Result: NOTE
    Rd file 'cv.lars.Rd':
     \usage lines wider than 90 characters:
     trace = FALSE, plot.it = TRUE, se = TRUE,type = c("lasso", "lar", "forward.stagewise", "stepwise"),
    
    Rd file 'lars.Rd':
     \usage lines wider than 90 characters:
     trace = FALSE, normalize = TRUE, intercept = TRUE, Gram, eps = .Machine$double.eps, max.steps, use.Gram = TRUE)
    
    Rd file 'plot.lars.Rd':
     \usage lines wider than 90 characters:
     plot(x, xvar= c("norm", "df", "arc.length", "step"), breaks = TRUE, plottype = c("coefficients",
    
    These lines will be truncated in the PDF manual.
Flavors: r-devel-linux-x86_64-debian-clang, r-devel-linux-x86_64-debian-gcc, r-devel-linux-x86_64-fedora-clang, r-devel-linux-x86_64-fedora-gcc, r-prerel-linux-x86_64, r-release-linux-x86_64