CRAN Package Check Results for Package lars

Last updated on 2015-05-26 12:47:19.

Flavor Version Tinstall Tcheck Ttotal Status Flags
r-devel-linux-x86_64-debian-clang 1.2 0.94 12.16 13.09 NOTE
r-devel-linux-x86_64-debian-gcc 1.2 0.88 10.81 11.70 NOTE
r-devel-linux-x86_64-fedora-clang 1.2 22.66 NOTE
r-devel-linux-x86_64-fedora-gcc 1.2 21.55 NOTE
r-devel-osx-x86_64-clang 1.2 26.14 OK
r-devel-windows-ix86+x86_64 1.2 5.00 26.00 31.00 OK
r-patched-linux-x86_64 1.2 0.89 10.94 11.83 NOTE
r-patched-solaris-sparc 1.2 146.50 OK
r-patched-solaris-x86 1.2 33.30 OK
r-release-linux-x86_64 1.2 0.91 11.16 12.08 NOTE
r-release-osx-x86_64-mavericks 1.2 OK
r-release-osx-x86_64-snowleopard 1.2 OK
r-release-windows-ix86+x86_64 1.2 3.00 26.00 29.00 OK
r-oldrel-windows-ix86+x86_64 1.2 8.00 28.00 36.00 OK

Check Details

Version: 1.2
Check: Rd line widths
Result: NOTE
    Rd file 'cv.lars.Rd':
     \usage lines wider than 90 characters:
     trace = FALSE, plot.it = TRUE, se = TRUE,type = c("lasso", "lar", "forward.stagewise", "stepwise"),
    
    Rd file 'lars.Rd':
     \usage lines wider than 90 characters:
     trace = FALSE, normalize = TRUE, intercept = TRUE, Gram, eps = .Machine$double.eps, max.steps, use.Gram = TRUE)
    
    Rd file 'plot.lars.Rd':
     \usage lines wider than 90 characters:
     plot(x, xvar= c("norm", "df", "arc.length", "step"), breaks = TRUE, plottype = c("coefficients",
    
    These lines will be truncated in the PDF manual.
Flavors: r-devel-linux-x86_64-debian-clang, r-devel-linux-x86_64-debian-gcc, r-devel-linux-x86_64-fedora-clang, r-devel-linux-x86_64-fedora-gcc, r-patched-linux-x86_64, r-release-linux-x86_64