CRAN Package Check Results for Package lars

Last updated on 2015-08-29 03:48:51.

Flavor Version Tinstall Tcheck Ttotal Status Flags
r-devel-linux-x86_64-debian-clang 1.2 0.86 11.06 11.92 NOTE
r-devel-linux-x86_64-debian-gcc 1.2 0.81 10.40 11.22 NOTE
r-devel-linux-x86_64-fedora-clang 1.2 22.08 NOTE
r-devel-linux-x86_64-fedora-gcc 1.2 20.29 NOTE
r-devel-osx-x86_64-clang 1.2 21.72 OK
r-devel-windows-ix86+x86_64 1.2 8.00 29.00 37.00 NOTE
r-patched-linux-x86_64 1.2 0.90 11.48 12.38 NOTE
r-patched-solaris-sparc 1.2 146.60 OK
r-patched-solaris-x86 1.2 35.20 OK
r-release-linux-x86_64 1.2 0.95 11.38 12.33 NOTE
r-release-osx-x86_64-mavericks 1.2 OK
r-release-windows-ix86+x86_64 1.2 6.00 26.00 32.00 OK
r-oldrel-windows-ix86+x86_64 1.2 8.00 28.00 36.00 OK

Check Details

Version: 1.2
Check: R code for possible problems
Result: NOTE
    betabreaker: no visible global function definition for ‘predict’
    coef.lars: no visible global function definition for ‘predict’
    cv.lars: no visible global function definition for ‘predict’
    cv.lars: no visible binding for global variable ‘var’
    error.bars: no visible global function definition for ‘segments’
    plot.lars: no visible global function definition for ‘plot’
    plot.lars: no visible global function definition for ‘matplot’
    plot.lars: no visible global function definition for ‘title’
    plot.lars: no visible global function definition for ‘abline’
    plot.lars: no visible global function definition for ‘axis’
    plotCVLars: no visible global function definition for ‘plot’
    predict.lars: no visible global function definition for ‘approx’
    Undefined global functions or variables:
     abline approx axis matplot plot predict segments title var
    Consider adding
     importFrom("graphics", "abline", "axis", "matplot", "plot", "segments",
     "title")
     importFrom("stats", "approx", "predict", "var")
    to your NAMESPACE.
Flavors: r-devel-linux-x86_64-debian-clang, r-devel-linux-x86_64-debian-gcc, r-devel-linux-x86_64-fedora-clang, r-devel-linux-x86_64-fedora-gcc, r-devel-windows-ix86+x86_64

Version: 1.2
Check: Rd line widths
Result: NOTE
    Rd file 'cv.lars.Rd':
     \usage lines wider than 90 characters:
     trace = FALSE, plot.it = TRUE, se = TRUE,type = c("lasso", "lar", "forward.stagewise", "stepwise"),
    
    Rd file 'lars.Rd':
     \usage lines wider than 90 characters:
     trace = FALSE, normalize = TRUE, intercept = TRUE, Gram, eps = .Machine$double.eps, max.steps, use.Gram = TRUE)
    
    Rd file 'plot.lars.Rd':
     \usage lines wider than 90 characters:
     plot(x, xvar= c("norm", "df", "arc.length", "step"), breaks = TRUE, plottype = c("coefficients",
    
    These lines will be truncated in the PDF manual.
Flavors: r-devel-linux-x86_64-debian-clang, r-devel-linux-x86_64-debian-gcc, r-devel-linux-x86_64-fedora-clang, r-devel-linux-x86_64-fedora-gcc, r-patched-linux-x86_64, r-release-linux-x86_64