CRAN Package Check Results for Package lars

Last updated on 2015-01-28 15:47:12.

Flavor Version Tinstall Tcheck Ttotal Status Flags
r-devel-linux-x86_64-debian-clang 1.2 0.95 11.20 12.15 NOTE
r-devel-linux-x86_64-debian-gcc 1.2 0.91 11.43 12.34 NOTE
r-devel-linux-x86_64-fedora-clang 1.2 26.82 NOTE
r-devel-linux-x86_64-fedora-gcc 1.2 24.48 NOTE
r-devel-osx-x86_64-clang 1.2 27.74 OK
r-devel-windows-ix86+x86_64 1.2 6.00 25.00 31.00 OK
r-patched-linux-x86_64 1.2 0.91 11.97 12.88 NOTE
r-patched-solaris-sparc 1.2 162.30 OK
r-patched-solaris-x86 1.2 36.80 OK
r-release-linux-ix86 1.2 1.36 17.72 19.08 OK
r-release-linux-x86_64 1.2 0.97 11.74 12.71 NOTE
r-release-osx-x86_64-mavericks 1.2 OK
r-release-windows-ix86+x86_64 1.2 6.00 34.00 40.00 OK
r-oldrel-windows-ix86+x86_64 1.2 5.00 25.00 30.00 OK

Check Details

Version: 1.2
Check: Rd line widths
Result: NOTE
    Rd file 'cv.lars.Rd':
     \usage lines wider than 90 characters:
     trace = FALSE, plot.it = TRUE, se = TRUE,type = c("lasso", "lar", "forward.stagewise", "stepwise"),
    
    Rd file 'lars.Rd':
     \usage lines wider than 90 characters:
     trace = FALSE, normalize = TRUE, intercept = TRUE, Gram, eps = .Machine$double.eps, max.steps, use.Gram = TRUE)
    
    Rd file 'plot.lars.Rd':
     \usage lines wider than 90 characters:
     plot(x, xvar= c("norm", "df", "arc.length", "step"), breaks = TRUE, plottype = c("coefficients",
    
    These lines will be truncated in the PDF manual.
Flavors: r-devel-linux-x86_64-debian-clang, r-devel-linux-x86_64-debian-gcc, r-devel-linux-x86_64-fedora-clang, r-devel-linux-x86_64-fedora-gcc, r-patched-linux-x86_64, r-release-linux-x86_64