CRAN Package Check Results for Package lars

Last updated on 2014-04-21 12:31:34.

Flavor Version Tinstall Tcheck Ttotal Status Flags
r-devel-linux-x86_64-debian-clang 1.2 0.93 11.78 12.71 OK
r-devel-linux-x86_64-debian-gcc 1.2 0.91 11.63 12.54 OK
r-devel-linux-x86_64-fedora-clang 1.2 23.97 NOTE
r-devel-linux-x86_64-fedora-gcc 1.2 22.63 NOTE
r-devel-osx-x86_64-clang 1.2 24.17 OK
r-devel-osx-x86_64-gcc 1.2 OK
r-devel-windows-ix86+x86_64 1.2 5.00 25.00 30.00 OK
r-patched-linux-x86_64 1.2 0.90 11.94 12.83 OK
r-patched-solaris-sparc 1.2 142.10 OK
r-patched-solaris-x86 1.2 36.10 OK
r-release-linux-x86_64 1.2 0.97 11.81 12.78 OK
r-release-osx-x86_64-mavericks 1.2 OK
r-release-windows-ix86+x86_64 1.2 11.00 31.00 42.00 OK
r-oldrel-windows-ix86+x86_64 1.2 5.00 25.00 30.00 OK

Check Details

Version: 1.2
Check: Rd line widths
Result: NOTE
    Rd file 'cv.lars.Rd':
     \usage lines wider than 90 characters:
     trace = FALSE, plot.it = TRUE, se = TRUE,type = c("lasso", "lar", "forward.stagewise", "stepwise"),
    
    Rd file 'lars.Rd':
     \usage lines wider than 90 characters:
     trace = FALSE, normalize = TRUE, intercept = TRUE, Gram, eps = .Machine$double.eps, max.steps, use.Gram = TRUE)
    
    Rd file 'plot.lars.Rd':
     \usage lines wider than 90 characters:
     plot(x, xvar= c("norm", "df", "arc.length", "step"), breaks = TRUE, plottype = c("coefficients",
    
    These lines will be truncated in the PDF manual.
Flavors: r-devel-linux-x86_64-fedora-clang, r-devel-linux-x86_64-fedora-gcc