CRAN Package Check Results for Package lars

Last updated on 2014-09-30 17:48:28.

Flavor Version Tinstall Tcheck Ttotal Status Flags
r-devel-linux-x86_64-debian-clang 1.2 0.92 12.01 12.93 NOTE
r-devel-linux-x86_64-debian-gcc 1.2 0.93 11.78 12.71 NOTE
r-devel-linux-x86_64-fedora-clang 1.2 25.11 NOTE
r-devel-linux-x86_64-fedora-gcc 1.2 23.88 NOTE
r-devel-osx-x86_64-clang 1.2 26.30 OK
r-devel-windows-ix86+x86_64 1.2 5.00 24.00 29.00 OK
r-patched-linux-x86_64 1.2 0.96 11.83 12.79 NOTE
r-patched-solaris-sparc 1.2 144.20 OK
r-patched-solaris-x86 1.2 38.10 OK
r-release-linux-ix86 1.2 1.37 17.87 19.24 OK
r-release-linux-x86_64 1.2 0.92 11.89 12.81 NOTE
r-release-osx-x86_64-mavericks 1.2 OK
r-release-windows-ix86+x86_64 1.2 6.00 25.00 31.00 OK
r-oldrel-windows-ix86+x86_64 1.2 5.00 25.00 30.00 OK

Check Details

Version: 1.2
Check: Rd line widths
Result: NOTE
    Rd file 'cv.lars.Rd':
     \usage lines wider than 90 characters:
     trace = FALSE, plot.it = TRUE, se = TRUE,type = c("lasso", "lar", "forward.stagewise", "stepwise"),
    
    Rd file 'lars.Rd':
     \usage lines wider than 90 characters:
     trace = FALSE, normalize = TRUE, intercept = TRUE, Gram, eps = .Machine$double.eps, max.steps, use.Gram = TRUE)
    
    Rd file 'plot.lars.Rd':
     \usage lines wider than 90 characters:
     plot(x, xvar= c("norm", "df", "arc.length", "step"), breaks = TRUE, plottype = c("coefficients",
    
    These lines will be truncated in the PDF manual.
Flavors: r-devel-linux-x86_64-debian-clang, r-devel-linux-x86_64-debian-gcc, r-devel-linux-x86_64-fedora-clang, r-devel-linux-x86_64-fedora-gcc, r-patched-linux-x86_64, r-release-linux-x86_64