CRAN Package Check Results for Package laser

Last updated on 2015-04-27 05:47:35.

Flavor Version Tinstall Tcheck Ttotal Status Flags
r-devel-linux-x86_64-debian-clang 2.4-1 1.29 23.02 24.31 NOTE
r-devel-linux-x86_64-debian-gcc 2.4-1 1.27 22.98 24.25 NOTE
r-devel-linux-x86_64-fedora-clang 2.4-1 47.64 NOTE
r-devel-linux-x86_64-fedora-gcc 2.4-1 44.42 NOTE
r-devel-osx-x86_64-clang 2.4-1 45.31 NOTE
r-devel-windows-ix86+x86_64 2.4-1 5.00 36.00 41.00 NOTE
r-patched-linux-x86_64 2.4-1 1.34 22.07 23.42 NOTE
r-patched-solaris-sparc 2.4-1 289.70 NOTE
r-patched-solaris-x86 2.4-1 62.10 NOTE
r-release-linux-x86_64 2.4-1 1.33 22.89 24.22 NOTE
r-release-osx-x86_64-mavericks 2.4-1 NOTE
r-release-osx-x86_64-snowleopard 2.4-1 NOTE
r-release-windows-ix86+x86_64 2.4-1 5.00 35.00 40.00 NOTE
r-oldrel-windows-ix86+x86_64 2.4-1 6.00 44.00 50.00 NOTE

Check Details

Version: 2.4-1
Check: dependencies in R code
Result: NOTE
    Packages in Depends field not imported from:
     ‘ape’ ‘geiger’
     These packages need to be imported from (in the NAMESPACE file)
     for when this namespace is loaded but not attached.
Flavors: r-devel-linux-x86_64-debian-clang, r-devel-linux-x86_64-debian-gcc, r-devel-linux-x86_64-fedora-clang, r-devel-linux-x86_64-fedora-gcc, r-devel-osx-x86_64-clang, r-devel-windows-ix86+x86_64, r-patched-solaris-sparc, r-patched-solaris-x86, r-release-osx-x86_64-mavericks, r-release-osx-x86_64-snowleopard, r-release-windows-ix86+x86_64, r-oldrel-windows-ix86+x86_64

Version: 2.4-1
Check: R code for possible problems
Result: NOTE
    birthdeathSim: no visible global function definition for ‘sim.bdtree’
    birthdeathSim: no visible binding for global variable ‘drop.tip’
    birthdeathSim : fx: no visible global function definition for
     ‘branching.times’
    getBtimes: no visible global function definition for ‘read.tree’
    getBtimes: no visible global function definition for ‘is.ultrametric’
    getBtimes: no visible global function definition for ‘branching.times’
    getBtimes.batch : btfx: no visible global function definition for
     ‘branching.times’
    getBtimes.batch: no visible global function definition for ‘read.tree’
    getBtimes.batch: no visible binding for global variable
     ‘branching.times’
    mccrTest: no visible global function definition for ‘sim.bdtree’
    mccrTest: no visible global function definition for ‘drop.tip’
    mccrTest: no visible global function definition for ‘read.tree’
    mccrTest: no visible binding for global variable ‘gammaStat’
    plotNodeNumbers.phylo: no visible global function definition for
     ‘plot.phylo’
Flavors: r-devel-linux-x86_64-debian-clang, r-devel-linux-x86_64-debian-gcc, r-devel-linux-x86_64-fedora-clang, r-devel-linux-x86_64-fedora-gcc, r-devel-osx-x86_64-clang, r-devel-windows-ix86+x86_64, r-patched-solaris-sparc, r-patched-solaris-x86, r-release-osx-x86_64-mavericks, r-release-osx-x86_64-snowleopard, r-release-windows-ix86+x86_64, r-oldrel-windows-ix86+x86_64