CRAN Package Check Results for Package laser

Last updated on 2015-03-02 19:52:18.

Flavor Version Tinstall Tcheck Ttotal Status Flags
r-devel-linux-x86_64-debian-clang 2.4-1 1.34 22.34 23.68 NOTE
r-devel-linux-x86_64-debian-gcc 2.4-1 1.47 22.02 23.49 NOTE
r-devel-linux-x86_64-fedora-clang 2.4-1 47.15 NOTE
r-devel-linux-x86_64-fedora-gcc 2.4-1 45.46 NOTE
r-devel-osx-x86_64-clang 2.4-1 46.44 NOTE
r-devel-windows-ix86+x86_64 2.4-1 13.00 49.00 62.00 NOTE
r-patched-linux-x86_64 2.4-1 2.00 28.51 30.51 NOTE
r-patched-solaris-sparc 2.4-1 342.70 NOTE
r-patched-solaris-x86 2.4-1 81.50 NOTE
r-release-linux-ix86 2.4-1 2.04 34.73 36.78 NOTE
r-release-linux-x86_64 2.4-1 1.85 28.65 30.50 NOTE
r-release-osx-x86_64-mavericks 2.4-1 NOTE
r-release-osx-x86_64-snowleopard 2.4-1 ERROR
r-release-windows-ix86+x86_64 2.4-1 14.00 51.00 65.00 NOTE
r-oldrel-windows-ix86+x86_64 2.4-1 9.00 68.00 77.00 NOTE

Check Details

Version: 2.4-1
Check: dependencies in R code
Result: NOTE
    Packages in Depends field not imported from:
     ‘ape’ ‘geiger’
     These packages need to be imported from (in the NAMESPACE file)
     for when this namespace is loaded but not attached.
Flavors: r-devel-linux-x86_64-debian-clang, r-devel-linux-x86_64-debian-gcc, r-devel-linux-x86_64-fedora-clang, r-devel-linux-x86_64-fedora-gcc, r-devel-osx-x86_64-clang, r-devel-windows-ix86+x86_64, r-patched-linux-x86_64, r-patched-solaris-x86

Version: 2.4-1
Check: R code for possible problems
Result: NOTE
    birthdeathSim: no visible global function definition for ‘sim.bdtree’
    birthdeathSim: no visible binding for global variable ‘drop.tip’
    birthdeathSim : fx: no visible global function definition for
     ‘branching.times’
    getBtimes: no visible global function definition for ‘read.tree’
    getBtimes: no visible global function definition for ‘is.ultrametric’
    getBtimes: no visible global function definition for ‘branching.times’
    getBtimes.batch : btfx: no visible global function definition for
     ‘branching.times’
    getBtimes.batch: no visible global function definition for ‘read.tree’
    getBtimes.batch: no visible binding for global variable
     ‘branching.times’
    mccrTest: no visible global function definition for ‘sim.bdtree’
    mccrTest: no visible global function definition for ‘drop.tip’
    mccrTest: no visible global function definition for ‘read.tree’
    mccrTest: no visible binding for global variable ‘gammaStat’
    plotNodeNumbers.phylo: no visible global function definition for
     ‘plot.phylo’
Flavors: r-devel-linux-x86_64-debian-clang, r-devel-linux-x86_64-debian-gcc, r-devel-linux-x86_64-fedora-clang, r-devel-linux-x86_64-fedora-gcc, r-devel-osx-x86_64-clang, r-devel-windows-ix86+x86_64, r-patched-linux-x86_64, r-patched-solaris-sparc, r-patched-solaris-x86, r-release-linux-ix86, r-release-linux-x86_64, r-release-osx-x86_64-mavericks, r-release-windows-ix86+x86_64

Version: 2.4-1
Check: dependencies in R code
Result: NOTE
    Packages in Depends field not imported from:
     ‘ape’ ‘geiger’
     These packages need to be imported from (in the NAMESPACE file)
     for when this namespace is loaded but not attached.
    See the information on DESCRIPTION files in the chapter ‘Creating R
    packages’ of the ‘Writing R Extensions’ manual.
Flavors: r-patched-solaris-sparc, r-release-linux-ix86, r-release-linux-x86_64, r-release-osx-x86_64-mavericks, r-release-windows-ix86+x86_64, r-oldrel-windows-ix86+x86_64

Version: 2.4-1
Check: whether package can be installed
Result: ERROR
    Installation failed.
Flavor: r-release-osx-x86_64-snowleopard