CRAN Package Check Results for Package laser

Last updated on 2014-07-24 19:49:04.

Flavor Version Tinstall Tcheck Ttotal Status Flags
r-devel-linux-x86_64-debian-clang 2.4-1 1.71 27.84 29.55 NOTE
r-devel-linux-x86_64-debian-gcc 2.4-1 1.70 27.74 29.44 NOTE
r-devel-linux-x86_64-fedora-clang 2.4-1 66.88 NOTE
r-devel-linux-x86_64-fedora-gcc 2.4-1 61.51 NOTE
r-devel-osx-x86_64-clang 2.4-1 58.16 NOTE
r-devel-windows-ix86+x86_64 2.4-1 8.00 45.00 53.00 NOTE
r-patched-linux-x86_64 2.4-1 1.66 28.06 29.73 NOTE
r-patched-solaris-sparc 2.4-1 338.10 NOTE
r-patched-solaris-x86 2.4-1 78.60 NOTE
r-release-linux-ix86 2.4-1 2.20 36.36 38.56 NOTE
r-release-linux-x86_64 2.4-1 1.86 28.18 30.03 NOTE
r-release-osx-x86_64-mavericks 2.4-1 NOTE
r-release-osx-x86_64-snowleopard 2.4-1 ERROR
r-release-windows-ix86+x86_64 2.4-1 6.00 45.00 51.00 NOTE
r-oldrel-windows-ix86+x86_64 2.4-1 6.00 46.00 52.00 NOTE

Check Details

Version: 2.4-1
Check: dependencies in R code
Result: NOTE
    Packages in Depends field not imported from:
     ‘ape’ ‘geiger’
     These packages need to be imported from (in the NAMESPACE file)
     for when this namespace is loaded but not attached.
    See the information on DESCRIPTION files in the chapter ‘Creating R
    packages’ of the ‘Writing R Extensions’ manual.
Flavors: r-devel-linux-x86_64-debian-clang, r-devel-linux-x86_64-debian-gcc, r-devel-linux-x86_64-fedora-clang, r-devel-linux-x86_64-fedora-gcc, r-devel-osx-x86_64-clang, r-devel-windows-ix86+x86_64, r-patched-linux-x86_64, r-patched-solaris-sparc, r-patched-solaris-x86, r-release-linux-ix86, r-release-linux-x86_64, r-release-osx-x86_64-mavericks, r-release-windows-ix86+x86_64, r-oldrel-windows-ix86+x86_64

Version: 2.4-1
Check: whether package can be installed
Result: ERROR
    Installation failed.
    See ‘/Volumes/XT3/Builds/R-dev-web/QA/Simon/packages/snowleopard-x86_64/results/3.1/laser.Rcheck/00install.out’ for details.
Flavor: r-release-osx-x86_64-snowleopard