CRAN Package Check Results for Package laser

Last updated on 2014-04-23 20:47:14.

Flavor Version Tinstall Tcheck Ttotal Status Flags
r-devel-linux-x86_64-debian-clang 2.4-1 1.81 29.41 31.22 NOTE
r-devel-linux-x86_64-debian-gcc 2.4-1 1.80 29.25 31.06 NOTE
r-devel-linux-x86_64-fedora-clang 2.4-1 63.10 NOTE
r-devel-linux-x86_64-fedora-gcc 2.4-1 59.74 NOTE
r-devel-osx-x86_64-clang 2.4-1 56.38 NOTE
r-devel-osx-x86_64-gcc 2.4-1 NOTE
r-devel-windows-ix86+x86_64 2.4-1 8.00 46.00 54.00 NOTE
r-patched-linux-x86_64 2.4-1 1.91 29.58 31.48 NOTE
r-patched-solaris-sparc 2.4-1 338.10 NOTE
r-patched-solaris-x86 2.4-1 79.00 NOTE
r-release-linux-ix86 2.4-1 3.00 50.00 53.00 NOTE
r-release-linux-x86_64 2.4-1 1.80 30.10 31.90 NOTE
r-release-osx-x86_64-mavericks 2.4-1 WARN
r-release-osx-x86_64-snowleopard 2.4-1 ERROR
r-release-windows-ix86+x86_64 2.4-1 6.00 46.00 52.00 NOTE
r-oldrel-windows-ix86+x86_64 2.4-1 8.00 46.00 54.00 NOTE

Check Details

Version: 2.4-1
Check: dependencies in R code
Result: NOTE
    Packages in Depends field not imported from:
     ‘ape’ ‘geiger’
     These packages need to be imported from (in the NAMESPACE file)
     for when this namespace is loaded but not attached.
    See the information on DESCRIPTION files in the chapter ‘Creating R
    packages’ of the ‘Writing R Extensions’ manual.
Flavors: r-devel-linux-x86_64-debian-clang, r-devel-linux-x86_64-debian-gcc, r-devel-linux-x86_64-fedora-clang, r-devel-linux-x86_64-fedora-gcc, r-devel-osx-x86_64-clang, r-devel-osx-x86_64-gcc, r-devel-windows-ix86+x86_64, r-patched-linux-x86_64, r-patched-solaris-sparc, r-patched-solaris-x86, r-release-linux-ix86, r-release-linux-x86_64, r-release-osx-x86_64-mavericks, r-release-windows-ix86+x86_64, r-oldrel-windows-ix86+x86_64

Version: 2.4-1
Check: PDF version of manual
Result: WARNING
    LaTeX errors when creating PDF version.
    This typically indicates Rd problems.
    LaTeX errors found:
    ! LaTeX Error: File `upquote.sty' not found.
    
    Type X to quit or <RETURN> to proceed,
    or enter new name. (Default extension: sty)
    
    c04bc8/Rd2.tex:8: ==> Fatal error occurred, no output PDF file produced!
Flavor: r-release-osx-x86_64-mavericks

Version: 2.4-1
Check: whether package can be installed
Result: ERROR
    Installation failed.
    See ‘/Volumes/XT3/Builds/R-dev-web/QA/Simon/packages/snowleopard-x86_64/results/3.1/laser.Rcheck/00install.out’ for details.
Flavor: r-release-osx-x86_64-snowleopard