CRAN Package Check Results for Package laser

Last updated on 2014-12-20 03:49:34.

Flavor Version Tinstall Tcheck Ttotal Status Flags
r-devel-linux-x86_64-debian-clang 2.4-1 1.74 27.38 29.12 NOTE
r-devel-linux-x86_64-debian-gcc 2.4-1 1.57 26.18 27.75 NOTE
r-devel-linux-x86_64-fedora-clang 2.4-1 63.66 NOTE
r-devel-linux-x86_64-fedora-gcc 2.4-1 55.46 NOTE
r-devel-osx-x86_64-clang 2.4-1 56.88 NOTE
r-devel-windows-ix86+x86_64 2.4-1 8.00 47.00 55.00 NOTE
r-patched-linux-x86_64 2.4-1 1.62 27.70 29.31 NOTE
r-patched-solaris-sparc 2.4-1 346.80 NOTE
r-patched-solaris-x86 2.4-1 78.60 NOTE
r-release-linux-ix86 2.4-1 2.02 34.11 36.13 NOTE
r-release-linux-x86_64 2.4-1 1.63 27.93 29.56 NOTE
r-release-osx-x86_64-mavericks 2.4-1 NOTE
r-release-osx-x86_64-snowleopard 2.4-1 ERROR
r-release-windows-ix86+x86_64 2.4-1 7.00 44.00 51.00 NOTE
r-oldrel-windows-ix86+x86_64 2.4-1 9.00 52.00 61.00 NOTE

Check Details

Version: 2.4-1
Check: dependencies in R code
Result: NOTE
    Packages in Depends field not imported from:
     ‘ape’ ‘geiger’
     These packages need to be imported from (in the NAMESPACE file)
     for when this namespace is loaded but not attached.
    See the information on DESCRIPTION files in the chapter ‘Creating R
    packages’ of the ‘Writing R Extensions’ manual.
Flavors: r-devel-linux-x86_64-debian-clang, r-devel-linux-x86_64-debian-gcc, r-devel-linux-x86_64-fedora-clang, r-devel-linux-x86_64-fedora-gcc, r-devel-osx-x86_64-clang, r-devel-windows-ix86+x86_64, r-patched-linux-x86_64, r-patched-solaris-sparc, r-patched-solaris-x86, r-release-linux-ix86, r-release-linux-x86_64, r-release-osx-x86_64-mavericks, r-release-windows-ix86+x86_64, r-oldrel-windows-ix86+x86_64

Version: 2.4-1
Check: R code for possible problems
Result: NOTE
    birthdeathSim: no visible global function definition for ‘sim.bdtree’
    birthdeathSim: no visible binding for global variable ‘drop.tip’
    birthdeathSim : fx: no visible global function definition for
     ‘branching.times’
    getBtimes: no visible global function definition for ‘read.tree’
    getBtimes: no visible global function definition for ‘is.ultrametric’
    getBtimes: no visible global function definition for ‘branching.times’
    getBtimes.batch : btfx: no visible global function definition for
     ‘branching.times’
    getBtimes.batch: no visible global function definition for ‘read.tree’
    getBtimes.batch: no visible binding for global variable
     ‘branching.times’
    mccrTest: no visible global function definition for ‘sim.bdtree’
    mccrTest: no visible global function definition for ‘drop.tip’
    mccrTest: no visible global function definition for ‘read.tree’
    mccrTest: no visible binding for global variable ‘gammaStat’
    plotNodeNumbers.phylo: no visible global function definition for
     ‘plot.phylo’
Flavors: r-devel-linux-x86_64-debian-clang, r-devel-linux-x86_64-debian-gcc, r-devel-linux-x86_64-fedora-clang, r-devel-linux-x86_64-fedora-gcc, r-devel-osx-x86_64-clang, r-devel-windows-ix86+x86_64, r-patched-linux-x86_64, r-patched-solaris-sparc, r-patched-solaris-x86, r-release-linux-ix86, r-release-linux-x86_64, r-release-windows-ix86+x86_64

Version: 2.4-1
Check: whether package can be installed
Result: ERROR
    Installation failed.
Flavor: r-release-osx-x86_64-snowleopard