CRAN Package Check Results for Package lasso2

Last updated on 2015-03-03 22:48:21.

Flavor Version Tinstall Tcheck Ttotal Status Flags
r-devel-linux-x86_64-debian-clang 1.2-19 1.46 17.06 18.52 NOTE
r-devel-linux-x86_64-debian-gcc 1.2-19 1.81 16.34 18.14 NOTE
r-devel-linux-x86_64-fedora-clang 1.2-19 35.61 NOTE
r-devel-linux-x86_64-fedora-gcc 1.2-19 33.77 NOTE
r-devel-osx-x86_64-clang 1.2-19 37.06 NOTE
r-devel-windows-ix86+x86_64 1.2-19 8.00 34.00 42.00 NOTE
r-patched-linux-x86_64 1.2-19 2.02 17.33 19.34 OK
r-patched-solaris-sparc 1.2-19 242.40 OK
r-patched-solaris-x86 1.2-19 53.20 OK
r-release-linux-ix86 1.2-19 2.15 25.80 27.95 OK
r-release-linux-x86_64 1.2-19 1.94 17.73 19.67 OK
r-release-osx-x86_64-mavericks 1.2-19 OK
r-release-osx-x86_64-snowleopard 1.2-19 OK
r-release-windows-ix86+x86_64 1.2-19 6.00 46.00 52.00 OK
r-oldrel-windows-ix86+x86_64 1.2-19 6.00 34.00 40.00 OK

Check Details

Version: 1.2-19
Check: DESCRIPTION meta-information
Result: NOTE
    Malformed Description field: should contain one or more complete sentences.
Flavors: r-devel-linux-x86_64-debian-clang, r-devel-linux-x86_64-debian-gcc, r-devel-linux-x86_64-fedora-clang, r-devel-linux-x86_64-fedora-gcc, r-devel-osx-x86_64-clang, r-devel-windows-ix86+x86_64

Version: 1.2-19
Check: S3 generic/method consistency
Result: NOTE
    Found the following apparent S3 methods exported but not registered:
     merge.formula
    See section ‘Registering S3 methods’ in the ‘Writing R Extensions’
    manual.
Flavors: r-devel-linux-x86_64-debian-clang, r-devel-linux-x86_64-debian-gcc, r-devel-linux-x86_64-fedora-clang, r-devel-linux-x86_64-fedora-gcc, r-devel-osx-x86_64-clang