CRAN Package Check Results for Package lasso2

Last updated on 2015-04-28 06:46:37.

Flavor Version Tinstall Tcheck Ttotal Status Flags
r-devel-linux-x86_64-debian-clang 1.2-19 1.57 16.85 18.42 NOTE
r-devel-linux-x86_64-debian-gcc 1.2-19 1.81 16.46 18.26 NOTE
r-devel-linux-x86_64-fedora-clang 1.2-19 35.77 NOTE
r-devel-linux-x86_64-fedora-gcc 1.2-19 33.83 NOTE
r-devel-osx-x86_64-clang 1.2-19 36.85 NOTE
r-devel-windows-ix86+x86_64 1.2-19 8.00 34.00 42.00 NOTE
r-patched-linux-x86_64 1.2-19 1.80 16.65 18.45 NOTE
r-patched-solaris-sparc 1.2-19 218.90 NOTE
r-patched-solaris-x86 1.2-19 47.30 NOTE
r-release-linux-x86_64 1.2-19 1.83 16.38 18.21 NOTE
r-release-osx-x86_64-mavericks 1.2-19 NOTE
r-release-osx-x86_64-snowleopard 1.2-19 NOTE
r-release-windows-ix86+x86_64 1.2-19 6.00 36.00 42.00 NOTE
r-oldrel-windows-ix86+x86_64 1.2-19 10.00 35.00 45.00 OK

Check Details

Version: 1.2-19
Check: DESCRIPTION meta-information
Result: NOTE
    Malformed Description field: should contain one or more complete sentences.
Flavors: r-devel-linux-x86_64-debian-clang, r-devel-linux-x86_64-debian-gcc, r-devel-linux-x86_64-fedora-clang, r-devel-linux-x86_64-fedora-gcc, r-devel-osx-x86_64-clang, r-devel-windows-ix86+x86_64, r-patched-solaris-sparc, r-patched-solaris-x86, r-release-linux-x86_64, r-release-osx-x86_64-mavericks, r-release-osx-x86_64-snowleopard, r-release-windows-ix86+x86_64

Version: 1.2-19
Check: S3 generic/method consistency
Result: NOTE
    Found the following apparent S3 methods exported but not registered:
     merge.formula
    See section ‘Registering S3 methods’ in the ‘Writing R Extensions’
    manual.
Flavors: r-devel-linux-x86_64-debian-clang, r-devel-linux-x86_64-debian-gcc, r-devel-linux-x86_64-fedora-clang, r-devel-linux-x86_64-fedora-gcc, r-devel-osx-x86_64-clang, r-patched-solaris-x86, r-release-linux-x86_64