CRAN Package Check Results for Package lasso2

Last updated on 2014-04-24 23:48:05.

Flavor Version Tinstall Tcheck Ttotal Status Flags
r-devel-linux-x86_64-debian-clang 1.2-18 1.48 16.74 18.23 OK
r-devel-linux-x86_64-debian-gcc 1.2-18 1.74 16.43 18.17 OK
r-devel-linux-x86_64-fedora-clang 1.2-18 36.19 OK
r-devel-linux-x86_64-fedora-gcc 1.2-18 19.97 ERROR
r-devel-osx-x86_64-clang 1.2-18 32.82 OK
r-devel-osx-x86_64-gcc 1.2-18 OK
r-devel-windows-ix86+x86_64 1.2-18 6.00 32.00 38.00 OK
r-patched-linux-x86_64 1.2-18 1.74 16.27 18.02 OK
r-patched-solaris-sparc 1.2-18 200.00 OK
r-patched-solaris-x86 1.2-18 53.20 OK
r-release-linux-ix86 1.2-18 2.00 34.00 36.00 OK
r-release-linux-x86_64 1.2-18 1.75 16.64 18.39 OK
r-release-osx-x86_64-mavericks 1.2-18 OK
r-release-osx-x86_64-snowleopard 1.2-18 OK
r-release-windows-ix86+x86_64 1.2-18 12.00 42.00 54.00 OK
r-oldrel-windows-ix86+x86_64 1.2-18 6.00 33.00 39.00 OK

Memtest notes: ASAN valgrind

Check Details

Version: 1.2-18
Check: tests
Result: ERROR
    Running the tests in ‘tests/l1ce-tst.R’ failed.
    Last 13 lines of output:
     > sum(resid(l15)^2) / sum(eps^2)
     [1] 2.341508e-25
     >
     > ## Lower the bounds dramatically now:
     > l1.lis <- l1ce(y ~ ., data = d.ex, bound = seq(1e-5, 0.1, len=21))
    
     *** caught segfault ***
     address 0x3688000, cause 'memory not mapped'
    
     Traceback:
     1: .C("mult_lasso", X = as.double(X.to.C), n = n, p = p, bound = as.double(bound[ordered.bound]), l = num.bound, coefficients = as.double(guess.constraint.coefficients), Y = as.double(Y.to.C), fitted.values = double(n * num.bound), residuals = double(n * num.bound), Lagrangian = double(num.bound), success = integer(1), trace = trace, PACKAGE = "lasso2")
     2: l1ce(y ~ ., data = d.ex, bound = seq(1e-05, 0.1, len = 21))
     aborting ...
Flavor: r-devel-linux-x86_64-fedora-gcc