CRAN Package Check Results for Package latdiag

Last updated on 2014-07-24 03:48:50.

Flavor Version Tinstall Tcheck Ttotal Status Flags
r-devel-linux-x86_64-debian-clang 0.2 0.48 11.48 11.96 OK
r-devel-linux-x86_64-debian-gcc 0.2 0.46 11.36 11.82 OK
r-devel-linux-x86_64-fedora-clang 0.2 30.59 NOTE
r-devel-linux-x86_64-fedora-gcc 0.2 27.37 NOTE
r-devel-osx-x86_64-clang 0.2 27.24 OK
r-devel-windows-ix86+x86_64 0.2 2.00 21.00 23.00 OK
r-patched-linux-x86_64 0.2 0.49 12.11 12.60 OK
r-patched-solaris-sparc 0.2 148.20 OK
r-patched-solaris-x86 0.2 38.30 OK
r-release-linux-ix86 0.2 0.78 18.21 18.99 OK
r-release-linux-x86_64 0.2 0.50 11.86 12.36 OK
r-release-osx-x86_64-mavericks 0.2 OK
r-release-windows-ix86+x86_64 0.2 2.00 19.00 21.00 OK
r-oldrel-windows-ix86+x86_64 0.2 3.00 19.00 22.00 OK

Check Details

Version: 0.2
Check: Rd line widths
Result: NOTE
    Rd file 'draw.latent.Rd':
     \usage lines wider than 90 characters:
     draw.latent(mat, rootname = NULL, threshold = 0, which.npos = NULL, labels = NULL, reorder = TRUE)
    
    These lines will be truncated in the PDF manual.
Flavors: r-devel-linux-x86_64-fedora-clang, r-devel-linux-x86_64-fedora-gcc