CRAN Package Check Results for Package latdiag

Last updated on 2015-07-07 06:46:37.

Flavor Version Tinstall Tcheck Ttotal Status Flags
r-devel-linux-x86_64-debian-clang 0.2-1 0.45 8.72 9.17 NOTE
r-devel-linux-x86_64-debian-gcc 0.2-1 0.45 8.56 9.01 NOTE
r-devel-linux-x86_64-fedora-clang 0.2-1 16.97 NOTE
r-devel-linux-x86_64-fedora-gcc 0.2-1 15.80 NOTE
r-devel-osx-x86_64-clang 0.2-1 17.48 NOTE
r-devel-windows-ix86+x86_64 0.2-1 2.00 26.00 28.00 NOTE
r-patched-linux-x86_64 0.2-1 0.48 9.00 9.48 NOTE
r-patched-solaris-sparc 0.2-1 115.00 NOTE
r-patched-solaris-x86 0.2-1 25.90 NOTE
r-release-linux-x86_64 0.2-1 0.48 8.66 9.13 NOTE
r-release-osx-x86_64-mavericks 0.2-1 NOTE
r-release-windows-ix86+x86_64 0.2-1 2.00 16.00 18.00 NOTE
r-oldrel-windows-ix86+x86_64 0.2-1 5.00 17.00 22.00 OK

Check Details

Version: 0.2-1
Check: DESCRIPTION meta-information
Result: NOTE
    Malformed Description field: should contain one or more complete sentences.
Flavors: r-devel-linux-x86_64-debian-clang, r-devel-linux-x86_64-debian-gcc, r-devel-linux-x86_64-fedora-clang, r-devel-linux-x86_64-fedora-gcc, r-devel-osx-x86_64-clang, r-devel-windows-ix86+x86_64, r-patched-linux-x86_64, r-patched-solaris-sparc, r-patched-solaris-x86, r-release-linux-x86_64, r-release-osx-x86_64-mavericks, r-release-windows-ix86+x86_64