CRAN Package Check Results for Package latdiag

Last updated on 2015-03-31 23:49:35.

Flavor Version Tinstall Tcheck Ttotal Status Flags
r-devel-linux-x86_64-debian-clang 0.2-1 0.51 9.54 10.05 NOTE
r-devel-linux-x86_64-debian-gcc 0.2-1 0.48 8.82 9.30 NOTE
r-devel-linux-x86_64-fedora-clang 0.2-1 18.18 NOTE
r-devel-linux-x86_64-fedora-gcc 0.2-1 17.35 NOTE
r-devel-osx-x86_64-clang 0.2-1 23.82 NOTE
r-prerel-windows-ix86+x86_64 0.2-1 3.00 14.00 17.00 NOTE
r-prerel-linux-x86_64 0.2-1 0.52 9.40 9.92 NOTE
r-prerel-solaris-sparc 0.2-1 113.90 NOTE
r-prerel-solaris-x86 0.2-1 25.60 NOTE
r-release-linux-x86_64 0.2-1 0.54 9.13 9.67 OK
r-release-osx-x86_64-mavericks 0.2-1 OK
r-release-osx-x86_64-snowleopard 0.2-1 OK
r-release-windows-ix86+x86_64 0.2-1 5.00 17.00 22.00 OK
r-oldrel-windows-ix86+x86_64 0.2-1 2.00 16.00 18.00 OK

Check Details

Version: 0.2-1
Check: DESCRIPTION meta-information
Result: NOTE
    Malformed Description field: should contain one or more complete sentences.
Flavors: r-devel-linux-x86_64-debian-clang, r-devel-linux-x86_64-debian-gcc, r-devel-linux-x86_64-fedora-clang, r-devel-linux-x86_64-fedora-gcc, r-devel-osx-x86_64-clang, r-prerel-windows-ix86+x86_64, r-prerel-linux-x86_64, r-prerel-solaris-sparc, r-prerel-solaris-x86