CRAN Package Check Results for Package latdiag

Last updated on 2015-04-25 22:46:51.

Flavor Version Tinstall Tcheck Ttotal Status Flags
r-devel-linux-x86_64-debian-clang 0.2-1 0.50 9.07 9.57 NOTE
r-devel-linux-x86_64-debian-gcc 0.2-1 0.48 9.02 9.50 NOTE
r-devel-linux-x86_64-fedora-clang 0.2-1 18.60 NOTE
r-devel-linux-x86_64-fedora-gcc 0.2-1 16.50 NOTE
r-devel-osx-x86_64-clang 0.2-1 20.84 NOTE
r-devel-windows-ix86+x86_64 0.2-1 2.00 16.00 18.00 NOTE
r-patched-linux-x86_64 0.2-1 0.48 8.96 9.44 NOTE
r-patched-solaris-sparc 0.2-1 113.90 NOTE
r-patched-solaris-x86 0.2-1 25.40 NOTE
r-release-linux-x86_64 0.2-1 0.47 9.67 10.14 NOTE
r-release-osx-x86_64-mavericks 0.2-1 NOTE
r-release-osx-x86_64-snowleopard 0.2-1 NOTE
r-release-windows-ix86+x86_64 0.2-1 3.00 16.00 19.00 NOTE
r-oldrel-windows-ix86+x86_64 0.2-1 5.00 17.00 22.00 OK

Check Details

Version: 0.2-1
Check: DESCRIPTION meta-information
Result: NOTE
    Malformed Description field: should contain one or more complete sentences.
Flavors: r-devel-windows-ix86+x86_64, r-release-windows-ix86+x86_64