CRAN Package Check Results for Package latdiag

Last updated on 2014-10-30 23:47:19.

Flavor Version Tinstall Tcheck Ttotal Status Flags
r-devel-linux-x86_64-debian-clang 0.2 0.54 11.52 12.06 NOTE
r-devel-linux-x86_64-debian-gcc 0.2 0.52 11.61 12.13 NOTE
r-devel-linux-x86_64-fedora-clang 0.2 23.71 NOTE
r-devel-linux-x86_64-fedora-gcc 0.2 23.17 NOTE
r-devel-osx-x86_64-clang 0.2 25.43 OK
r-devel-windows-ix86+x86_64 0.2 2.00 17.00 19.00 OK
r-patched-linux-x86_64 0.2 0.56 11.40 11.96 NOTE
r-patched-solaris-sparc 0.2 155.90 OK
r-patched-solaris-x86 0.2 33.40 OK
r-release-linux-ix86 0.2 0.77 18.47 19.24 OK
r-release-linux-x86_64 0.2 0.49 13.05 13.54 NOTE
r-release-osx-x86_64-mavericks 0.2 OK
r-release-windows-ix86+x86_64 0.2 2.00 21.00 23.00 OK
r-oldrel-windows-ix86+x86_64 0.2 2.00 20.00 22.00 OK

Check Details

Version: 0.2
Check: Rd line widths
Result: NOTE
    Rd file 'draw.latent.Rd':
     \usage lines wider than 90 characters:
     draw.latent(mat, rootname = NULL, threshold = 0, which.npos = NULL, labels = NULL, reorder = TRUE)
    
    These lines will be truncated in the PDF manual.
Flavors: r-devel-linux-x86_64-debian-clang, r-devel-linux-x86_64-debian-gcc, r-devel-linux-x86_64-fedora-clang, r-devel-linux-x86_64-fedora-gcc, r-patched-linux-x86_64, r-release-linux-x86_64