CRAN Package Check Results for Package latdiag

Last updated on 2015-05-22 13:46:53.

Flavor Version Tinstall Tcheck Ttotal Status Flags
r-devel-linux-x86_64-debian-clang 0.2-1 0.48 9.54 10.02 NOTE
r-devel-linux-x86_64-debian-gcc 0.2-1 0.49 8.79 9.28 NOTE
r-devel-linux-x86_64-fedora-gcc 0.2-1 16.93 NOTE
r-devel-osx-x86_64-clang 0.2-1 21.28 NOTE
r-devel-windows-ix86+x86_64 0.2-1 3.00 16.00 19.00 NOTE
r-patched-linux-x86_64 0.2-1 0.48 9.05 9.53 NOTE
r-patched-solaris-sparc 0.2-1 113.90 NOTE
r-patched-solaris-x86 0.2-1 26.00 NOTE
r-release-linux-x86_64 0.2-1 0.57 9.28 9.85 NOTE
r-release-osx-x86_64-mavericks 0.2-1 NOTE
r-release-osx-x86_64-snowleopard 0.2-1 NOTE
r-release-windows-ix86+x86_64 0.2-1 3.00 16.00 19.00 NOTE
r-oldrel-windows-ix86+x86_64 0.2-1 5.00 17.00 22.00 OK

Check Details

Version: 0.2-1
Check: DESCRIPTION meta-information
Result: NOTE
    Malformed Description field: should contain one or more complete sentences.
Flavors: r-devel-linux-x86_64-debian-clang, r-devel-linux-x86_64-debian-gcc, r-devel-linux-x86_64-fedora-gcc, r-devel-osx-x86_64-clang, r-devel-windows-ix86+x86_64, r-patched-linux-x86_64, r-patched-solaris-sparc, r-patched-solaris-x86, r-release-linux-x86_64, r-release-osx-x86_64-mavericks, r-release-osx-x86_64-snowleopard, r-release-windows-ix86+x86_64