CRAN Package Check Results for Package latdiag

Last updated on 2014-04-23 12:48:20.

Flavor Version Tinstall Tcheck Ttotal Status Flags
r-devel-linux-x86_64-debian-clang 0.2 0.52 12.38 12.90 OK
r-devel-linux-x86_64-debian-gcc 0.2 0.50 12.18 12.67 OK
r-devel-linux-x86_64-fedora-clang 0.2 27.98 NOTE
r-devel-linux-x86_64-fedora-gcc 0.2 27.29 NOTE
r-devel-osx-x86_64-clang 0.2 25.58 OK
r-devel-osx-x86_64-gcc 0.2 OK
r-devel-windows-ix86+x86_64 0.2 2.00 19.00 21.00 OK
r-patched-linux-x86_64 0.2 0.49 12.52 13.01 OK
r-patched-solaris-sparc 0.2 148.20 OK
r-patched-solaris-x86 0.2 40.50 OK
r-release-linux-ix86 0.2 1.00 25.00 26.00 OK
r-release-linux-x86_64 0.2 0.50 12.16 12.66 OK
r-release-osx-x86_64-mavericks 0.2 WARN
r-release-windows-ix86+x86_64 0.2 2.00 20.00 22.00 OK
r-oldrel-windows-ix86+x86_64 0.2 2.00 19.00 21.00 OK

Check Details

Version: 0.2
Check: Rd line widths
Result: NOTE
    Rd file 'draw.latent.Rd':
     \usage lines wider than 90 characters:
     draw.latent(mat, rootname = NULL, threshold = 0, which.npos = NULL, labels = NULL, reorder = TRUE)
    
    These lines will be truncated in the PDF manual.
Flavors: r-devel-linux-x86_64-fedora-clang, r-devel-linux-x86_64-fedora-gcc

Version: 0.2
Check: PDF version of manual
Result: WARNING
    LaTeX errors when creating PDF version.
    This typically indicates Rd problems.
    LaTeX errors found:
    ! LaTeX Error: File `upquote.sty' not found.
    
    Type X to quit or <RETURN> to proceed,
    or enter new name. (Default extension: sty)
    
    99250a9/Rd2.tex:8: ==> Fatal error occurred, no output PDF file produced!
Flavor: r-release-osx-x86_64-mavericks