CRAN Package Check Results for Package latdiag

Last updated on 2014-12-22 21:47:18.

Flavor Version Tinstall Tcheck Ttotal Status Flags
r-devel-linux-x86_64-debian-clang 0.2 0.54 11.00 11.54 NOTE
r-devel-linux-x86_64-debian-gcc 0.2 0.52 10.56 11.08 NOTE
r-devel-linux-x86_64-fedora-clang 0.2 25.44 NOTE
r-devel-linux-x86_64-fedora-gcc 0.2 24.26 NOTE
r-devel-osx-x86_64-clang 0.2 25.14 OK
r-devel-windows-ix86+x86_64 0.2 2.00 18.00 20.00 OK
r-patched-linux-x86_64 0.2 0.55 10.82 11.38 NOTE
r-patched-solaris-sparc 0.2 135.60 OK
r-patched-solaris-x86 0.2 34.20 OK
r-release-linux-ix86 0.2 0.80 16.20 16.99 OK
r-release-linux-x86_64 0.2 0.54 11.32 11.86 NOTE
r-release-osx-x86_64-mavericks 0.2 OK
r-release-windows-ix86+x86_64 0.2 2.00 18.00 20.00 OK
r-oldrel-windows-ix86+x86_64 0.2 2.00 20.00 22.00 OK

Check Details

Version: 0.2
Check: Rd line widths
Result: NOTE
    Rd file 'draw.latent.Rd':
     \usage lines wider than 90 characters:
     draw.latent(mat, rootname = NULL, threshold = 0, which.npos = NULL, labels = NULL, reorder = TRUE)
    
    These lines will be truncated in the PDF manual.
Flavors: r-devel-linux-x86_64-debian-clang, r-devel-linux-x86_64-debian-gcc, r-devel-linux-x86_64-fedora-clang, r-devel-linux-x86_64-fedora-gcc, r-patched-linux-x86_64, r-release-linux-x86_64