CRAN Package Check Results for Package latdiag

Last updated on 2014-08-01 23:48:21.

Flavor Version Tinstall Tcheck Ttotal Status Flags
r-devel-linux-x86_64-debian-clang 0.2 0.46 11.83 12.29 OK
r-devel-linux-x86_64-debian-gcc 0.2 0.48 11.71 12.19 OK
r-devel-linux-x86_64-fedora-clang 0.2 29.27 NOTE
r-devel-linux-x86_64-fedora-gcc 0.2 26.79 NOTE
r-devel-osx-x86_64-clang 0.2 27.28 OK
r-devel-windows-ix86+x86_64 0.2 2.00 21.00 23.00 OK
r-patched-linux-x86_64 0.2 0.46 11.55 12.01 OK
r-patched-solaris-sparc 0.2 155.90 OK
r-patched-solaris-x86 0.2 39.00 OK
r-release-linux-ix86 0.2 0.77 17.77 18.54 OK
r-release-linux-x86_64 0.2 0.47 12.05 12.52 OK
r-release-osx-x86_64-mavericks 0.2 OK
r-release-windows-ix86+x86_64 0.2 3.00 27.00 30.00 OK
r-oldrel-windows-ix86+x86_64 0.2 4.00 27.00 31.00 OK

Check Details

Version: 0.2
Check: Rd line widths
Result: NOTE
    Rd file 'draw.latent.Rd':
     \usage lines wider than 90 characters:
     draw.latent(mat, rootname = NULL, threshold = 0, which.npos = NULL, labels = NULL, reorder = TRUE)
    
    These lines will be truncated in the PDF manual.
Flavors: r-devel-linux-x86_64-fedora-clang, r-devel-linux-x86_64-fedora-gcc