CRAN Package Check Results for Package latdiag

Last updated on 2016-02-14 06:47:04.

Flavor Version Tinstall Tcheck Ttotal Status Flags
r-devel-linux-x86_64-debian-gcc 0.2-1 0.48 7.87 8.35 NOTE
r-devel-linux-x86_64-fedora-clang 0.2-1 14.91 NOTE
r-devel-linux-x86_64-fedora-gcc 0.2-1 13.69 NOTE
r-devel-osx-x86_64-clang 0.2-1 17.56 NOTE
r-devel-windows-ix86+x86_64 0.2-1 4.00 17.00 21.00 NOTE
r-patched-linux-x86_64 0.2-1 0.57 8.46 9.03 NOTE
r-patched-solaris-sparc 0.2-1 96.20 NOTE
r-patched-solaris-x86 0.2-1 21.70 NOTE
r-release-linux-x86_64 0.2-1 0.49 8.59 9.09 NOTE
r-release-osx-x86_64-mavericks 0.2-1 NOTE
r-release-windows-ix86+x86_64 0.2-1 3.00 15.00 18.00 NOTE
r-oldrel-windows-ix86+x86_64 0.2-1 5.00 17.00 22.00 OK

Check Details

Version: 0.2-1
Check: DESCRIPTION meta-information
Result: NOTE
    Malformed Description field: should contain one or more complete sentences.
Flavors: r-devel-linux-x86_64-debian-gcc, r-devel-linux-x86_64-fedora-clang, r-devel-linux-x86_64-fedora-gcc, r-devel-osx-x86_64-clang, r-devel-windows-ix86+x86_64, r-patched-linux-x86_64, r-patched-solaris-sparc, r-patched-solaris-x86, r-release-linux-x86_64, r-release-osx-x86_64-mavericks, r-release-windows-ix86+x86_64