CRAN Package Check Results for Package latentnet

Last updated on 2015-05-22 19:48:08.

Flavor Version Tinstall Tcheck Ttotal Status Flags
r-devel-linux-x86_64-debian-clang 2.7.0 5.60 77.84 83.44 OK
r-devel-linux-x86_64-debian-gcc 2.7.0 5.50 77.32 82.82 OK
r-devel-linux-x86_64-fedora-clang 2.7.0 160.54 OK
r-devel-linux-x86_64-fedora-gcc 2.7.0 154.83 OK
r-devel-osx-x86_64-clang 2.7.0 138.82 OK
r-devel-windows-ix86+x86_64 2.7.0 33.00 185.00 218.00 OK
r-patched-linux-x86_64 2.7.0 5.61 76.74 82.36 OK
r-patched-solaris-sparc 2.7.0 1056.70 OK
r-patched-solaris-x86 2.7.0 227.20 OK
r-release-linux-x86_64 2.7.0 5.73 79.34 85.07 OK
r-release-osx-x86_64-mavericks 2.7.0 ERROR
r-release-osx-x86_64-snowleopard 2.7.0 ERROR
r-release-windows-ix86+x86_64 2.7.0 26.00 190.00 216.00 OK
r-oldrel-windows-ix86+x86_64 2.7.0 31.00 222.00 253.00 OK

Check Details

Version: 2.7.0
Check: tests
Result: ERROR
    Running the tests in ‘tests/onlymcmc.R’ failed.
    Last 13 lines of output:
     Kirk Li, University of Washington
     Based on "statnet" project software (statnet.org).
     For license and citation information see statnet.org/attribution
     or type citation("latentnet").
     NOTE: BIC calculation prior latentnet 2.7.0 had a bug in the calculation of the effective number of parameters. See help(summary.ergmm) for details.
     >
     > # Also test parallel code.
     > data(sampson)
     > onlymcmc <- ergmm(samplike ~ euclidean(d=2, G=3)+rreceiver,tofit="mcmc",control=control.ergmm(burnin=100,interval=1,sample.size=1000,pilot.runs=0,threads=2))
     Error in makeClusterFT(2, "NWS", ft_verbose = FALSE) :
     unknown cluster type
     Calls: ergmm ... ergmm.MCMC.snowFT -> <Anonymous> -> do.call -> makeClusterFT
     Execution halted
Flavor: r-release-osx-x86_64-mavericks

Version: 2.7.0
Check: package dependencies
Result: ERROR
    Package required and available but unsuitable version: ‘ergm’
    
    Package suggested but not available for checking: ‘heplots’
    
    See section ‘The DESCRIPTION file’ in the ‘Writing R Extensions’
    manual.
Flavor: r-release-osx-x86_64-snowleopard