CRAN Package Check Results for Package latentnet

Last updated on 2014-07-24 03:48:50.

Flavor Version Tinstall Tcheck Ttotal Status Flags
r-devel-linux-x86_64-debian-clang 2.5.1 6.01 88.12 94.13 NOTE
r-devel-linux-x86_64-debian-gcc 2.5.1 6.68 85.07 91.75 NOTE
r-devel-linux-x86_64-fedora-clang 2.5.1 216.17 NOTE
r-devel-linux-x86_64-fedora-gcc 2.5.1 208.34 NOTE
r-devel-osx-x86_64-clang 2.5.1 162.14 NOTE
r-devel-windows-ix86+x86_64 2.5.1 26.00 189.00 215.00 NOTE
r-patched-linux-x86_64 2.5.1 6.77 89.06 95.83 NOTE
r-patched-solaris-sparc 2.5.1 1104.80 NOTE
r-patched-solaris-x86 2.5.1 263.60 NOTE
r-release-linux-ix86 2.5.1 8.25 108.16 116.41 NOTE
r-release-linux-x86_64 2.5.1 6.72 89.82 96.55 NOTE
r-release-osx-x86_64-mavericks 2.5.1 NOTE
r-release-osx-x86_64-snowleopard 2.5.1 NOTE
r-release-windows-ix86+x86_64 2.5.1 27.00 189.00 216.00 NOTE
r-oldrel-windows-ix86+x86_64 2.5.1 29.00 204.00 233.00 NOTE

Memtest notes: UBSAN

Check Details

Version: 2.5.1
Check: dependencies in R code
Result: NOTE
    Unexported objects imported by ':::' calls:
     ‘coda:::as.mcmc.default’ ‘coda:::as.mcmc.list.default’
     ‘coda:::as.mcmc.mcmc.list’
     See the note in ?`:::` about the use of this operator.
    See the information on DESCRIPTION files in the chapter ‘Creating R
    packages’ of the ‘Writing R Extensions’ manual.
Flavors: r-devel-linux-x86_64-debian-clang, r-devel-linux-x86_64-debian-gcc, r-devel-linux-x86_64-fedora-clang, r-devel-linux-x86_64-fedora-gcc, r-devel-osx-x86_64-clang, r-devel-windows-ix86+x86_64, r-patched-linux-x86_64, r-patched-solaris-sparc, r-patched-solaris-x86, r-release-linux-ix86, r-release-linux-x86_64, r-release-osx-x86_64-mavericks, r-release-osx-x86_64-snowleopard, r-release-windows-ix86+x86_64, r-oldrel-windows-ix86+x86_64