CRAN Package Check Results for Package latentnet

Last updated on 2014-09-17 03:47:39.

Flavor Version Tinstall Tcheck Ttotal Status Flags
r-devel-linux-x86_64-debian-clang 2.5.1 6.20 82.54 88.74 NOTE
r-devel-linux-x86_64-debian-gcc 2.5.1 6.48 82.44 88.92 NOTE
r-devel-linux-x86_64-fedora-clang 2.5.1 198.74 NOTE
r-devel-linux-x86_64-fedora-gcc 2.5.1 198.74 NOTE
r-devel-osx-x86_64-clang 2.5.1 152.94 NOTE
r-devel-windows-ix86+x86_64 2.5.1 28.00 175.00 203.00 NOTE
r-patched-linux-x86_64 2.5.1 6.93 86.79 93.72 NOTE
r-patched-solaris-sparc 2.5.1 1192.50 NOTE
r-patched-solaris-x86 2.5.1 263.10 NOTE
r-release-linux-ix86 2.5.1 8.26 109.32 117.58 NOTE
r-release-linux-x86_64 2.5.1 6.74 88.87 95.61 NOTE
r-release-osx-x86_64-mavericks 2.5.1 NOTE
r-release-osx-x86_64-snowleopard 2.5.1 NOTE
r-release-windows-ix86+x86_64 2.5.1 26.00 197.00 223.00 NOTE
r-oldrel-windows-ix86+x86_64 2.5.1 28.00 198.00 226.00 NOTE

Memtest notes: UBSAN-gcc UBSAN

Check Details

Version: 2.5.1
Check: dependencies in R code
Result: NOTE
    Unexported objects imported by ':::' calls:
     ‘coda:::as.mcmc.default’ ‘coda:::as.mcmc.list.default’
     ‘coda:::as.mcmc.mcmc.list’
     See the note in ?`:::` about the use of this operator.
    See the information on DESCRIPTION files in the chapter ‘Creating R
    packages’ of the ‘Writing R Extensions’ manual.
Flavors: r-devel-linux-x86_64-debian-clang, r-devel-linux-x86_64-debian-gcc, r-devel-linux-x86_64-fedora-clang, r-devel-linux-x86_64-fedora-gcc, r-devel-osx-x86_64-clang, r-devel-windows-ix86+x86_64, r-patched-linux-x86_64, r-patched-solaris-sparc, r-patched-solaris-x86, r-release-linux-ix86, r-release-linux-x86_64, r-release-osx-x86_64-mavericks, r-release-osx-x86_64-snowleopard, r-release-windows-ix86+x86_64, r-oldrel-windows-ix86+x86_64

Version: 2.5.1
Check: R code for possible problems
Result: NOTE
    THron3d: no visible global function definition for ‘triangles3d’
    ergmm.MCMC.snowFT: no visible global function definition for
     ‘performParallel’
    ergmm.MCMC.snowFT: no visible binding for global variable ‘path.to.me’
    klswitch.snowFT: no visible binding for global variable ‘path.to.me’
    klswitch.snowFT: no visible global function definition for
     ‘performParallel’
    lpY.Bernoulli.logit: no visible binding for global variable
     ‘nlog.double.eps’
    lpY.binomial.logit: no visible binding for global variable
     ‘nlog.double.eps’
    lpYc.Bernoulli.logit: no visible binding for global variable
     ‘nlog.double.eps’
    lpYc.binomial.logit: no visible binding for global variable
     ‘nlog.double.eps’
    pY.Bernoulli.logit: no visible binding for global variable
     ‘nlog.double.eps’
    plot.ergmm: no visible global function definition for ‘bkde2D’
    plot.ergmm: no visible global function definition for ‘plot3d’
    plot.ergmm: no visible global function definition for ‘text3d’
    plot.ergmm : <anonymous>: no visible global function definition for
     ‘arrow3d’
    plot.ergmm: no visible global function definition for ‘segments3d’
    plot.ergmm: no visible global function definition for ‘spheres3d’
    summary.ergmm: no visible global function definition for
     ‘robust.inverse’
Flavors: r-devel-linux-x86_64-debian-clang, r-devel-linux-x86_64-debian-gcc, r-devel-linux-x86_64-fedora-clang, r-devel-linux-x86_64-fedora-gcc, r-devel-osx-x86_64-clang, r-devel-windows-ix86+x86_64