CRAN Package Check Results for Package latentnet

Last updated on 2015-08-01 08:51:49.

Flavor Version Tinstall Tcheck Ttotal Status Flags
r-devel-linux-x86_64-debian-clang 2.7.1 5.20 72.55 77.75 NOTE
r-devel-linux-x86_64-debian-gcc 2.7.1 6.13 68.29 74.42 NOTE
r-devel-linux-x86_64-fedora-clang 2.7.1 153.50 NOTE
r-devel-linux-x86_64-fedora-gcc 2.7.1 146.40 NOTE
r-devel-osx-x86_64-clang 2.7.1 120.84 OK
r-devel-windows-ix86+x86_64 2.7.1 36.00 169.00 205.00 NOTE
r-patched-linux-x86_64 2.7.1 5.68 72.30 77.98 OK
r-patched-solaris-sparc 2.7.1 971.30 OK
r-patched-solaris-x86 2.7.1 202.90 OK
r-release-linux-x86_64 2.7.1 5.51 70.15 75.66 OK
r-release-osx-x86_64-mavericks 2.7.1 OK
r-release-windows-ix86+x86_64 2.7.1 35.00 181.00 216.00 OK
r-oldrel-windows-ix86+x86_64 2.7.1 45.00 215.00 260.00 OK

Check Details

Version: 2.7.1
Check: R code for possible problems
Result: NOTE
    .ergmm.available.terms: no visible global function definition for
     ‘find’
    .import.ergm.term: no visible global function definition for ‘terms’
    THra3d: no visible global function definition for ‘xyz.coords’
    THron3d: no visible global function definition for ‘xyz.coords’
    clust.homogeneity: no visible global function definition for
     ‘weighted.mean’
    coords.1D: no visible global function definition for ‘rnorm’
    coords.1D: no visible global function definition for ‘sd’
    dlpY.dZ.negative.Euclidean: no visible global function definition for
     ‘dist’
    dlpY.ddispersion.normal.identity: no visible global function definition
     for ‘na.omit’
    dsclinvchisq: no visible global function definition for ‘dchisq’
    ergmm: no visible global function definition for ‘runif’
    ergmm.MCMC.snowFT: no visible global function definition for ‘runif’
    ergmm.drawcircle: no visible global function definition for ‘lines’
    ergmm.drawpie: no visible global function definition for ‘polygon’
    ergmm.initvals: no visible global function definition for ‘cmdscale’
    ergmm.initvals: no visible global function definition for ‘mahalanobis’
    ergmm.initvals: no visible global function definition for ‘cov’
    ergmm.initvals : <anonymous>: no visible global function definition for
     ‘var’
    ergmm.initvals: no visible global function definition for ‘var’
    ergmm.initvals: no visible global function definition for ‘dist’
    ergmm.initvals : bayes.prop: no visible global function definition for
     ‘na.omit’
    ergmm.lpBeta: no visible global function definition for ‘dnorm’
    ergmm.lpLV: no visible global function definition for ‘dnorm’
    ergmm.lpRE: no visible global function definition for ‘dnorm’
    ergmm.lpZ: no visible global function definition for ‘dnorm’
    find.mpe: no visible global function definition for ‘optim’
    get.sample.deltas : <anonymous>: no visible global function definition
     for ‘ar’
    get.sample.deltas: no visible global function definition for ‘cov’
    gof.ergmm: no visible global function definition for ‘as.formula’
    gof.ergmm: no visible global function definition for ‘update’
    gof.ergmm: no visible binding for global variable ‘quantile’
    latent.effect.negative.Euclidean: no visible global function definition
     for ‘dist’
    lpY.Poisson.log: no visible global function definition for ‘dpois’
    lpY.normal.identity: no visible global function definition for ‘dnorm’
    mbc.VII.EM: no visible global function definition for ‘kmeans’
    mcmc.diagnostics.ergmm: no visible global function definition for ‘par’
    mcmc.diagnostics.ergmm: no visible global function definition for
     ‘dev.interactive’
    mcmc.diagnostics.ergmm: no visible global function definition for
     ‘plot’
    pY.Poisson.log: no visible global function definition for ‘dpois’
    pY.normal.identity: no visible global function definition for ‘dnorm’
    plot.ergmm: no visible global function definition for ‘plot’
    plot.ergmm: no visible global function definition for ‘points’
    plot.ergmm: no visible global function definition for ‘par’
    plot.ergmm: no visible global function definition for ‘title’
    plot.ergmm: no visible global function definition for ‘image’
    plot.ergmm: no visible global function definition for ‘grey’
    plot.ergmm: no visible global function definition for ‘box’
    plot.ergmm: no visible global function definition for ‘col2rgb’
    plot.ergmm: no visible global function definition for ‘rgb’
    plot.ergmm: no visible global function definition for ‘contour’
    plot.ergmm: no visible global function definition for ‘dist’
    plot.ergmm: no visible global function definition for ‘prcomp’
    plot.ergmm: no visible global function definition for ‘predict’
    plot.ergmm: no visible global function definition for ‘median’
    plot.ergmm: no visible global function definition for ‘axis’
    plot.ergmm: no visible global function definition for ‘symbols’
    print.summary.ergmm: no visible global function definition for
     ‘printCoefmat’
    rsm.Bernoulli.logit: no visible global function definition for ‘rbinom’
    rsm.Poisson.log: no visible global function definition for ‘rpois’
    rsm.binomial.logit: no visible global function definition for ‘rbinom’
    rsm.normal.identity: no visible global function definition for ‘rnorm’
    sim.1.ergmm: no visible global function definition for ‘rnorm’
    sim.1.ergmm: no visible global function definition for ‘rchisq’
    simulate.ergmm: no visible global function definition for ‘runif’
    simulate.ergmm.model: no visible global function definition for ‘runif’
    summary.ergmm: no visible global function definition for ‘cov2cor’
    summary.ergmm: no visible global function definition for ‘pnorm’
    summary.ergmm: no visible global function definition for ‘cov’
    summary.ergmm : <anonymous>: no visible global function definition for
     ‘quantile’
    xtabs.ergmm: no visible global function definition for ‘xtabs’
    Undefined global functions or variables:
     ar as.formula axis box cmdscale col2rgb contour cov cov2cor dchisq
     dev.interactive dist dnorm dpois find grey image kmeans lines
     mahalanobis median na.omit optim par plot pnorm points polygon prcomp
     predict printCoefmat quantile rbinom rchisq rgb rnorm rpois runif sd
     symbols terms title update var weighted.mean xtabs xyz.coords
    Consider adding
     importFrom("grDevices", "col2rgb", "dev.interactive", "grey", "rgb",
     "xyz.coords")
     importFrom("graphics", "axis", "box", "contour", "image", "lines",
     "par", "plot", "points", "polygon", "symbols", "title")
     importFrom("stats", "ar", "as.formula", "cmdscale", "cov", "cov2cor",
     "dchisq", "dist", "dnorm", "dpois", "kmeans", "mahalanobis",
     "median", "na.omit", "optim", "pnorm", "prcomp", "predict",
     "printCoefmat", "quantile", "rbinom", "rchisq", "rnorm",
     "rpois", "runif", "sd", "terms", "update", "var",
     "weighted.mean", "xtabs")
     importFrom("utils", "find")
    to your NAMESPACE.
Flavors: r-devel-linux-x86_64-debian-clang, r-devel-linux-x86_64-debian-gcc, r-devel-linux-x86_64-fedora-clang, r-devel-linux-x86_64-fedora-gcc, r-devel-windows-ix86+x86_64