CRAN Package Check Results for Package latentnet

Last updated on 2014-10-24 19:47:43.

Flavor Version Tinstall Tcheck Ttotal Status Flags
r-devel-linux-x86_64-debian-clang 2.5.1 6.07 84.40 90.46 NOTE
r-devel-linux-x86_64-debian-gcc 2.5.1 6.35 82.77 89.12 NOTE
r-devel-linux-x86_64-fedora-clang 2.5.1 207.62 NOTE
r-devel-linux-x86_64-fedora-gcc 2.5.1 193.06 NOTE
r-devel-osx-x86_64-clang 2.5.1 159.56 NOTE
r-devel-windows-ix86+x86_64 2.5.1 26.00 189.00 215.00 NOTE
r-patched-linux-x86_64 2.5.1 6.58 88.16 94.74 NOTE
r-patched-solaris-sparc 2.5.1 1212.00 NOTE
r-patched-solaris-x86 2.5.1 263.80 NOTE
r-release-linux-ix86 2.5.1 8.28 109.96 118.25 NOTE
r-release-linux-x86_64 2.5.1 6.66 89.06 95.72 NOTE
r-release-osx-x86_64-mavericks 2.5.1 NOTE
r-release-osx-x86_64-snowleopard 2.5.1 NOTE
r-release-windows-ix86+x86_64 2.5.1 27.00 193.00 220.00 NOTE
r-oldrel-windows-ix86+x86_64 2.5.1 28.00 196.00 224.00 NOTE

Memtest notes: UBSAN-gcc UBSAN

Check Details

Version: 2.5.1
Check: dependencies in R code
Result: NOTE
    Unexported objects imported by ':::' calls:
     ‘coda:::as.mcmc.default’ ‘coda:::as.mcmc.list.default’
     ‘coda:::as.mcmc.mcmc.list’
     See the note in ?`:::` about the use of this operator.
    See the information on DESCRIPTION files in the chapter ‘Creating R
    packages’ of the ‘Writing R Extensions’ manual.
Flavors: r-devel-linux-x86_64-debian-clang, r-devel-linux-x86_64-debian-gcc, r-devel-linux-x86_64-fedora-clang, r-devel-linux-x86_64-fedora-gcc, r-devel-osx-x86_64-clang, r-devel-windows-ix86+x86_64, r-patched-linux-x86_64, r-patched-solaris-sparc, r-patched-solaris-x86, r-release-linux-ix86, r-release-linux-x86_64, r-release-osx-x86_64-mavericks, r-release-osx-x86_64-snowleopard, r-release-windows-ix86+x86_64, r-oldrel-windows-ix86+x86_64

Version: 2.5.1
Check: R code for possible problems
Result: NOTE
    THron3d: no visible global function definition for ‘triangles3d’
    ergmm.MCMC.snowFT: no visible global function definition for
     ‘performParallel’
    ergmm.MCMC.snowFT: no visible binding for global variable ‘path.to.me’
    klswitch.snowFT: no visible binding for global variable ‘path.to.me’
    klswitch.snowFT: no visible global function definition for
     ‘performParallel’
    lpY.Bernoulli.logit: no visible binding for global variable
     ‘nlog.double.eps’
    lpY.binomial.logit: no visible binding for global variable
     ‘nlog.double.eps’
    lpYc.Bernoulli.logit: no visible binding for global variable
     ‘nlog.double.eps’
    lpYc.binomial.logit: no visible binding for global variable
     ‘nlog.double.eps’
    pY.Bernoulli.logit: no visible binding for global variable
     ‘nlog.double.eps’
    plot.ergmm: no visible global function definition for ‘bkde2D’
    plot.ergmm: no visible global function definition for ‘plot3d’
    plot.ergmm: no visible global function definition for ‘text3d’
    plot.ergmm : <anonymous>: no visible global function definition for
     ‘arrow3d’
    plot.ergmm: no visible global function definition for ‘segments3d’
    plot.ergmm: no visible global function definition for ‘spheres3d’
    summary.ergmm: no visible global function definition for
     ‘robust.inverse’
Flavors: r-devel-linux-x86_64-debian-clang, r-devel-linux-x86_64-debian-gcc, r-devel-linux-x86_64-fedora-clang, r-devel-linux-x86_64-fedora-gcc, r-devel-osx-x86_64-clang, r-devel-windows-ix86+x86_64, r-patched-linux-x86_64, r-patched-solaris-sparc, r-patched-solaris-x86