CRAN Package Check Results for Package latentnet

Last updated on 2015-03-05 03:48:02.

Flavor Version Tinstall Tcheck Ttotal Status Flags
r-devel-linux-x86_64-debian-clang 2.6.0 5.12 79.55 84.66 NOTE
r-devel-linux-x86_64-debian-gcc 2.6.0 5.66 77.00 82.66 NOTE
r-devel-linux-x86_64-fedora-clang 2.6.0 161.01 NOTE
r-devel-linux-x86_64-fedora-gcc 2.6.0 157.25 NOTE
r-devel-osx-x86_64-clang 2.6.0 138.71 NOTE
r-devel-windows-ix86+x86_64 2.6.0 28.00 179.00 207.00 NOTE
r-patched-linux-x86_64 2.6.0 6.99 95.60 102.58 NOTE
r-patched-solaris-sparc 2.6.0 1348.40 NOTE
r-patched-solaris-x86 2.6.0 302.10 NOTE
r-release-linux-ix86 2.6.0 8.27 114.53 122.80 NOTE
r-release-linux-x86_64 2.6.0 7.02 96.54 103.56 NOTE
r-release-osx-x86_64-mavericks 2.6.0 ERROR
r-release-osx-x86_64-snowleopard 2.6.0 NOTE
r-release-windows-ix86+x86_64 2.6.0 29.00 220.00 249.00 NOTE
r-oldrel-windows-ix86+x86_64 2.6.0 28.00 226.00 254.00 NOTE

Memtest notes: UBSAN-clang-trunk UBSAN-gcc UBSAN

Check Details

Version: 2.6.0
Check: dependencies in R code
Result: NOTE
    Unexported objects imported by ':::' calls:
     ‘coda:::as.mcmc.default’ ‘coda:::as.mcmc.list.default’
     ‘coda:::as.mcmc.mcmc.list’
     See the note in ?`:::` about the use of this operator.
Flavors: r-devel-linux-x86_64-debian-clang, r-devel-linux-x86_64-debian-gcc, r-devel-linux-x86_64-fedora-clang, r-devel-linux-x86_64-fedora-gcc, r-devel-osx-x86_64-clang, r-devel-windows-ix86+x86_64, r-patched-linux-x86_64, r-patched-solaris-sparc, r-patched-solaris-x86, r-release-osx-x86_64-mavericks

Version: 2.6.0
Check: S3 generic/method consistency
Result: NOTE
    Found the following apparent S3 methods exported but not registered:
     as.mcmc.default as.mcmc.ergmm as.mcmc.list.default as.mcmc.list.ergmm
     as.mcmc.list.ergmm.par.list as.mcmc.mcmc.list gof.ergmm
     length.ergmm.par.list mcmc.diagnostics.ergmm merge.ergmm merge.lists
     plot.ergmm predict.ergmm print.ergmm print.ergmm.model
     print.summary.ergmm procr.ergmm.model procr.matrix procr.sample.ergmm
     scale.ergmm.model simulate.ergmm simulate.ergmm.model
     stack.ergmm.par.list.list sum.lists summary.ergmm
     unstack.ergmm.par.list
    See section ‘Registering S3 methods’ in the ‘Writing R Extensions’
    manual.
Flavors: r-devel-linux-x86_64-debian-clang, r-devel-linux-x86_64-debian-gcc, r-devel-linux-x86_64-fedora-clang, r-devel-linux-x86_64-fedora-gcc, r-devel-osx-x86_64-clang

Version: 2.6.0
Check: dependencies in R code
Result: NOTE
    Unexported objects imported by ':::' calls:
     ‘coda:::as.mcmc.default’ ‘coda:::as.mcmc.list.default’
     ‘coda:::as.mcmc.mcmc.list’
     See the note in ?`:::` about the use of this operator.
    See the information on DESCRIPTION files in the chapter ‘Creating R
    packages’ of the ‘Writing R Extensions’ manual.
Flavors: r-release-linux-ix86, r-release-linux-x86_64, r-release-osx-x86_64-snowleopard, r-release-windows-ix86+x86_64, r-oldrel-windows-ix86+x86_64

Version: 2.6.0
Check: tests
Result: ERROR
    Running the tests in ‘tests/onlymcmc.R’ failed.
    Last 13 lines of output:
    
     The following object is masked from 'package:base':
    
     scale
    
     >
     > # Also test parallel code.
     > data(sampson)
     > onlymcmc <- ergmm(samplike ~ euclidean(d=2, G=3)+rreceiver,tofit="mcmc",control=control.ergmm(burnin=100,interval=1,sample.size=1000,pilot.runs=0,threads=2))
     Error in makeClusterFT(2, "NWS", ft_verbose = FALSE) :
     unknown cluster type
     Calls: ergmm ... ergmm.MCMC.snowFT -> <Anonymous> -> do.call -> makeClusterFT
     Execution halted
Flavor: r-release-osx-x86_64-mavericks