CRAN Package Check Results for Package latentnet

Last updated on 2015-04-01 23:49:16.

Flavor Version Tinstall Tcheck Ttotal Status Flags
r-devel-linux-x86_64-debian-clang 2.7.0 5.25 79.42 84.67 OK
r-devel-linux-x86_64-debian-gcc 2.7.0 5.55 77.57 83.12 OK
r-devel-linux-x86_64-fedora-clang 2.7.0 164.74 OK
r-devel-linux-x86_64-fedora-gcc 2.7.0 170.17 OK
r-devel-osx-x86_64-clang 2.7.0 149.28 OK
r-prerel-windows-ix86+x86_64 2.7.0 28.00 175.00 203.00 OK
r-prerel-linux-x86_64 2.7.0 5.56 77.56 83.12 OK
r-prerel-solaris-sparc 2.7.0 968.80 OK
r-prerel-solaris-x86 2.7.0 229.10 OK
r-release-linux-x86_64 2.7.0 7.12 94.29 101.42 OK
r-release-osx-x86_64-mavericks 2.7.0 ERROR
r-release-osx-x86_64-snowleopard 2.7.0 OK
r-release-windows-ix86+x86_64 2.7.0 28.00 225.00 253.00 OK
r-oldrel-windows-ix86+x86_64 2.7.0 29.00 230.00 259.00 OK

Check Details

Version: 2.7.0
Check: tests
Result: ERROR
    Running the tests in ‘tests/onlymcmc.R’ failed.
    Last 13 lines of output:
     Kirk Li, University of Washington
     Based on "statnet" project software (statnet.org).
     For license and citation information see statnet.org/attribution
     or type citation("latentnet").
     NOTE: BIC calculation prior latentnet 2.7.0 had a bug in the calculation of the effective number of parameters. See help(summary.ergmm) for details.
     >
     > # Also test parallel code.
     > data(sampson)
     > onlymcmc <- ergmm(samplike ~ euclidean(d=2, G=3)+rreceiver,tofit="mcmc",control=control.ergmm(burnin=100,interval=1,sample.size=1000,pilot.runs=0,threads=2))
     Error in makeClusterFT(2, "NWS", ft_verbose = FALSE) :
     unknown cluster type
     Calls: ergmm ... ergmm.MCMC.snowFT -> <Anonymous> -> do.call -> makeClusterFT
     Execution halted
Flavor: r-release-osx-x86_64-mavericks