CRAN Package Check Results for Package latentnet

Last updated on 2014-12-22 12:49:48.

Flavor Version Tinstall Tcheck Ttotal Status Flags
r-devel-linux-x86_64-debian-clang 2.5.1 6.10 88.06 94.16 WARN
r-devel-linux-x86_64-debian-gcc 2.5.1 6.46 86.81 93.27 WARN
r-devel-linux-x86_64-fedora-clang 2.5.1 209.03 WARN
r-devel-linux-x86_64-fedora-gcc 2.5.1 201.66 WARN
r-devel-osx-x86_64-clang 2.5.1 165.60 WARN
r-devel-windows-ix86+x86_64 2.5.1 30.00 183.00 213.00 WARN
r-patched-linux-x86_64 2.5.1 6.77 87.57 94.34 WARN
r-patched-solaris-sparc 2.5.1 1198.90 WARN
r-patched-solaris-x86 2.5.1 270.00 WARN
r-release-linux-ix86 2.5.1 7.96 105.28 113.25 WARN
r-release-linux-x86_64 2.5.1 6.80 88.35 95.16 WARN
r-release-osx-x86_64-mavericks 2.5.1 NOTE
r-release-osx-x86_64-snowleopard 2.5.1 NOTE
r-release-windows-ix86+x86_64 2.5.1 30.00 202.00 232.00 WARN
r-oldrel-windows-ix86+x86_64 2.5.1 30.00 198.00 228.00 WARN

Memtest notes: UBSAN-clang-trunk UBSAN-gcc UBSAN

Check Details

Version: 2.5.1
Check: dependencies in R code
Result: NOTE
    Unexported objects imported by ':::' calls:
     ‘coda:::as.mcmc.default’ ‘coda:::as.mcmc.list.default’
     ‘coda:::as.mcmc.mcmc.list’
     See the note in ?`:::` about the use of this operator.
    See the information on DESCRIPTION files in the chapter ‘Creating R
    packages’ of the ‘Writing R Extensions’ manual.
Flavors: r-devel-linux-x86_64-debian-clang, r-devel-linux-x86_64-debian-gcc, r-devel-linux-x86_64-fedora-clang, r-devel-linux-x86_64-fedora-gcc, r-devel-osx-x86_64-clang, r-devel-windows-ix86+x86_64, r-patched-linux-x86_64, r-patched-solaris-sparc, r-patched-solaris-x86, r-release-linux-ix86, r-release-linux-x86_64, r-release-osx-x86_64-mavericks, r-release-osx-x86_64-snowleopard, r-release-windows-ix86+x86_64, r-oldrel-windows-ix86+x86_64

Version: 2.5.1
Check: S3 generic/method consistency
Result: WARN
    mcmc.diagnostics:
     function(object, ...)
    mcmc.diagnostics.ergmm:
     function(x, which.diags, burnin, which.vars, vertex.i, ...)
    
    See section ‘Generic functions and methods’ of the ‘Writing R
    Extensions’ manual.
Flavors: r-devel-linux-x86_64-debian-clang, r-devel-linux-x86_64-debian-gcc, r-devel-linux-x86_64-fedora-clang, r-devel-linux-x86_64-fedora-gcc, r-devel-osx-x86_64-clang, r-devel-windows-ix86+x86_64, r-patched-linux-x86_64, r-patched-solaris-sparc, r-patched-solaris-x86, r-release-linux-ix86, r-release-linux-x86_64, r-release-windows-ix86+x86_64, r-oldrel-windows-ix86+x86_64

Version: 2.5.1
Check: R code for possible problems
Result: NOTE
    THron3d: no visible global function definition for ‘triangles3d’
    ergmm.MCMC.snowFT: no visible global function definition for
     ‘performParallel’
    ergmm.MCMC.snowFT: no visible binding for global variable ‘path.to.me’
    klswitch.snowFT: no visible binding for global variable ‘path.to.me’
    klswitch.snowFT: no visible global function definition for
     ‘performParallel’
    lpY.Bernoulli.logit: no visible binding for global variable
     ‘nlog.double.eps’
    lpY.binomial.logit: no visible binding for global variable
     ‘nlog.double.eps’
    lpYc.Bernoulli.logit: no visible binding for global variable
     ‘nlog.double.eps’
    lpYc.binomial.logit: no visible binding for global variable
     ‘nlog.double.eps’
    pY.Bernoulli.logit: no visible binding for global variable
     ‘nlog.double.eps’
    plot.ergmm: no visible global function definition for ‘bkde2D’
    plot.ergmm: no visible global function definition for ‘plot3d’
    plot.ergmm: no visible global function definition for ‘text3d’
    plot.ergmm : <anonymous>: no visible global function definition for
     ‘arrow3d’
    plot.ergmm: no visible global function definition for ‘segments3d’
    plot.ergmm: no visible global function definition for ‘spheres3d’
Flavors: r-devel-linux-x86_64-debian-clang, r-devel-linux-x86_64-debian-gcc, r-devel-linux-x86_64-fedora-clang, r-devel-linux-x86_64-fedora-gcc, r-devel-osx-x86_64-clang, r-devel-windows-ix86+x86_64, r-patched-linux-x86_64, r-patched-solaris-sparc, r-patched-solaris-x86, r-release-linux-ix86, r-release-linux-x86_64, r-release-windows-ix86+x86_64