CRAN Package Check Results for Package latentnet

Last updated on 2014-04-23 20:47:14.

Flavor Version Tinstall Tcheck Ttotal Status Flags
r-devel-linux-x86_64-debian-clang 2.5.1 6.18 93.30 99.48 NOTE
r-devel-linux-x86_64-debian-gcc 2.5.1 6.68 91.06 97.73 NOTE
r-devel-linux-x86_64-fedora-clang 2.5.1 210.10 NOTE
r-devel-linux-x86_64-fedora-gcc 2.5.1 207.73 NOTE
r-devel-osx-x86_64-clang 2.5.1 157.67 NOTE
r-devel-osx-x86_64-gcc 2.5.1 ERROR
r-devel-windows-ix86+x86_64 2.5.1 25.00 186.00 211.00 NOTE
r-patched-linux-x86_64 2.5.1 6.73 91.29 98.02 NOTE
r-patched-solaris-sparc 2.5.1 1104.80 NOTE
r-patched-solaris-x86 2.5.1 263.40 NOTE
r-release-linux-ix86 2.5.1 11.00 141.00 152.00 NOTE
r-release-linux-x86_64 2.5.1 6.59 91.43 98.02 NOTE
r-release-osx-x86_64-mavericks 2.5.1 WARN
r-release-osx-x86_64-snowleopard 2.5.1 NOTE
r-release-windows-ix86+x86_64 2.5.1 27.00 196.00 223.00 NOTE
r-oldrel-windows-ix86+x86_64 2.5.1 28.00 202.00 230.00 NOTE

Memtest notes: UBSAN

Check Details

Version: 2.5.1
Check: dependencies in R code
Result: NOTE
    Unexported objects imported by ':::' calls:
     ‘coda:::as.mcmc.default’ ‘coda:::as.mcmc.list.default’
     ‘coda:::as.mcmc.mcmc.list’
     See the note in ?`:::` about the use of this operator.
    See the information on DESCRIPTION files in the chapter ‘Creating R
    packages’ of the ‘Writing R Extensions’ manual.
Flavors: r-devel-linux-x86_64-debian-clang, r-devel-linux-x86_64-debian-gcc, r-devel-linux-x86_64-fedora-clang, r-devel-linux-x86_64-fedora-gcc, r-devel-osx-x86_64-clang, r-devel-windows-ix86+x86_64, r-patched-linux-x86_64, r-patched-solaris-sparc, r-patched-solaris-x86, r-release-linux-ix86, r-release-linux-x86_64, r-release-osx-x86_64-mavericks, r-release-osx-x86_64-snowleopard, r-release-windows-ix86+x86_64, r-oldrel-windows-ix86+x86_64

Version: 2.5.1
Check: package dependencies
Result: ERROR
    Package required but not available: ‘ergm’
    
    Package suggested but not available for checking: ‘heplots’
    
    See the information on DESCRIPTION files in the chapter ‘Creating R
    packages’ of the ‘Writing R Extensions’ manual.
Flavor: r-devel-osx-x86_64-gcc

Version: 2.5.1
Check: PDF version of manual
Result: WARNING
    LaTeX errors when creating PDF version.
    This typically indicates Rd problems.
    LaTeX errors found:
    ! LaTeX Error: File `upquote.sty' not found.
    
    Type X to quit or <RETURN> to proceed,
    or enter new name. (Default extension: sty)
    
    242de4b/Rd2.tex:8: ==> Fatal error occurred, no output PDF file produced!
Flavor: r-release-osx-x86_64-mavericks