CRAN Package Check Results for Package latte

Last updated on 2022-06-30 17:49:48 CEST.

Flavor Version Tinstall Tcheck Ttotal Status Flags
r-devel-linux-x86_64-debian-clang 0.2.1 9.30 72.41 81.71 NOTE
r-devel-linux-x86_64-debian-gcc 0.2.1 8.23 52.92 61.15 NOTE
r-devel-linux-x86_64-fedora-clang 0.2.1 108.65 NOTE
r-devel-linux-x86_64-fedora-gcc 0.2.1 103.57 NOTE
r-devel-windows-x86_64 0.2.1 28.00 95.00 123.00 NOTE
r-patched-linux-x86_64 0.2.1 14.56 65.92 80.48 NOTE
r-release-linux-x86_64 0.2.1 8.37 67.68 76.05 NOTE
r-release-macos-arm64 0.2.1 34.00 NOTE
r-release-macos-x86_64 0.2.1 69.00 NOTE
r-release-windows-x86_64 0.2.1 24.00 91.00 115.00 NOTE
r-oldrel-macos-arm64 0.2.1 38.00 NOTE
r-oldrel-macos-x86_64 0.2.1 48.00 NOTE
r-oldrel-windows-ix86+x86_64 0.2.1 24.00 92.00 116.00 NOTE

Check Details

Version: 0.2.1
Check: LazyData
Result: NOTE
     'LazyData' is specified without a 'data' directory
Flavors: r-devel-linux-x86_64-debian-clang, r-devel-linux-x86_64-debian-gcc, r-devel-linux-x86_64-fedora-clang, r-devel-linux-x86_64-fedora-gcc, r-devel-windows-x86_64, r-patched-linux-x86_64, r-release-linux-x86_64, r-release-macos-arm64, r-release-macos-x86_64, r-release-windows-x86_64, r-oldrel-macos-arm64, r-oldrel-macos-x86_64, r-oldrel-windows-ix86+x86_64