CRAN Package Check Results for Package lattice

Last updated on 2021-09-24 19:49:42 CEST.

Flavor Version Tinstall Tcheck Ttotal Status Flags
r-devel-linux-x86_64-debian-clang 0.20-44 15.89 148.86 164.75 OK
r-devel-linux-x86_64-debian-gcc 0.20-45 10.02 107.98 118.00 OK
r-devel-linux-x86_64-fedora-clang 0.20-45 104.93 NOTE
r-devel-linux-x86_64-fedora-gcc 0.20-45 204.81 OK
r-devel-windows-x86_64 0.20-44 23.00 126.00 149.00 OK
r-devel-windows-x86_64-gcc10-UCRT 0.20-45 OK
r-patched-linux-x86_64 0.20-45 16.05 140.65 156.70 OK
r-patched-solaris-x86 0.20-45 OK
r-release-linux-x86_64 0.20-44 17.82 141.89 159.71 OK
r-release-macos-arm64 0.20-44 OK
r-release-macos-x86_64 0.20-45 OK
r-release-windows-ix86+x86_64 0.20-45 22.00 167.00 189.00 OK
r-oldrel-macos-x86_64 0.20-45 OK
r-oldrel-windows-ix86+x86_64 0.20-44 61.00 160.00 221.00 OK

Check Details

Version: 0.20-45
Check: Rd cross-references
Result: NOTE
    Undeclared package ‘zoo’ in Rd xrefs
Flavor: r-devel-linux-x86_64-fedora-clang