CRAN Package Check Results for Package lattice

Last updated on 2022-11-26 16:02:58 CET.

Flavor Version Tinstall Tcheck Ttotal Status Flags
r-devel-linux-x86_64-debian-clang 0.20-45 19.18 165.88 185.06 OK
r-devel-linux-x86_64-debian-gcc 0.20-45 12.60 122.62 135.22 OK
r-devel-linux-x86_64-fedora-clang 0.20-45 233.50 NOTE
r-devel-linux-x86_64-fedora-gcc 0.20-45 243.08 OK
r-devel-windows-x86_64 0.20-45 79.00 209.00 288.00 OK
r-patched-linux-x86_64 0.20-45 OK
r-release-linux-x86_64 0.20-45 16.33 152.76 169.09 OK
r-release-macos-arm64 0.20-45 54.00 OK
r-release-macos-x86_64 0.20-45 80.00 OK
r-release-windows-x86_64 0.20-45 90.00 202.00 292.00 OK
r-oldrel-macos-arm64 0.20-45 59.00 OK
r-oldrel-macos-x86_64 0.20-45 97.00 OK
r-oldrel-windows-ix86+x86_64 0.20-45 37.00 225.00 262.00 OK

Check Details

Version: 0.20-45
Check: Rd cross-references
Result: NOTE
    Undeclared package ‘zoo’ in Rd xrefs
Flavor: r-devel-linux-x86_64-fedora-clang