CRAN Package Check Results for Package lattice

Last updated on 2015-04-19 11:51:11.

Flavor Version Tinstall Tcheck Ttotal Status Flags
r-devel-linux-x86_64-debian-clang 0.20-31 10.76 78.65 89.40 OK
r-devel-linux-x86_64-debian-gcc 0.20-31 5.44 77.49 82.93 OK
r-devel-linux-x86_64-fedora-clang 0.20-31 155.46 OK
r-devel-linux-x86_64-fedora-gcc 0.20-31 144.31 OK
r-devel-osx-x86_64-clang 0.20-31 132.95 OK
r-patched-linux-x86_64 0.20-31 2.79 82.08 84.87 OK
r-patched-solaris-sparc 0.20-31 OK
r-patched-solaris-x86 0.20-31 OK
r-release-linux-x86_64 0.20-31 2.76 79.76 82.53 OK
r-release-osx-x86_64-mavericks 0.20-31 OK
r-release-osx-x86_64-snowleopard 0.20-31 NOTE
r-release-windows-ix86+x86_64 0.20-31 8.00 159.00 167.00 OK
r-oldrel-windows-ix86+x86_64 0.20-31 9.00 232.00 241.00 OK

Check Details

Version: 0.20-31
Check: Rd cross-references
Result: NOTE
    Package unavailable to check Rd xrefs: ‘zoo’
Flavor: r-release-osx-x86_64-snowleopard