CRAN Package Check Results for Package lattice

Last updated on 2022-06-30 03:53:26 CEST.

Flavor Version Tinstall Tcheck Ttotal Status Flags
r-devel-linux-x86_64-debian-clang 0.20-45 17.20 159.44 176.64 OK
r-devel-linux-x86_64-debian-gcc 0.20-45 12.74 117.98 130.72 OK
r-devel-linux-x86_64-fedora-clang 0.20-45 212.85 NOTE
r-devel-linux-x86_64-fedora-gcc 0.20-45 213.51 OK
r-devel-windows-x86_64 0.20-45 102.00 177.00 279.00 OK
r-patched-linux-x86_64 0.20-45 20.17 145.35 165.52 OK
r-release-linux-x86_64 0.20-45 17.09 144.54 161.63 OK
r-release-macos-arm64 0.20-45 54.00 OK
r-release-macos-x86_64 0.20-45 80.00 OK
r-release-windows-x86_64 0.20-45 94.00 177.00 271.00 OK
r-oldrel-macos-arm64 0.20-45 59.00 OK
r-oldrel-macos-x86_64 0.20-45 97.00 OK
r-oldrel-windows-ix86+x86_64 0.20-45 35.00 227.00 262.00 OK

Check Details

Version: 0.20-45
Check: Rd cross-references
Result: NOTE
    Undeclared package ‘zoo’ in Rd xrefs
Flavor: r-devel-linux-x86_64-fedora-clang