CRAN Package Check Results for Package lattice

Last updated on 2015-05-25 08:48:28.

Flavor Version Tinstall Tcheck Ttotal Status Flags
r-devel-linux-x86_64-debian-clang 0.20-31 6.41 77.70 84.11 OK
r-devel-linux-x86_64-debian-gcc 0.20-31 3.16 79.76 82.91 OK
r-devel-linux-x86_64-fedora-clang 0.20-31 152.58 OK
r-devel-linux-x86_64-fedora-gcc 0.20-31 145.86 OK
r-devel-osx-x86_64-clang 0.20-31 134.05 OK
r-patched-linux-x86_64 0.20-31 2.88 76.50 79.39 OK
r-patched-solaris-sparc 0.20-31 OK
r-patched-solaris-x86 0.20-31 OK
r-release-linux-x86_64 0.20-31 2.54 77.04 79.58 OK
r-release-osx-x86_64-mavericks 0.20-31 OK
r-release-osx-x86_64-snowleopard 0.20-31 NOTE
r-release-windows-ix86+x86_64 0.20-31 13.00 154.00 167.00 OK
r-oldrel-windows-ix86+x86_64 0.20-31 12.00 201.00 213.00 OK

Check Details

Version: 0.20-31
Check: Rd cross-references
Result: NOTE
    Package unavailable to check Rd xrefs: ‘zoo’
Flavor: r-release-osx-x86_64-snowleopard