CRAN Package Check Results for Package lattice

Last updated on 2020-07-05 12:47:20 CEST.

Flavor Version Tinstall Tcheck Ttotal Status Flags
r-devel-linux-x86_64-debian-clang 0.20-41 14.53 132.06 146.59 OK
r-devel-linux-x86_64-debian-gcc 0.20-41 14.40 100.08 114.48 OK
r-devel-linux-x86_64-fedora-clang 0.20-41 183.15 NOTE
r-devel-linux-x86_64-fedora-gcc 0.20-41 175.14 OK
r-devel-windows-ix86+x86_64 0.20-41 42.00 186.00 228.00 OK
r-patched-linux-x86_64 0.20-41 18.71 130.78 149.49 OK
r-patched-solaris-x86 0.20-41 OK
r-release-linux-x86_64 0.20-41 15.18 130.95 146.13 OK
r-release-osx-x86_64 0.20-41 OK
r-release-windows-ix86+x86_64 0.20-41 34.00 181.00 215.00 OK
r-oldrel-osx-x86_64 0.20-41 OK
r-oldrel-windows-ix86+x86_64 0.20-41 27.00 259.00 286.00 OK

Check Details

Version: 0.20-41
Check: Rd cross-references
Result: NOTE
    Undeclared package ‘zoo’ in Rd xrefs
Flavor: r-devel-linux-x86_64-fedora-clang