CRAN Package Check Results for Package lattice

Last updated on 2015-07-07 14:48:15.

Flavor Version Tinstall Tcheck Ttotal Status Flags
r-devel-linux-x86_64-debian-clang 0.20-31 3.07 80.00 83.07 NOTE
r-devel-linux-x86_64-debian-gcc 0.20-31 6.37 75.47 81.84 NOTE
r-devel-linux-x86_64-fedora-clang 0.20-31 152.91 NOTE
r-devel-linux-x86_64-fedora-gcc 0.20-31 141.62 NOTE
r-devel-osx-x86_64-clang 0.20-31 130.59 OK
r-patched-linux-x86_64 0.20-31 2.36 78.03 80.39 OK
r-patched-solaris-sparc 0.20-31 OK
r-patched-solaris-x86 0.20-31 OK
r-release-linux-x86_64 0.20-31 2.75 75.69 78.44 OK
r-release-osx-x86_64-mavericks 0.20-31 OK
r-release-windows-ix86+x86_64 0.20-31 19.00 158.00 177.00 OK
r-oldrel-windows-ix86+x86_64 0.20-31 13.00 248.00 261.00 OK

Check Details

Version: 0.20-31
Check: R code for possible problems
Result: NOTE
    formattedTicksAndLabels.default: no visible binding for global variable
     ‘axisTicks’
    levelplot.formula: no visible global function definition for
     ‘dev.capabilities’
    panel.qqmath: no visible global function definition for ‘tail’
    panel.spline: no visible global function definition for ‘predict’
    prepanel.spline: no visible global function definition for ‘predict’
    show.settings : panel.box: no visible global function definition for
     ‘adjustcolor’
    show.settings : <anonymous>: no visible global function definition for
     ‘adjustcolor’
    Undefined global functions or variables:
     adjustcolor axisTicks dev.capabilities predict tail
Flavors: r-devel-linux-x86_64-debian-clang, r-devel-linux-x86_64-debian-gcc, r-devel-linux-x86_64-fedora-clang, r-devel-linux-x86_64-fedora-gcc