CRAN Package Check Results for Package lattice

Last updated on 2018-10-22 18:47:13 CEST.

Flavor Version Tinstall Tcheck Ttotal Status Flags
r-devel-linux-x86_64-debian-clang 0.20-35 11.54 124.39 135.93 OK
r-devel-linux-x86_64-debian-gcc 0.20-35 9.58 97.05 106.63 OK
r-devel-linux-x86_64-fedora-clang 0.20-35 164.62 OK
r-devel-linux-x86_64-fedora-gcc 0.20-35 161.83 OK
r-devel-windows-ix86+x86_64 0.20-35 35.00 202.00 237.00 OK
r-patched-linux-x86_64 0.20-35 13.51 123.15 136.66 OK
r-patched-solaris-x86 0.20-35 OK
r-release-linux-x86_64 0.20-35 10.86 124.26 135.12 OK
r-release-windows-ix86+x86_64 0.20-35 34.00 238.00 272.00 OK
r-release-osx-x86_64 0.20-35 ERROR
r-oldrel-windows-ix86+x86_64 0.20-35 13.00 335.00 348.00 OK
r-oldrel-osx-x86_64 0.20-35 OK

Check Details

Version: 0.20-35
Check: tests
Result: ERROR
     Running ‘MASSch04.R’ [1s/1s]
    Running the tests in ‘tests/MASSch04.R’ failed.
    Complete output:
     > #-*- R -*-
     >
     > ## Script from Fourth Edition of `Modern Applied Statistics with S'
     >
     > # Chapter 4 Graphical Output
     >
     > library(MASS)
     Error: package or namespace load failed for 'MASS' in gzfile(file, "rb"):
     cannot open the connection
     In addition: Warning message:
     In gzfile(file, "rb") :
     cannot open compressed file '/Volumes/SSD-Data/Builds/R-dev-web/QA/Simon/packages/el-capitan-x86_64/Rlib/3.5/MASS/data/Rdata.rdx', probable reason 'No such file or directory'
     Execution halted
Flavor: r-release-osx-x86_64