CRAN Package Check Results for Package lattice

Last updated on 2014-04-24 11:48:48.

Flavor Version Tinstall Tcheck Ttotal Status Flags
r-devel-linux-x86_64-debian-clang 0.20-29 2.90 91.99 94.89 OK
r-devel-linux-x86_64-debian-gcc 0.20-29 2.94 90.41 93.36 OK
r-devel-linux-x86_64-fedora-clang 0.20-29 176.85 OK
r-devel-linux-x86_64-fedora-gcc 0.20-29 169.47 OK
r-devel-osx-x86_64-clang 0.20-29 134.83 OK
r-devel-osx-x86_64-gcc 0.20-29 NOTE
r-patched-linux-x86_64 0.20-29 3.34 87.14 90.48 OK
r-patched-solaris-sparc 0.20-29 OK
r-patched-solaris-x86 0.20-29 OK
r-release-linux-ix86 0.20-29 5.00 127.00 132.00 OK
r-release-linux-x86_64 0.20-29 4.68 89.24 93.92 OK
r-release-osx-x86_64-mavericks 0.20-29 WARN
r-release-osx-x86_64-snowleopard 0.20-29 OK
r-release-windows-ix86+x86_64 0.20-29 11.00 164.00 175.00 OK
r-oldrel-windows-ix86+x86_64 0.20-29 10.00 179.00 189.00 OK

Check Details

Version: 0.20-29
Check: Rd cross-references
Result: NOTE
    Package unavailable to check Rd xrefs: ‘zoo’
Flavor: r-devel-osx-x86_64-gcc

Version: 0.20-29
Check: PDF version of manual
Result: WARNING
    LaTeX errors when creating PDF version.
    This typically indicates Rd problems.
    LaTeX errors found:
    ! LaTeX Error: File `upquote.sty' not found.
    
    Type X to quit or <RETURN> to proceed,
    or enter new name. (Default extension: sty)
    
    /private/tmp/RtmpVtjtiH/Rd2pdfc1ba1357c62a/Rd2.tex:8: ==> Fatal error occurred
    , no output PDF file produced!
Flavor: r-release-osx-x86_64-mavericks