CRAN Package Check Results for Package lattice

Last updated on 2018-12-17 13:49:55 CET.

Flavor Version Tinstall Tcheck Ttotal Status Flags
r-devel-linux-x86_64-debian-clang 0.20-38 12.23 4.36 16.59 ERROR
r-devel-linux-x86_64-debian-gcc 0.20-38 11.39 2.43 13.82 ERROR
r-devel-linux-x86_64-fedora-clang 0.20-38 165.23 OK
r-devel-linux-x86_64-fedora-gcc 0.20-38 160.51 OK
r-devel-windows-ix86+x86_64 0.20-38 37.00 227.00 264.00 OK
r-patched-linux-x86_64 0.20-38 12.90 3.86 16.76 ERROR
r-patched-solaris-x86 0.20-38 OK
r-release-linux-x86_64 0.20-38 12.66 124.30 136.96 OK
r-release-windows-ix86+x86_64 0.20-38 27.00 185.00 212.00 OK
r-release-osx-x86_64 0.20-38 OK
r-oldrel-windows-ix86+x86_64 0.20-38 19.00 342.00 361.00 OK
r-oldrel-osx-x86_64 0.20-38 OK

Check Details

Version: 0.20-38
Check: whether the package can be loaded
Result: ERROR
    Loading this package had a fatal error status code 1
    Loading log:
    Error: package or namespace load failed for ‘lattice’ in dyn.load(file, DLLpath = DLLpath, ...):
     unable to load shared object ‘/home/hornik/tmp/R.check/r-devel-clang/Work/build/Packages/lattice/libs/lattice.so’:
     /home/hornik/tmp/R.check/r-devel-clang/Work/build/Packages/lattice/libs/lattice.so: failed to map segment from shared object
    Execution halted
Flavor: r-devel-linux-x86_64-debian-clang

Version: 0.20-38
Check: whether the package can be loaded
Result: ERROR
    Loading this package had a fatal error status code 1
    Loading log:
    Error: package or namespace load failed for ‘lattice’ in dyn.load(file, DLLpath = DLLpath, ...):
     unable to load shared object ‘/home/hornik/tmp/R.check/r-devel-gcc/Work/build/Packages/lattice/libs/lattice.so’:
     /home/hornik/tmp/R.check/r-devel-gcc/Work/build/Packages/lattice/libs/lattice.so: failed to map segment from shared object
    Execution halted
Flavor: r-devel-linux-x86_64-debian-gcc

Version: 0.20-38
Check: whether the package can be loaded
Result: ERROR
    Loading this package had a fatal error status code 1
    Loading log:
    Error: package or namespace load failed for ‘lattice’ in dyn.load(file, DLLpath = DLLpath, ...):
     unable to load shared object ‘/home/hornik/tmp/R.check/r-patched-gcc/Work/build/Packages/lattice/libs/lattice.so’:
     /home/hornik/tmp/R.check/r-patched-gcc/Work/build/Packages/lattice/libs/lattice.so: failed to map segment from shared object
    Execution halted
Flavor: r-patched-linux-x86_64