Last updated on 2021-01-16 03:49:46 CET.
Flavor | Version | Tinstall | Tcheck | Ttotal | Status | Flags |
---|---|---|---|---|---|---|
r-devel-linux-x86_64-debian-clang | 0.20-41 | 16.43 | 140.78 | 157.21 | OK | |
r-devel-linux-x86_64-debian-gcc | 0.20-41 | 14.40 | 103.67 | 118.07 | OK | |
r-devel-linux-x86_64-fedora-clang | 0.20-41 | 195.43 | NOTE | |||
r-devel-linux-x86_64-fedora-gcc | 0.20-41 | 185.70 | OK | |||
r-devel-windows-ix86+x86_64 | 0.20-41 | 27.00 | 176.00 | 203.00 | OK | |
r-patched-linux-x86_64 | 0.20-41 | 16.44 | 128.17 | 144.61 | OK | |
r-patched-solaris-x86 | 0.20-41 | OK | ||||
r-release-linux-x86_64 | 0.20-41 | 12.62 | 128.85 | 141.47 | OK | |
r-release-macos-x86_64 | 0.20-41 | OK | ||||
r-release-windows-ix86+x86_64 | 0.20-41 | 31.00 | 166.00 | 197.00 | OK | |
r-oldrel-macos-x86_64 | 0.20-41 | OK | ||||
r-oldrel-windows-ix86+x86_64 | 0.20-41 | 23.00 | 165.00 | 188.00 | OK |
Version: 0.20-41
Check: Rd cross-references
Result: NOTE
Undeclared package ‘zoo’ in Rd xrefs
Flavor: r-devel-linux-x86_64-fedora-clang