CRAN Package Check Results for Package latticeDensity

Last updated on 2014-07-22 23:48:20.

Flavor Version Tinstall Tcheck Ttotal Status Flags
r-devel-linux-x86_64-debian-clang 1.0.7 6.61 71.78 78.38 NOTE
r-devel-linux-x86_64-debian-gcc 1.0.7 5.33 69.73 75.06 NOTE
r-devel-linux-x86_64-fedora-clang 1.0.7 193.18 NOTE
r-devel-linux-x86_64-fedora-gcc 1.0.7 180.56 NOTE
r-devel-osx-x86_64-clang 1.0.7 143.49 NOTE
r-devel-windows-ix86+x86_64 1.0.7 17.00 106.00 123.00 NOTE
r-patched-linux-x86_64 1.0.7 5.64 70.33 75.97 NOTE
r-patched-solaris-sparc 1.0.7 946.90 NOTE
r-patched-solaris-x86 1.0.7 224.00 NOTE
r-release-linux-ix86 1.0.7 6.63 85.63 92.26 NOTE
r-release-linux-x86_64 1.0.7 5.67 71.71 77.38 NOTE
r-release-osx-x86_64-mavericks 1.0.7 NOTE
r-release-osx-x86_64-snowleopard 1.0.7 NOTE
r-release-windows-ix86+x86_64 1.0.7 17.00 110.00 127.00 NOTE
r-oldrel-windows-ix86+x86_64 1.0.7 16.00 104.00 120.00 NOTE

Check Details

Version: 1.0.7
Check: dependencies in R code
Result: NOTE
    'library' or 'require' calls to packages already attached by Depends:
     ‘spam’ ‘spatstat’ ‘spdep’ ‘splancs’
     Please remove these calls from your code.
    Packages in Depends field not imported from:
     ‘spam’ ‘spatstat’ ‘spdep’ ‘splancs’
     These packages need to be imported from (in the NAMESPACE file)
     for when this namespace is loaded but not attached.
    See the information on DESCRIPTION files in the chapter ‘Creating R
    packages’ of the ‘Writing R Extensions’ manual.
Flavors: r-devel-linux-x86_64-debian-clang, r-devel-linux-x86_64-debian-gcc, r-devel-linux-x86_64-fedora-clang, r-devel-linux-x86_64-fedora-gcc, r-devel-osx-x86_64-clang, r-devel-windows-ix86+x86_64, r-patched-linux-x86_64, r-patched-solaris-sparc, r-patched-solaris-x86, r-release-linux-ix86, r-release-linux-x86_64, r-release-osx-x86_64-mavericks, r-release-windows-ix86+x86_64, r-oldrel-windows-ix86+x86_64

Version: 1.0.7
Check: dependencies in R code
Result: NOTE
    'library' or 'require' calls to packages already attached by Depends:
     'spam' 'spatstat' 'spdep' 'splancs'
     Please remove these calls from your code.
    See the information on DESCRIPTION files in the chapter 'Creating R
    packages' of the 'Writing R Extensions' manual.
Flavor: r-release-osx-x86_64-snowleopard