Last updated on 2018-04-19 10:47:02 CEST.
Flavor | Version | Tinstall | Tcheck | Ttotal | Status | Flags |
---|---|---|---|---|---|---|
r-devel-linux-x86_64-debian-clang | 1.0.7 | 6.11 | 82.41 | 88.52 | NOTE | |
r-devel-linux-x86_64-debian-gcc | 1.0.7 | 5.68 | 71.99 | 77.67 | NOTE | |
r-devel-linux-x86_64-fedora-clang | 1.0.7 | 121.90 | NOTE | |||
r-devel-linux-x86_64-fedora-gcc | 1.0.7 | 116.89 | NOTE | |||
r-devel-windows-ix86+x86_64 | 1.0.7 | 17.00 | 140.00 | 157.00 | NOTE | |
r-devel-osx-x86_64 | 1.0.7 | NOTE | ||||
r-patched-linux-x86_64 | 1.0.7 | 6.26 | 92.54 | 98.80 | NOTE | |
r-patched-solaris-x86 | 1.0.7 | 184.10 | NOTE | |||
r-release-linux-x86_64 | 1.0.7 | 5.30 | 95.14 | 100.44 | NOTE | |
r-release-windows-ix86+x86_64 | 1.0.7 | 12.00 | 142.00 | 154.00 | NOTE | |
r-release-osx-x86_64 | 1.0.7 | NOTE | ||||
r-oldrel-windows-ix86+x86_64 | 1.0.7 | 17.00 | 132.00 | 149.00 | NOTE |
Version: 1.0.7
Check: dependencies in R code
Result: NOTE
'library' or 'require' calls to packages already attached by Depends:
‘spam’ ‘spatstat’ ‘spdep’ ‘splancs’
Please remove these calls from your code.
Packages in Depends field not imported from:
‘spam’ ‘spatstat’ ‘spdep’ ‘splancs’
These packages need to be imported from (in the NAMESPACE file)
for when this namespace is loaded but not attached.
Flavors: r-devel-linux-x86_64-debian-clang, r-devel-linux-x86_64-debian-gcc, r-devel-linux-x86_64-fedora-clang, r-devel-linux-x86_64-fedora-gcc, r-devel-windows-ix86+x86_64, r-devel-osx-x86_64, r-patched-linux-x86_64, r-patched-solaris-x86, r-release-linux-x86_64, r-release-windows-ix86+x86_64, r-release-osx-x86_64, r-oldrel-windows-ix86+x86_64
Version: 1.0.7
Check: R code for possible problems
Result: NOTE
Tkp: no visible global function definition for ‘is.spam’
addObservations: no visible global function definition for ‘bbox’
addObservations: no visible global function definition for ‘as.ppp’
addObservations: no visible global function definition for ‘nncross’
addObservations: no visible global function definition for ‘plot’
addObservations: no visible global function definition for ‘points’
addQuantVar: no visible global function definition for ‘bbox’
addQuantVar: no visible global function definition for ‘as.ppp’
addQuantVar: no visible global function definition for ‘nncross’
addQuantVar: no visible global function definition for ‘plot’
addQuantVar: no visible global function definition for ‘points’
areaRegion: no visible global function definition for ‘areapl’
crossvalDensity: no visible global function definition for ‘plot’
crossvalNparReg: no visible global function definition for ‘plot’
editLattice: no visible global function definition for ‘card’
editLattice: no visible global function definition for ‘plot.new’
editLattice: no visible global function definition for ‘plot.window’
editLattice: no visible global function definition for ‘lines’
editLattice: no visible global function definition for ‘segments’
editLattice: no visible global function definition for ‘points’
editLattice: no visible global function definition for ‘par’
editLattice: no visible global function definition for ‘identify’
formLattice: no visible global function definition for ‘dnearneigh’
homerange: no visible global function definition for ‘plot’
homerange: no visible global function definition for ‘points’
homerange: no visible global function definition for ‘lines’
makeTmatrix: no visible global function definition for ‘as.spam.listw’
makeTmatrix: no visible global function definition for ‘nb2listw’
makeTmatrix: no visible global function definition for ‘diag.spam’
makeTmatrix: no visible global function definition for ‘nb2mat’
nodeFilling: no visible global function definition for ‘flush.console’
nodeFilling: no visible global function definition for ‘inout’
nodeFilling: no visible global function definition for ‘as.points’
plot.NparRegOut: no visible global function definition for ‘contour’
plot.NparRegOut: no visible global function definition for ‘lines’
plot.densityOut: no visible global function definition for ‘contour’
plot.densityOut: no visible global function definition for ‘lines’
plot.densityOut: no visible global function definition for ‘points’
plot.formLatticeOutput: no visible global function definition for
‘plot’
plot.formLatticeOutput: no visible global function definition for
‘lines’
plot.formLatticeOutput: no visible global function definition for
‘card’
plot.formLatticeOutput: no visible global function definition for
‘points’
plot.nodeFillingOutput: no visible global function definition for
‘plot’
plot.nodeFillingOutput: no visible global function definition for
‘points’
plot.nodeFillingOutput: no visible global function definition for
‘lines’
predict.NparRegOut: no visible global function definition for ‘bbox’
predict.NparRegOut: no visible global function definition for ‘as.ppp’
predict.NparRegOut: no visible global function definition for ‘nncross’
removeHole: no visible global function definition for ‘inout’
Undefined global functions or variables:
areapl as.points as.ppp as.spam.listw bbox card contour diag.spam
dnearneigh flush.console identify inout is.spam lines nb2listw nb2mat
nncross par plot plot.new plot.window points segments
Consider adding
importFrom("graphics", "contour", "identify", "lines", "par", "plot",
"plot.new", "plot.window", "points", "segments")
importFrom("utils", "flush.console")
to your NAMESPACE file.
Flavors: r-devel-linux-x86_64-debian-clang, r-devel-linux-x86_64-debian-gcc, r-devel-linux-x86_64-fedora-clang, r-devel-linux-x86_64-fedora-gcc, r-devel-osx-x86_64, r-patched-linux-x86_64, r-patched-solaris-x86, r-release-linux-x86_64, r-release-osx-x86_64
Version: 1.0.7
Check: R code for possible problems
Result: NOTE
Tkp: no visible global function definition for 'is.spam'
addObservations: no visible global function definition for 'bbox'
addObservations: no visible global function definition for 'as.ppp'
addObservations: no visible global function definition for 'nncross'
addObservations: no visible global function definition for 'plot'
addObservations: no visible global function definition for 'points'
addQuantVar: no visible global function definition for 'bbox'
addQuantVar: no visible global function definition for 'as.ppp'
addQuantVar: no visible global function definition for 'nncross'
addQuantVar: no visible global function definition for 'plot'
addQuantVar: no visible global function definition for 'points'
areaRegion: no visible global function definition for 'areapl'
crossvalDensity: no visible global function definition for 'plot'
crossvalNparReg: no visible global function definition for 'plot'
editLattice: no visible global function definition for 'card'
editLattice: no visible global function definition for 'plot.new'
editLattice: no visible global function definition for 'plot.window'
editLattice: no visible global function definition for 'lines'
editLattice: no visible global function definition for 'segments'
editLattice: no visible global function definition for 'points'
editLattice: no visible global function definition for 'par'
editLattice: no visible global function definition for 'identify'
editLattice: no visible global function definition for 'bringToTop'
formLattice: no visible global function definition for 'dnearneigh'
homerange: no visible global function definition for 'plot'
homerange: no visible global function definition for 'points'
homerange: no visible global function definition for 'lines'
makeTmatrix: no visible global function definition for 'as.spam.listw'
makeTmatrix: no visible global function definition for 'nb2listw'
makeTmatrix: no visible global function definition for 'diag.spam'
makeTmatrix: no visible global function definition for 'nb2mat'
nodeFilling: no visible global function definition for 'flush.console'
nodeFilling: no visible global function definition for 'inout'
nodeFilling: no visible global function definition for 'as.points'
plot.NparRegOut: no visible global function definition for 'contour'
plot.NparRegOut: no visible global function definition for 'lines'
plot.densityOut: no visible global function definition for 'contour'
plot.densityOut: no visible global function definition for 'lines'
plot.densityOut: no visible global function definition for 'points'
plot.formLatticeOutput: no visible global function definition for
'plot'
plot.formLatticeOutput: no visible global function definition for
'lines'
plot.formLatticeOutput: no visible global function definition for
'card'
plot.formLatticeOutput: no visible global function definition for
'points'
plot.nodeFillingOutput: no visible global function definition for
'plot'
plot.nodeFillingOutput: no visible global function definition for
'points'
plot.nodeFillingOutput: no visible global function definition for
'lines'
predict.NparRegOut: no visible global function definition for 'bbox'
predict.NparRegOut: no visible global function definition for 'as.ppp'
predict.NparRegOut: no visible global function definition for 'nncross'
removeHole: no visible global function definition for 'inout'
Undefined global functions or variables:
areapl as.points as.ppp as.spam.listw bbox bringToTop card contour
diag.spam dnearneigh flush.console identify inout is.spam lines
nb2listw nb2mat nncross par plot plot.new plot.window points segments
Consider adding
importFrom("grDevices", "bringToTop")
importFrom("graphics", "contour", "identify", "lines", "par", "plot",
"plot.new", "plot.window", "points", "segments")
importFrom("utils", "flush.console")
to your NAMESPACE file.
Flavors: r-devel-windows-ix86+x86_64, r-release-windows-ix86+x86_64, r-oldrel-windows-ix86+x86_64