CRAN Package Check Results for Package latticeDensity

Last updated on 2015-04-27 23:47:28.

Flavor Version Tinstall Tcheck Ttotal Status Flags
r-devel-linux-x86_64-debian-clang 1.0.7 4.63 58.26 62.89 NOTE
r-devel-linux-x86_64-debian-gcc 1.0.7 4.31 56.57 60.88 NOTE
r-devel-linux-x86_64-fedora-clang 1.0.7 130.60 NOTE
r-devel-linux-x86_64-fedora-gcc 1.0.7 121.81 NOTE
r-devel-osx-x86_64-clang 1.0.7 106.30 NOTE
r-devel-windows-ix86+x86_64 1.0.7 14.00 96.00 110.00 NOTE
r-patched-linux-x86_64 1.0.7 4.67 56.01 60.68 NOTE
r-patched-solaris-sparc 1.0.7 756.30 NOTE
r-patched-solaris-x86 1.0.7 168.00 NOTE
r-release-linux-x86_64 1.0.7 4.28 56.27 60.55 NOTE
r-release-osx-x86_64-mavericks 1.0.7 NOTE
r-release-osx-x86_64-snowleopard 1.0.7 ERROR
r-release-windows-ix86+x86_64 1.0.7 18.00 116.00 134.00 NOTE
r-oldrel-windows-ix86+x86_64 1.0.7 18.00 109.00 127.00 NOTE

Check Details

Version: 1.0.7
Check: dependencies in R code
Result: NOTE
    'library' or 'require' calls to packages already attached by Depends:
     ‘spam’ ‘spatstat’ ‘spdep’ ‘splancs’
     Please remove these calls from your code.
    Packages in Depends field not imported from:
     ‘spam’ ‘spatstat’ ‘spdep’ ‘splancs’
     These packages need to be imported from (in the NAMESPACE file)
     for when this namespace is loaded but not attached.
Flavors: r-devel-linux-x86_64-debian-clang, r-devel-linux-x86_64-debian-gcc, r-devel-linux-x86_64-fedora-clang, r-devel-linux-x86_64-fedora-gcc, r-devel-osx-x86_64-clang, r-devel-windows-ix86+x86_64, r-patched-solaris-sparc, r-patched-solaris-x86, r-release-linux-x86_64, r-release-osx-x86_64-mavericks, r-release-windows-ix86+x86_64, r-oldrel-windows-ix86+x86_64

Version: 1.0.7
Check: R code for possible problems
Result: NOTE
    Tkp: no visible global function definition for ‘is.spam’
    addObservations: no visible global function definition for ‘bbox’
    addObservations: no visible global function definition for ‘as.ppp’
    addObservations: no visible global function definition for ‘nncross’
    addQuantVar: no visible global function definition for ‘bbox’
    addQuantVar: no visible global function definition for ‘as.ppp’
    addQuantVar: no visible global function definition for ‘nncross’
    areaRegion: no visible global function definition for ‘areapl’
    editLattice: no visible global function definition for ‘card’
    formLattice: no visible global function definition for ‘dnearneigh’
    makeTmatrix: no visible global function definition for ‘as.spam.listw’
    makeTmatrix: no visible global function definition for ‘nb2listw’
    makeTmatrix: no visible global function definition for ‘diag.spam’
    makeTmatrix: no visible global function definition for ‘nb2mat’
    nodeFilling: no visible global function definition for ‘inout’
    nodeFilling: no visible global function definition for ‘as.points’
    plot.formLatticeOutput: no visible global function definition for
     ‘card’
    predict.NparRegOut: no visible global function definition for ‘bbox’
    predict.NparRegOut: no visible global function definition for ‘as.ppp’
    predict.NparRegOut: no visible global function definition for ‘nncross’
    removeHole: no visible global function definition for ‘inout’
Flavors: r-devel-linux-x86_64-debian-clang, r-devel-linux-x86_64-debian-gcc, r-devel-linux-x86_64-fedora-clang, r-devel-linux-x86_64-fedora-gcc, r-devel-osx-x86_64-clang, r-devel-windows-ix86+x86_64, r-patched-solaris-sparc, r-patched-solaris-x86, r-release-linux-x86_64, r-release-osx-x86_64-mavericks, r-release-windows-ix86+x86_64, r-oldrel-windows-ix86+x86_64

Version: 1.0.7
Check: package dependencies
Result: ERROR
    Packages required but not available: ‘spdep’ ‘spam’
    
    See section ‘The DESCRIPTION file’ in the ‘Writing R Extensions’
    manual.
Flavor: r-release-osx-x86_64-snowleopard