CRAN Package Check Results for Package latticeDensity

Last updated on 2015-07-05 17:47:32.

Flavor Version Tinstall Tcheck Ttotal Status Flags
r-devel-linux-x86_64-debian-clang 1.0.7 4.49 58.70 63.19 NOTE
r-devel-linux-x86_64-debian-gcc 1.0.7 4.47 56.30 60.78 NOTE
r-devel-linux-x86_64-fedora-clang 1.0.7 127.29 NOTE
r-devel-linux-x86_64-fedora-gcc 1.0.7 122.10 NOTE
r-devel-osx-x86_64-clang 1.0.7 105.63 NOTE
r-devel-windows-ix86+x86_64 1.0.7 12.00 136.00 148.00 NOTE
r-patched-linux-x86_64 1.0.7 4.42 57.98 62.40 NOTE
r-patched-solaris-sparc 1.0.7 744.50 NOTE
r-patched-solaris-x86 1.0.7 172.60 NOTE
r-release-linux-x86_64 1.0.7 4.80 56.10 60.90 NOTE
r-release-osx-x86_64-mavericks 1.0.7 NOTE
r-release-windows-ix86+x86_64 1.0.7 17.00 92.00 109.00 NOTE
r-oldrel-windows-ix86+x86_64 1.0.7 27.00 174.00 201.00 NOTE

Check Details

Version: 1.0.7
Check: dependencies in R code
Result: NOTE
    'library' or 'require' calls to packages already attached by Depends:
     ‘spam’ ‘spatstat’ ‘spdep’ ‘splancs’
     Please remove these calls from your code.
    Packages in Depends field not imported from:
     ‘spam’ ‘spatstat’ ‘spdep’ ‘splancs’
     These packages need to be imported from (in the NAMESPACE file)
     for when this namespace is loaded but not attached.
Flavors: r-devel-linux-x86_64-debian-clang, r-devel-linux-x86_64-debian-gcc, r-devel-linux-x86_64-fedora-clang, r-devel-linux-x86_64-fedora-gcc, r-devel-osx-x86_64-clang, r-devel-windows-ix86+x86_64, r-patched-linux-x86_64, r-patched-solaris-sparc, r-patched-solaris-x86, r-release-linux-x86_64, r-release-osx-x86_64-mavericks, r-release-windows-ix86+x86_64, r-oldrel-windows-ix86+x86_64

Version: 1.0.7
Check: R code for possible problems
Result: NOTE
    Tkp: no visible global function definition for ‘is.spam’
    addObservations: no visible global function definition for ‘bbox’
    addObservations: no visible global function definition for ‘as.ppp’
    addObservations: no visible global function definition for ‘nncross’
    addObservations: no visible global function definition for ‘plot’
    addObservations: no visible global function definition for ‘points’
    addQuantVar: no visible global function definition for ‘bbox’
    addQuantVar: no visible global function definition for ‘as.ppp’
    addQuantVar: no visible global function definition for ‘nncross’
    addQuantVar: no visible global function definition for ‘plot’
    addQuantVar: no visible global function definition for ‘points’
    areaRegion: no visible global function definition for ‘areapl’
    crossvalDensity: no visible global function definition for ‘plot’
    crossvalNparReg: no visible global function definition for ‘plot’
    editLattice: no visible global function definition for ‘card’
    editLattice: no visible global function definition for ‘plot.new’
    editLattice: no visible global function definition for ‘plot.window’
    editLattice: no visible global function definition for ‘lines’
    editLattice: no visible global function definition for ‘segments’
    editLattice: no visible global function definition for ‘points’
    editLattice: no visible global function definition for ‘par’
    editLattice: no visible global function definition for ‘identify’
    formLattice: no visible global function definition for ‘dnearneigh’
    homerange: no visible global function definition for ‘plot’
    homerange: no visible global function definition for ‘points’
    homerange: no visible global function definition for ‘lines’
    makeTmatrix: no visible global function definition for ‘as.spam.listw’
    makeTmatrix: no visible global function definition for ‘nb2listw’
    makeTmatrix: no visible global function definition for ‘diag.spam’
    makeTmatrix: no visible global function definition for ‘nb2mat’
    nodeFilling: no visible global function definition for ‘flush.console’
    nodeFilling: no visible global function definition for ‘inout’
    nodeFilling: no visible global function definition for ‘as.points’
    plot.NparRegOut: no visible global function definition for ‘contour’
    plot.NparRegOut: no visible global function definition for ‘lines’
    plot.densityOut: no visible global function definition for ‘contour’
    plot.densityOut: no visible global function definition for ‘lines’
    plot.densityOut: no visible global function definition for ‘points’
    plot.formLatticeOutput: no visible global function definition for
     ‘plot’
    plot.formLatticeOutput: no visible global function definition for
     ‘lines’
    plot.formLatticeOutput: no visible global function definition for
     ‘card’
    plot.formLatticeOutput: no visible global function definition for
     ‘points’
    plot.nodeFillingOutput: no visible global function definition for
     ‘plot’
    plot.nodeFillingOutput: no visible global function definition for
     ‘points’
    plot.nodeFillingOutput: no visible global function definition for
     ‘lines’
    predict.NparRegOut: no visible global function definition for ‘bbox’
    predict.NparRegOut: no visible global function definition for ‘as.ppp’
    predict.NparRegOut: no visible global function definition for ‘nncross’
    removeHole: no visible global function definition for ‘inout’
    Undefined global functions or variables:
     areapl as.points as.ppp as.spam.listw bbox card contour diag.spam
     dnearneigh flush.console identify inout is.spam lines nb2listw nb2mat
     nncross par plot plot.new plot.window points segments
Flavors: r-devel-linux-x86_64-debian-clang, r-devel-linux-x86_64-debian-gcc, r-devel-linux-x86_64-fedora-clang, r-devel-linux-x86_64-fedora-gcc

Version: 1.0.7
Check: R code for possible problems
Result: NOTE
    Tkp: no visible global function definition for ‘is.spam’
    addObservations: no visible global function definition for ‘bbox’
    addObservations: no visible global function definition for ‘as.ppp’
    addObservations: no visible global function definition for ‘nncross’
    addQuantVar: no visible global function definition for ‘bbox’
    addQuantVar: no visible global function definition for ‘as.ppp’
    addQuantVar: no visible global function definition for ‘nncross’
    areaRegion: no visible global function definition for ‘areapl’
    editLattice: no visible global function definition for ‘card’
    formLattice: no visible global function definition for ‘dnearneigh’
    makeTmatrix: no visible global function definition for ‘as.spam.listw’
    makeTmatrix: no visible global function definition for ‘nb2listw’
    makeTmatrix: no visible global function definition for ‘diag.spam’
    makeTmatrix: no visible global function definition for ‘nb2mat’
    nodeFilling: no visible global function definition for ‘inout’
    nodeFilling: no visible global function definition for ‘as.points’
    plot.formLatticeOutput: no visible global function definition for
     ‘card’
    predict.NparRegOut: no visible global function definition for ‘bbox’
    predict.NparRegOut: no visible global function definition for ‘as.ppp’
    predict.NparRegOut: no visible global function definition for ‘nncross’
    removeHole: no visible global function definition for ‘inout’
    Undefined global functions or variables:
     areapl as.points as.ppp as.spam.listw bbox card diag.spam dnearneigh
     inout is.spam nb2listw nb2mat nncross
Flavor: r-devel-osx-x86_64-clang

Version: 1.0.7
Check: R code for possible problems
Result: NOTE
    Tkp: no visible global function definition for 'is.spam'
    addObservations: no visible global function definition for 'bbox'
    addObservations: no visible global function definition for 'as.ppp'
    addObservations: no visible global function definition for 'nncross'
    addObservations: no visible global function definition for 'plot'
    addObservations: no visible global function definition for 'points'
    addQuantVar: no visible global function definition for 'bbox'
    addQuantVar: no visible global function definition for 'as.ppp'
    addQuantVar: no visible global function definition for 'nncross'
    addQuantVar: no visible global function definition for 'plot'
    addQuantVar: no visible global function definition for 'points'
    areaRegion: no visible global function definition for 'areapl'
    crossvalDensity: no visible global function definition for 'plot'
    crossvalNparReg: no visible global function definition for 'plot'
    editLattice: no visible global function definition for 'card'
    editLattice: no visible global function definition for 'plot.new'
    editLattice: no visible global function definition for 'plot.window'
    editLattice: no visible global function definition for 'lines'
    editLattice: no visible global function definition for 'segments'
    editLattice: no visible global function definition for 'points'
    editLattice: no visible global function definition for 'par'
    editLattice: no visible global function definition for 'identify'
    editLattice: no visible global function definition for 'bringToTop'
    formLattice: no visible global function definition for 'dnearneigh'
    homerange: no visible global function definition for 'plot'
    homerange: no visible global function definition for 'points'
    homerange: no visible global function definition for 'lines'
    makeTmatrix: no visible global function definition for 'as.spam.listw'
    makeTmatrix: no visible global function definition for 'nb2listw'
    makeTmatrix: no visible global function definition for 'diag.spam'
    makeTmatrix: no visible global function definition for 'nb2mat'
    nodeFilling: no visible global function definition for 'flush.console'
    nodeFilling: no visible global function definition for 'inout'
    nodeFilling: no visible global function definition for 'as.points'
    plot.NparRegOut: no visible global function definition for 'contour'
    plot.NparRegOut: no visible global function definition for 'lines'
    plot.densityOut: no visible global function definition for 'contour'
    plot.densityOut: no visible global function definition for 'lines'
    plot.densityOut: no visible global function definition for 'points'
    plot.formLatticeOutput: no visible global function definition for
     'plot'
    plot.formLatticeOutput: no visible global function definition for
     'lines'
    plot.formLatticeOutput: no visible global function definition for
     'card'
    plot.formLatticeOutput: no visible global function definition for
     'points'
    plot.nodeFillingOutput: no visible global function definition for
     'plot'
    plot.nodeFillingOutput: no visible global function definition for
     'points'
    plot.nodeFillingOutput: no visible global function definition for
     'lines'
    predict.NparRegOut: no visible global function definition for 'bbox'
    predict.NparRegOut: no visible global function definition for 'as.ppp'
    predict.NparRegOut: no visible global function definition for 'nncross'
    removeHole: no visible global function definition for 'inout'
    Undefined global functions or variables:
     areapl as.points as.ppp as.spam.listw bbox bringToTop card contour
     diag.spam dnearneigh flush.console identify inout is.spam lines
     nb2listw nb2mat nncross par plot plot.new plot.window points segments
Flavor: r-devel-windows-ix86+x86_64

Version: 1.0.7
Check: R code for possible problems
Result: NOTE
    Tkp: no visible global function definition for ‘is.spam’
    addObservations: no visible global function definition for ‘bbox’
    addObservations: no visible global function definition for ‘as.ppp’
    addObservations: no visible global function definition for ‘nncross’
    addQuantVar: no visible global function definition for ‘bbox’
    addQuantVar: no visible global function definition for ‘as.ppp’
    addQuantVar: no visible global function definition for ‘nncross’
    areaRegion: no visible global function definition for ‘areapl’
    editLattice: no visible global function definition for ‘card’
    formLattice: no visible global function definition for ‘dnearneigh’
    makeTmatrix: no visible global function definition for ‘as.spam.listw’
    makeTmatrix: no visible global function definition for ‘nb2listw’
    makeTmatrix: no visible global function definition for ‘diag.spam’
    makeTmatrix: no visible global function definition for ‘nb2mat’
    nodeFilling: no visible global function definition for ‘inout’
    nodeFilling: no visible global function definition for ‘as.points’
    plot.formLatticeOutput: no visible global function definition for
     ‘card’
    predict.NparRegOut: no visible global function definition for ‘bbox’
    predict.NparRegOut: no visible global function definition for ‘as.ppp’
    predict.NparRegOut: no visible global function definition for ‘nncross’
    removeHole: no visible global function definition for ‘inout’
Flavors: r-patched-linux-x86_64, r-patched-solaris-sparc, r-patched-solaris-x86, r-release-linux-x86_64, r-release-osx-x86_64-mavericks, r-release-windows-ix86+x86_64, r-oldrel-windows-ix86+x86_64