CRAN Package Check Results for Package latticeExtra

Last updated on 2014-09-19 21:53:18.

Flavor Version Tinstall Tcheck Ttotal Status Flags
r-devel-linux-x86_64-debian-clang 0.6-26 1.91 45.59 47.50 NOTE
r-devel-linux-x86_64-debian-gcc 0.6-26 2.33 43.84 46.17 NOTE
r-devel-linux-x86_64-fedora-clang 0.6-26 97.88 NOTE
r-devel-linux-x86_64-fedora-gcc 0.6-26 94.54 NOTE
r-devel-osx-x86_64-clang 0.6-26 82.77 NOTE
r-devel-windows-ix86+x86_64 0.6-26 7.00 68.00 75.00 NOTE
r-patched-linux-x86_64 0.6-26 1.99 50.12 52.11 NOTE
r-patched-solaris-sparc 0.6-26 621.40 OK
r-patched-solaris-x86 0.6-26 133.00 OK
r-release-linux-ix86 0.6-26 2.89 62.97 65.86 OK
r-release-linux-x86_64 0.6-26 2.07 50.13 52.20 NOTE
r-release-osx-x86_64-mavericks 0.6-26 OK
r-release-windows-ix86+x86_64 0.6-26 6.00 81.00 87.00 OK
r-oldrel-windows-ix86+x86_64 0.6-26 6.00 72.00 78.00 OK

Check Details

Version: 0.6-26
Check: top-level files
Result: NOTE
    Non-standard file/directory found at top level:
     ‘old.svnlog’
Flavors: r-devel-linux-x86_64-debian-clang, r-devel-linux-x86_64-debian-gcc, r-devel-linux-x86_64-fedora-clang, r-devel-linux-x86_64-fedora-gcc, r-patched-linux-x86_64, r-release-linux-x86_64

Version: 0.6-26
Check: R code for possible problems
Result: NOTE
    panel.voronoi: no visible global function definition for
     ‘voronoi.polygons’
    panel.voronoi: no visible global function definition for
     ‘voronoi.mosaic’
    panel.voronoi: no visible global function definition for ‘tile.list’
    panel.voronoi: no visible global function definition for ‘deldir’
    panel.xblocks.zoo: no visible global function definition for ‘coredata’
    panel.xblocks.zoo: no visible global function definition for ‘index’
    panel.xyarea.zoo: no visible global function definition for ‘index’
    panel.xyarea.zoo: no visible global function definition for ‘coredata’
    simpleSmoothTs.zoo: no visible global function definition for ‘zoo’
    simpleSmoothTs.zoo: no visible global function definition for
     ‘coredata<-’
    simpleSmoothTs.zoo: no visible global function definition for
     ‘coredata’
Flavors: r-devel-linux-x86_64-debian-clang, r-devel-linux-x86_64-debian-gcc, r-devel-linux-x86_64-fedora-clang, r-devel-linux-x86_64-fedora-gcc, r-devel-osx-x86_64-clang, r-devel-windows-ix86+x86_64