CRAN Package Check Results for Package latticeExtra

Last updated on 2020-03-31 14:48:12 CEST.

Flavor Version Tinstall Tcheck Ttotal Status Flags
r-devel-linux-x86_64-debian-clang 0.6-29 8.34 78.10 86.44 OK
r-devel-linux-x86_64-debian-gcc 0.6-29 5.77 59.29 65.06 OK
r-devel-linux-x86_64-fedora-clang 0.6-29 99.96 OK
r-devel-linux-x86_64-fedora-gcc 0.6-29 98.70 OK
r-devel-windows-ix86+x86_64 0.6-29 13.00 86.00 99.00 OK
r-devel-windows-ix86+x86_64-gcc8 0.6-29 13.00 87.00 100.00 OK
r-patched-linux-x86_64 0.6-29 6.80 76.28 83.08 OK
r-patched-solaris-x86 0.6-29 143.30 OK
r-release-linux-x86_64 0.6-29 7.09 76.43 83.52 OK
r-release-windows-ix86+x86_64 0.6-29 31.00 127.00 158.00 OK
r-release-osx-x86_64 0.6-29 OK
r-oldrel-windows-ix86+x86_64 0.6-28 10.00 115.00 125.00 OK
r-oldrel-osx-x86_64 0.6-29 ERROR

Check Details

Version: 0.6-29
Check: whether package can be installed
Result: ERROR
    Installation failed.
Flavor: r-oldrel-osx-x86_64