CRAN Package Check Results for Package latticeExtra

Last updated on 2015-08-29 00:48:15.

Flavor Version Tinstall Tcheck Ttotal Status Flags
r-devel-linux-x86_64-debian-clang 0.6-26 1.82 40.42 42.24 NOTE
r-devel-linux-x86_64-debian-gcc 0.6-26 1.78 40.12 41.90 NOTE
r-devel-linux-x86_64-fedora-clang 0.6-26 87.41 NOTE
r-devel-linux-x86_64-fedora-gcc 0.6-26 86.33 NOTE
r-devel-osx-x86_64-clang 0.6-26 71.10 NOTE
r-devel-windows-ix86+x86_64 0.6-26 9.00 76.00 85.00 NOTE
r-patched-linux-x86_64 0.6-26 1.89 41.21 43.10 NOTE
r-patched-solaris-sparc 0.6-26 547.00 NOTE
r-patched-solaris-x86 0.6-26 115.30 NOTE
r-release-linux-x86_64 0.6-26 1.96 42.45 44.40 NOTE
r-release-osx-x86_64-mavericks 0.6-26 NOTE
r-release-windows-ix86+x86_64 0.6-26 8.00 76.00 84.00 NOTE
r-oldrel-windows-ix86+x86_64 0.6-26 10.00 88.00 98.00 NOTE

Check Details

Version: 0.6-26
Check: DESCRIPTION meta-information
Result: NOTE
    Malformed Description field: should contain one or more complete sentences.
Flavors: r-devel-linux-x86_64-debian-clang, r-devel-linux-x86_64-debian-gcc, r-devel-linux-x86_64-fedora-clang, r-devel-linux-x86_64-fedora-gcc, r-devel-osx-x86_64-clang, r-devel-windows-ix86+x86_64, r-patched-linux-x86_64, r-patched-solaris-sparc, r-patched-solaris-x86, r-release-linux-x86_64, r-release-osx-x86_64-mavericks, r-release-windows-ix86+x86_64

Version: 0.6-26
Check: top-level files
Result: NOTE
    Non-standard file/directory found at top level:
     ‘old.svnlog’
Flavors: r-devel-linux-x86_64-debian-clang, r-devel-linux-x86_64-debian-gcc, r-devel-linux-x86_64-fedora-clang, r-devel-linux-x86_64-fedora-gcc, r-patched-linux-x86_64, r-release-linux-x86_64

Version: 0.6-26
Check: dependencies in R code
Result: NOTE
    'library' or 'require' calls in package code:
     ‘deldir’ ‘quantreg’ ‘tripack’
     Please use :: or requireNamespace() instead.
     See section 'Suggested packages' in the 'Writing R Extensions' manual.
Flavors: r-devel-linux-x86_64-debian-clang, r-devel-linux-x86_64-debian-gcc, r-devel-linux-x86_64-fedora-clang, r-devel-linux-x86_64-fedora-gcc, r-devel-osx-x86_64-clang, r-devel-windows-ix86+x86_64, r-patched-linux-x86_64, r-patched-solaris-sparc, r-patched-solaris-x86, r-release-linux-x86_64, r-release-osx-x86_64-mavericks, r-release-windows-ix86+x86_64, r-oldrel-windows-ix86+x86_64

Version: 0.6-26
Check: R code for possible problems
Result: NOTE
    .arrayIndices: no visible global function definition for ‘head’
    addPositions: no visible global function definition for ‘is.leaf’
    asTheEconomist: no visible global function definition for ‘update’
    c.trellis: no visible global function definition for ‘update’
    c.trellis: no visible global function definition for ‘modifyList’
    combineLimits: no visible global function definition for ‘modifyList’
    conf.ellipse: no visible global function definition for ‘na.omit’
    conf.ellipse: no visible global function definition for ‘var’
    conf.ellipse: no visible global function definition for ‘qf’
    custom.theme: no visible global function definition for
     ‘colorRampPalette’
    custom.theme: no visible global function definition for ‘modifyList’
    dendrogramGrob: no visible global function definition for
     ‘order.dendrogram’
    dendrogramGrob: no visible global function definition for ‘dendrapply’
    dendrogramGrob : <anonymous>: no visible global function definition for
     ‘is.leaf’
    dendrogramGrob : getSegments: no visible global function definition for
     ‘is.leaf’
    doubleYScale: no visible global function definition for ‘update’
    drawLayerItem: no visible global function definition for ‘modifyList’
    genGillSans: no visible global function definition for ‘Type1Font’
    genGillSans: no visible global function definition for
     ‘postscriptFonts’
    genGillSans: no visible global function definition for ‘pdfFonts’
    genGillSans: no visible global function definition for ‘ps.options’
    genGillSans: no visible global function definition for ‘pdf.options’
    ggplot2like: no visible global function definition for ‘hcl’
    ggplot2like: no visible global function definition for
     ‘colorRampPalette’
    ggplot2like: no visible global function definition for ‘modifyList’
    gplotArgs.data.frame: no visible global function definition for ‘str’
    horizonplot.default : <anonymous>: no visible global function
     definition for ‘na.omit’
    horizonplot.default: no visible global function definition for
     ‘modifyList’
    horizonplot.default: no visible global function definition for ‘update’
    logTicks: no visible global function definition for ‘axisTicks’
    mapplot.formula: no visible global function definition for
     ‘colorRampPalette’
    mapplot.formula : colramp: no visible global function definition for
     ‘colorRampPalette’
    mapplot.formula: no visible global function definition for ‘update’
    marginal.plot : <anonymous>: no visible global function definition for
     ‘xtabs’
    marginal.plot: no visible global function definition for ‘update’
    panel.2dsmoother: no visible global function definition for ‘predict’
    panel.ecdfplot: no visible binding for global variable ‘qunif’
    panel.ecdfplot: no visible global function definition for ‘quantile’
    panel.lmlineq: no visible global function definition for ‘lm’
    panel.qqmath.tails: no visible binding for global variable ‘qnorm’
    panel.qqmath.tails: no visible global function definition for ‘ppoints’
    panel.qqmath.xyarea: no visible binding for global variable ‘qnorm’
    panel.qqmath.xyarea: no visible global function definition for
     ‘ppoints’
    panel.qqmath.xyarea: no visible global function definition for ‘head’
    panel.qqmath.xyarea: no visible global function definition for ‘tail’
    panel.qqmath.xyarea: no visible global function definition for
     ‘quantile’
    panel.quantile: no visible global function definition for ‘predict’
    panel.smoother: no visible global function definition for ‘predict’
    panel.smoother: no visible global function definition for ‘qnorm’
    panel.tskernel: no visible global function definition for ‘kernel’
    panel.tskernel: no visible global function definition for ‘ts’
    panel.tskernel: no visible global function definition for ‘tail’
    panel.tskernel: no visible global function definition for ‘as.ts’
    panel.voronoi: no visible global function definition for
     ‘complete.cases’
    panel.voronoi: no visible global function definition for ‘extendrange’
    panel.voronoi: no visible global function definition for
     ‘voronoi.polygons’
    panel.voronoi: no visible global function definition for
     ‘voronoi.mosaic’
    panel.voronoi: no visible global function definition for ‘tile.list’
    panel.voronoi: no visible global function definition for ‘deldir’
    panel.xblocks.default: no visible global function definition for
     ‘median’
    panel.xblocks.default: no visible global function definition for ‘tail’
    panel.xblocks.default: no visible global function definition for ‘head’
    panel.xblocks.ts: no visible global function definition for ‘time’
    panel.xblocks.zoo: no visible global function definition for ‘coredata’
    panel.xblocks.zoo: no visible global function definition for ‘index’
    panel.xyarea.default: no visible global function definition for
     ‘complete.cases’
    panel.xyarea.default : <anonymous>: no visible global function
     definition for ‘head’
    panel.xyarea.default : <anonymous>: no visible global function
     definition for ‘tail’
    panel.xyarea.ts: no visible global function definition for ‘time’
    panel.xyarea.zoo: no visible global function definition for ‘index’
    panel.xyarea.zoo: no visible global function definition for ‘coredata’
    prepanel.ecdfplot: no visible binding for global variable ‘qunif’
    prepanel.horizonplot : <anonymous>: no visible global function
     definition for ‘na.omit’
    reorderTableByFreq: no visible binding for global variable ‘reorder’
    reorderTableByFreq: no visible global function definition for ‘xtabs’
    resizePanels: no visible global function definition for ‘update’
    simpleSmoothTs.default: no visible global function definition for
     ‘kernel’
    simpleSmoothTs.default: no visible global function definition for
     ‘as.ts’
    simpleSmoothTs.default: no visible global function definition for
     ‘deltat’
    simpleSmoothTs.default: no visible global function definition for
     ‘aggregate’
    simpleSmoothTs.default: no visible global function definition for ‘tsp’
    simpleSmoothTs.default: no visible global function definition for
     ‘tsp<-’
    simpleSmoothTs.zoo: no visible global function definition for ‘as.ts’
    simpleSmoothTs.zoo: no visible global function definition for ‘time’
    simpleSmoothTs.zoo: no visible global function definition for ‘zoo’
    simpleSmoothTs.zoo: no visible global function definition for
     ‘coredata<-’
    simpleSmoothTs.zoo: no visible global function definition for
     ‘coredata’
    theEconomist.theme: no visible global function definition for
     ‘colorRampPalette’
    theEconomist.theme: no visible global function definition for
     ‘modifyList’
    undoLayer: no visible global function definition for ‘update’
    updateList: no visible global function definition for ‘modifyList’
    useOuterStrips: no visible global function definition for ‘modifyList’
    useOuterStrips: no visible global function definition for ‘update’
    xyplot.stl: no visible global function definition for ‘update’
    Undefined global functions or variables:
     Type1Font aggregate as.ts axisTicks colorRampPalette complete.cases
     coredata coredata<- deldir deltat dendrapply extendrange hcl head
     index is.leaf kernel lm median modifyList na.omit order.dendrogram
     pdf.options pdfFonts postscriptFonts ppoints predict ps.options qf
     qnorm quantile qunif reorder str tail tile.list time ts tsp tsp<-
     update var voronoi.mosaic voronoi.polygons xtabs zoo
    Consider adding
     importFrom("grDevices", "Type1Font", "axisTicks", "colorRampPalette",
     "extendrange", "hcl", "pdf.options", "pdfFonts",
     "postscriptFonts", "ps.options")
     importFrom("stats", "aggregate", "as.ts", "complete.cases", "deltat",
     "dendrapply", "is.leaf", "kernel", "lm", "median",
     "na.omit", "order.dendrogram", "ppoints", "predict", "qf",
     "qnorm", "quantile", "qunif", "reorder", "time", "ts",
     "tsp", "tsp<-", "update", "var", "xtabs")
     importFrom("utils", "head", "modifyList", "str", "tail")
    to your NAMESPACE.
Flavors: r-devel-linux-x86_64-debian-clang, r-devel-linux-x86_64-debian-gcc, r-devel-linux-x86_64-fedora-clang, r-devel-linux-x86_64-fedora-gcc

Version: 0.6-26
Check: R code for possible problems
Result: NOTE
    panel.voronoi: no visible global function definition for
     ‘voronoi.polygons’
    panel.voronoi: no visible global function definition for
     ‘voronoi.mosaic’
    panel.voronoi: no visible global function definition for ‘tile.list’
    panel.voronoi: no visible global function definition for ‘deldir’
    panel.xblocks.zoo: no visible global function definition for ‘coredata’
    panel.xblocks.zoo: no visible global function definition for ‘index’
    panel.xyarea.zoo: no visible global function definition for ‘index’
    panel.xyarea.zoo: no visible global function definition for ‘coredata’
    simpleSmoothTs.zoo: no visible global function definition for ‘zoo’
    simpleSmoothTs.zoo: no visible global function definition for
     ‘coredata<-’
    simpleSmoothTs.zoo: no visible global function definition for
     ‘coredata’
    Undefined global functions or variables:
     coredata coredata<- deldir index tile.list voronoi.mosaic
     voronoi.polygons zoo
Flavor: r-devel-osx-x86_64-clang

Version: 0.6-26
Check: R code for possible problems
Result: NOTE
    .arrayIndices: no visible global function definition for 'head'
    addPositions: no visible global function definition for 'is.leaf'
    asTheEconomist: no visible global function definition for 'update'
    c.trellis: no visible global function definition for 'update'
    c.trellis: no visible global function definition for 'modifyList'
    combineLimits: no visible global function definition for 'modifyList'
    conf.ellipse: no visible global function definition for 'na.omit'
    conf.ellipse: no visible global function definition for 'var'
    conf.ellipse: no visible global function definition for 'qf'
    custom.theme: no visible global function definition for
     'colorRampPalette'
    custom.theme: no visible global function definition for 'modifyList'
    dendrogramGrob: no visible global function definition for
     'order.dendrogram'
    dendrogramGrob: no visible global function definition for 'dendrapply'
    dendrogramGrob : <anonymous>: no visible global function definition for
     'is.leaf'
    dendrogramGrob : getSegments: no visible global function definition for
     'is.leaf'
    doubleYScale: no visible global function definition for 'update'
    drawLayerItem: no visible global function definition for 'modifyList'
    genGillSans: no visible global function definition for 'Type1Font'
    genGillSans: no visible global function definition for
     'postscriptFonts'
    genGillSans: no visible global function definition for 'pdfFonts'
    genGillSans: no visible global function definition for 'ps.options'
    genGillSans: no visible global function definition for 'pdf.options'
    ggplot2like: no visible global function definition for 'hcl'
    ggplot2like: no visible global function definition for
     'colorRampPalette'
    ggplot2like: no visible global function definition for 'modifyList'
    gplotArgs.data.frame: no visible global function definition for 'str'
    horizonplot.default : <anonymous>: no visible global function
     definition for 'na.omit'
    horizonplot.default: no visible global function definition for
     'modifyList'
    horizonplot.default: no visible global function definition for 'update'
    logTicks: no visible global function definition for 'axisTicks'
    mapplot.formula: no visible global function definition for
     'colorRampPalette'
    mapplot.formula : colramp: no visible global function definition for
     'colorRampPalette'
    mapplot.formula: no visible global function definition for 'update'
    marginal.plot : <anonymous>: no visible global function definition for
     'xtabs'
    marginal.plot: no visible global function definition for 'update'
    panel.2dsmoother: no visible global function definition for 'predict'
    panel.ecdfplot: no visible binding for global variable 'qunif'
    panel.ecdfplot: no visible global function definition for 'quantile'
    panel.lmlineq: no visible global function definition for 'lm'
    panel.qqmath.tails: no visible binding for global variable 'qnorm'
    panel.qqmath.tails: no visible global function definition for 'ppoints'
    panel.qqmath.xyarea: no visible binding for global variable 'qnorm'
    panel.qqmath.xyarea: no visible global function definition for
     'ppoints'
    panel.qqmath.xyarea: no visible global function definition for 'head'
    panel.qqmath.xyarea: no visible global function definition for 'tail'
    panel.qqmath.xyarea: no visible global function definition for
     'quantile'
    panel.quantile: no visible global function definition for 'predict'
    panel.smoother: no visible global function definition for 'predict'
    panel.smoother: no visible global function definition for 'qnorm'
    panel.tskernel: no visible global function definition for 'kernel'
    panel.tskernel: no visible global function definition for 'ts'
    panel.tskernel: no visible global function definition for 'tail'
    panel.tskernel: no visible global function definition for 'as.ts'
    panel.voronoi: no visible global function definition for
     'complete.cases'
    panel.voronoi: no visible global function definition for 'extendrange'
    panel.voronoi: no visible global function definition for
     'voronoi.polygons'
    panel.voronoi: no visible global function definition for
     'voronoi.mosaic'
    panel.voronoi: no visible global function definition for 'tile.list'
    panel.voronoi: no visible global function definition for 'deldir'
    panel.xblocks.default: no visible global function definition for
     'median'
    panel.xblocks.default: no visible global function definition for 'tail'
    panel.xblocks.default: no visible global function definition for 'head'
    panel.xblocks.ts: no visible global function definition for 'time'
    panel.xblocks.zoo: no visible global function definition for 'coredata'
    panel.xblocks.zoo: no visible global function definition for 'index'
    panel.xyarea.default: no visible global function definition for
     'complete.cases'
    panel.xyarea.default : <anonymous>: no visible global function
     definition for 'head'
    panel.xyarea.default : <anonymous>: no visible global function
     definition for 'tail'
    panel.xyarea.ts: no visible global function definition for 'time'
    panel.xyarea.zoo: no visible global function definition for 'index'
    panel.xyarea.zoo: no visible global function definition for 'coredata'
    prepanel.ecdfplot: no visible binding for global variable 'qunif'
    prepanel.horizonplot : <anonymous>: no visible global function
     definition for 'na.omit'
    reorderTableByFreq: no visible binding for global variable 'reorder'
    reorderTableByFreq: no visible global function definition for 'xtabs'
    resizePanels: no visible global function definition for 'update'
    simpleSmoothTs.default: no visible global function definition for
     'kernel'
    simpleSmoothTs.default: no visible global function definition for
     'as.ts'
    simpleSmoothTs.default: no visible global function definition for
     'deltat'
    simpleSmoothTs.default: no visible global function definition for
     'aggregate'
    simpleSmoothTs.default: no visible global function definition for 'tsp'
    simpleSmoothTs.default: no visible global function definition for
     'tsp<-'
    simpleSmoothTs.zoo: no visible global function definition for 'as.ts'
    simpleSmoothTs.zoo: no visible global function definition for 'time'
    simpleSmoothTs.zoo: no visible global function definition for 'zoo'
    simpleSmoothTs.zoo: no visible global function definition for
     'coredata<-'
    simpleSmoothTs.zoo: no visible global function definition for
     'coredata'
    theEconomist.theme: no visible global function definition for
     'colorRampPalette'
    theEconomist.theme: no visible global function definition for
     'windowsFonts'
    theEconomist.theme: no visible global function definition for
     'modifyList'
    undoLayer: no visible global function definition for 'update'
    updateList: no visible global function definition for 'modifyList'
    useOuterStrips: no visible global function definition for 'modifyList'
    useOuterStrips: no visible global function definition for 'update'
    xyplot.stl: no visible global function definition for 'update'
    Undefined global functions or variables:
     Type1Font aggregate as.ts axisTicks colorRampPalette complete.cases
     coredata coredata<- deldir deltat dendrapply extendrange hcl head
     index is.leaf kernel lm median modifyList na.omit order.dendrogram
     pdf.options pdfFonts postscriptFonts ppoints predict ps.options qf
     qnorm quantile qunif reorder str tail tile.list time ts tsp tsp<-
     update var voronoi.mosaic voronoi.polygons windowsFonts xtabs zoo
    Consider adding
     importFrom("grDevices", "Type1Font", "axisTicks", "colorRampPalette",
     "extendrange", "hcl", "pdf.options", "pdfFonts",
     "postscriptFonts", "ps.options", "windowsFonts")
     importFrom("stats", "aggregate", "as.ts", "complete.cases", "deltat",
     "dendrapply", "is.leaf", "kernel", "lm", "median",
     "na.omit", "order.dendrogram", "ppoints", "predict", "qf",
     "qnorm", "quantile", "qunif", "reorder", "time", "ts",
     "tsp", "tsp<-", "update", "var", "xtabs")
     importFrom("utils", "head", "modifyList", "str", "tail")
    to your NAMESPACE.
Flavor: r-devel-windows-ix86+x86_64

Version: 0.6-26
Check: R code for possible problems
Result: NOTE
    panel.voronoi: no visible global function definition for
     ‘voronoi.polygons’
    panel.voronoi: no visible global function definition for
     ‘voronoi.mosaic’
    panel.voronoi: no visible global function definition for ‘tile.list’
    panel.voronoi: no visible global function definition for ‘deldir’
    panel.xblocks.zoo: no visible global function definition for ‘coredata’
    panel.xblocks.zoo: no visible global function definition for ‘index’
    panel.xyarea.zoo: no visible global function definition for ‘index’
    panel.xyarea.zoo: no visible global function definition for ‘coredata’
    simpleSmoothTs.zoo: no visible global function definition for ‘zoo’
    simpleSmoothTs.zoo: no visible global function definition for
     ‘coredata<-’
    simpleSmoothTs.zoo: no visible global function definition for
     ‘coredata’
Flavors: r-patched-linux-x86_64, r-patched-solaris-sparc, r-patched-solaris-x86, r-release-linux-x86_64, r-release-osx-x86_64-mavericks, r-release-windows-ix86+x86_64, r-oldrel-windows-ix86+x86_64