CRAN Package Check Results for Package latticeExtra

Last updated on 2015-04-28 19:49:09.

Flavor Version Tinstall Tcheck Ttotal Status Flags
r-devel-linux-x86_64-debian-clang 0.6-26 1.86 43.19 45.05 NOTE
r-devel-linux-x86_64-debian-gcc 0.6-26 2.04 42.09 44.13 NOTE
r-devel-linux-x86_64-fedora-clang 0.6-26 87.74 NOTE
r-devel-linux-x86_64-fedora-gcc 0.6-26 83.42 NOTE
r-devel-osx-x86_64-clang 0.6-26 75.91 NOTE
r-devel-windows-ix86+x86_64 0.6-26 7.00 69.00 76.00 NOTE
r-patched-linux-x86_64 0.6-26 1.86 40.73 42.59 NOTE
r-patched-solaris-sparc 0.6-26 553.20 NOTE
r-patched-solaris-x86 0.6-26 111.40 NOTE
r-release-linux-x86_64 0.6-26 1.86 42.60 44.46 NOTE
r-release-osx-x86_64-mavericks 0.6-26 NOTE
r-release-osx-x86_64-snowleopard 0.6-26 ERROR
r-release-windows-ix86+x86_64 0.6-26 5.00 71.00 76.00 NOTE
r-oldrel-windows-ix86+x86_64 0.6-26 5.00 65.00 70.00 NOTE

Check Details

Version: 0.6-26
Check: DESCRIPTION meta-information
Result: NOTE
    Malformed Description field: should contain one or more complete sentences.
Flavors: r-devel-linux-x86_64-debian-clang, r-devel-linux-x86_64-debian-gcc, r-devel-linux-x86_64-fedora-clang, r-devel-linux-x86_64-fedora-gcc, r-devel-osx-x86_64-clang, r-devel-windows-ix86+x86_64, r-patched-linux-x86_64, r-patched-solaris-sparc, r-patched-solaris-x86, r-release-linux-x86_64, r-release-osx-x86_64-mavericks, r-release-osx-x86_64-snowleopard, r-release-windows-ix86+x86_64

Version: 0.6-26
Check: top-level files
Result: NOTE
    Non-standard file/directory found at top level:
     ‘old.svnlog’
Flavors: r-devel-linux-x86_64-debian-clang, r-devel-linux-x86_64-debian-gcc, r-devel-linux-x86_64-fedora-clang, r-devel-linux-x86_64-fedora-gcc, r-patched-linux-x86_64, r-release-linux-x86_64

Version: 0.6-26
Check: dependencies in R code
Result: NOTE
    'library' or 'require' calls in package code:
     ‘deldir’ ‘quantreg’ ‘tripack’
     Please use :: or requireNamespace() instead.
     See section 'Suggested packages' in the 'Writing R Extensions' manual.
Flavors: r-devel-linux-x86_64-debian-clang, r-devel-linux-x86_64-debian-gcc, r-devel-linux-x86_64-fedora-clang, r-devel-linux-x86_64-fedora-gcc, r-devel-osx-x86_64-clang, r-devel-windows-ix86+x86_64, r-patched-linux-x86_64, r-patched-solaris-sparc, r-patched-solaris-x86, r-release-linux-x86_64, r-release-osx-x86_64-mavericks, r-release-osx-x86_64-snowleopard, r-release-windows-ix86+x86_64, r-oldrel-windows-ix86+x86_64

Version: 0.6-26
Check: R code for possible problems
Result: NOTE
    panel.voronoi: no visible global function definition for
     ‘voronoi.polygons’
    panel.voronoi: no visible global function definition for
     ‘voronoi.mosaic’
    panel.voronoi: no visible global function definition for ‘tile.list’
    panel.voronoi: no visible global function definition for ‘deldir’
    panel.xblocks.zoo: no visible global function definition for ‘coredata’
    panel.xblocks.zoo: no visible global function definition for ‘index’
    panel.xyarea.zoo: no visible global function definition for ‘index’
    panel.xyarea.zoo: no visible global function definition for ‘coredata’
    simpleSmoothTs.zoo: no visible global function definition for ‘zoo’
    simpleSmoothTs.zoo: no visible global function definition for
     ‘coredata<-’
    simpleSmoothTs.zoo: no visible global function definition for
     ‘coredata’
Flavors: r-devel-linux-x86_64-debian-clang, r-devel-linux-x86_64-debian-gcc, r-devel-linux-x86_64-fedora-clang, r-devel-linux-x86_64-fedora-gcc, r-devel-osx-x86_64-clang, r-devel-windows-ix86+x86_64, r-patched-linux-x86_64, r-patched-solaris-sparc, r-patched-solaris-x86, r-release-linux-x86_64, r-release-osx-x86_64-mavericks, r-release-osx-x86_64-snowleopard, r-release-windows-ix86+x86_64, r-oldrel-windows-ix86+x86_64

Version: 0.6-26
Check: package dependencies
Result: NOTE
    Packages suggested but not available for checking: ‘quantreg’ ‘zoo’
Flavor: r-release-osx-x86_64-snowleopard

Version: 0.6-26
Check: Rd cross-references
Result: NOTE
    Packages unavailable to check Rd xrefs: ‘ggplot2’, ‘quantreg’
Flavor: r-release-osx-x86_64-snowleopard

Version: 0.6-26
Check: examples
Result: ERROR
    Running examples in ‘latticeExtra-Ex.R’ failed
    The error most likely occurred in:
    
    > ### Name: panel.quantile
    > ### Title: Plot a quantile regression line with standard error bounds.
    > ### Aliases: panel.quantile
    > ### Keywords: dplot
    >
    > ### ** Examples
    >
    > library("quantreg")
    Error in library("quantreg") : there is no package called ‘quantreg’
    Execution halted
Flavor: r-release-osx-x86_64-snowleopard