CRAN Package Check Results for Package latticeExtra

Last updated on 2014-04-24 07:52:30.

Flavor Version Tinstall Tcheck Ttotal Status Flags
r-devel-linux-x86_64-debian-clang 0.6-26 2.21 52.14 54.35 OK
r-devel-linux-x86_64-debian-gcc 0.6-26 2.28 51.34 53.62 OK
r-devel-linux-x86_64-fedora-clang 0.6-26 110.03 NOTE
r-devel-linux-x86_64-fedora-gcc 0.6-26 106.56 NOTE
r-devel-osx-x86_64-clang 0.6-26 85.46 OK
r-devel-osx-x86_64-gcc 0.6-26 ERROR
r-devel-windows-ix86+x86_64 0.6-26 6.00 70.00 76.00 OK
r-patched-linux-x86_64 0.6-26 2.26 51.43 53.69 OK
r-patched-solaris-sparc 0.6-26 609.20 OK
r-patched-solaris-x86 0.6-26 132.90 OK
r-release-linux-ix86 0.6-26 4.00 81.00 85.00 OK
r-release-linux-x86_64 0.6-26 2.12 50.96 53.08 OK
r-release-osx-x86_64-mavericks 0.6-26 WARN
r-release-windows-ix86+x86_64 0.6-26 6.00 75.00 81.00 OK
r-oldrel-windows-ix86+x86_64 0.6-26 6.00 79.00 85.00 OK

Check Details

Version: 0.6-26
Check: top-level files
Result: NOTE
    Non-standard file/directory found at top level:
     ‘old.svnlog’
Flavors: r-devel-linux-x86_64-fedora-clang, r-devel-linux-x86_64-fedora-gcc

Version: 0.6-26
Check: package dependencies
Result: NOTE
    Packages suggested but not available for checking: ‘quantreg’ ‘zoo’
Flavor: r-devel-osx-x86_64-gcc

Version: 0.6-26
Check: R code for possible problems
Result: NOTE
    panel.xblocks.zoo: no visible global function definition for ‘coredata’
    panel.xblocks.zoo: no visible global function definition for ‘index’
    panel.xyarea.zoo: no visible global function definition for ‘index’
    panel.xyarea.zoo: no visible global function definition for ‘coredata’
    simpleSmoothTs.zoo: no visible global function definition for ‘zoo’
    simpleSmoothTs.zoo: no visible global function definition for
     ‘coredata<-’
    simpleSmoothTs.zoo: no visible global function definition for
     ‘coredata’
Flavor: r-devel-osx-x86_64-gcc

Version: 0.6-26
Check: Rd cross-references
Result: NOTE
    Packages unavailable to check Rd xrefs: ‘ggplot2’, ‘quantreg’
Flavor: r-devel-osx-x86_64-gcc

Version: 0.6-26
Check: examples
Result: ERROR
    Running examples in ‘latticeExtra-Ex.R’ failed
    The error most likely occurred in:
    
    > ### Name: panel.quantile
    > ### Title: Plot a quantile regression line with standard error bounds.
    > ### Aliases: panel.quantile
    > ### Keywords: dplot
    >
    > ### ** Examples
    >
    > library("quantreg")
    Error in library("quantreg") : there is no package called ‘quantreg’
    Execution halted
Flavor: r-devel-osx-x86_64-gcc

Version: 0.6-26
Check: Rd cross-references
Result: NOTE
    Package unavailable to check Rd xrefs: ‘ggplot2’
Flavor: r-release-osx-x86_64-mavericks

Version: 0.6-26
Check: PDF version of manual
Result: WARNING
    LaTeX errors when creating PDF version.
    This typically indicates Rd problems.
    LaTeX errors found:
    ! LaTeX Error: File `upquote.sty' not found.
    
    Type X to quit or <RETURN> to proceed,
    or enter new name. (Default extension: sty)
    
    287292a/Rd2.tex:8: ==> Fatal error occurred, no output PDF file produced!
Flavor: r-release-osx-x86_64-mavericks