CRAN Package Check Results for Package latticeExtra

Last updated on 2015-02-27 13:47:06.

Flavor Version Tinstall Tcheck Ttotal Status Flags
r-devel-linux-x86_64-debian-clang 0.6-26 2.04 42.22 44.26 NOTE
r-devel-linux-x86_64-debian-gcc 0.6-26 1.94 41.22 43.16 NOTE
r-devel-linux-x86_64-fedora-clang 0.6-26 90.68 NOTE
r-devel-linux-x86_64-fedora-gcc 0.6-26 81.95 NOTE
r-devel-osx-x86_64-clang 0.6-26 79.34 NOTE
r-devel-windows-ix86+x86_64 0.6-26 10.00 69.00 79.00 NOTE
r-patched-linux-x86_64 0.6-26 2.44 48.46 50.89 NOTE
r-patched-solaris-sparc 0.6-26 607.90 NOTE
r-patched-solaris-x86 0.6-26 126.90 NOTE
r-release-linux-ix86 0.6-26 2.89 58.45 61.34 NOTE
r-release-linux-x86_64 0.6-26 2.16 49.03 51.20 NOTE
r-release-osx-x86_64-mavericks 0.6-26 NOTE
r-release-windows-ix86+x86_64 0.6-26 6.00 78.00 84.00 NOTE
r-oldrel-windows-ix86+x86_64 0.6-26 8.00 83.00 91.00 OK

Check Details

Version: 0.6-26
Check: DESCRIPTION meta-information
Result: NOTE
    Malformed Description field: should contain one or more complete sentences.
Flavors: r-devel-linux-x86_64-debian-clang, r-devel-linux-x86_64-debian-gcc, r-devel-linux-x86_64-fedora-clang, r-devel-linux-x86_64-fedora-gcc, r-devel-osx-x86_64-clang, r-devel-windows-ix86+x86_64

Version: 0.6-26
Check: top-level files
Result: NOTE
    Non-standard file/directory found at top level:
     ‘old.svnlog’
Flavors: r-devel-linux-x86_64-debian-clang, r-devel-linux-x86_64-debian-gcc, r-devel-linux-x86_64-fedora-clang, r-devel-linux-x86_64-fedora-gcc, r-patched-linux-x86_64, r-release-linux-ix86, r-release-linux-x86_64

Version: 0.6-26
Check: dependencies in R code
Result: NOTE
    'library' or 'require' calls in package code:
     ‘deldir’ ‘quantreg’ ‘tripack’
     Please use :: or requireNamespace() instead.
     See section 'Suggested packages' in the 'Writing R Extensions' manual.
Flavors: r-devel-linux-x86_64-debian-clang, r-devel-linux-x86_64-debian-gcc, r-devel-linux-x86_64-fedora-clang, r-devel-linux-x86_64-fedora-gcc, r-devel-osx-x86_64-clang, r-devel-windows-ix86+x86_64, r-patched-linux-x86_64, r-patched-solaris-sparc, r-patched-solaris-x86

Version: 0.6-26
Check: R code for possible problems
Result: NOTE
    panel.voronoi: no visible global function definition for
     ‘voronoi.polygons’
    panel.voronoi: no visible global function definition for
     ‘voronoi.mosaic’
    panel.voronoi: no visible global function definition for ‘tile.list’
    panel.voronoi: no visible global function definition for ‘deldir’
    panel.xblocks.zoo: no visible global function definition for ‘coredata’
    panel.xblocks.zoo: no visible global function definition for ‘index’
    panel.xyarea.zoo: no visible global function definition for ‘index’
    panel.xyarea.zoo: no visible global function definition for ‘coredata’
    simpleSmoothTs.zoo: no visible global function definition for ‘zoo’
    simpleSmoothTs.zoo: no visible global function definition for
     ‘coredata<-’
    simpleSmoothTs.zoo: no visible global function definition for
     ‘coredata’
Flavors: r-devel-linux-x86_64-debian-clang, r-devel-linux-x86_64-debian-gcc, r-devel-linux-x86_64-fedora-clang, r-devel-linux-x86_64-fedora-gcc, r-devel-osx-x86_64-clang, r-devel-windows-ix86+x86_64, r-patched-linux-x86_64, r-patched-solaris-sparc, r-patched-solaris-x86, r-release-linux-ix86, r-release-linux-x86_64, r-release-osx-x86_64-mavericks, r-release-windows-ix86+x86_64