CRAN Package Check Results for Package latticeExtra

Last updated on 2014-11-27 21:46:34.

Flavor Version Tinstall Tcheck Ttotal Status Flags
r-devel-linux-x86_64-debian-clang 0.6-26 1.99 46.33 48.32 NOTE
r-devel-linux-x86_64-debian-gcc 0.6-26 1.93 44.45 46.38 NOTE
r-devel-linux-x86_64-fedora-clang 0.6-26 97.93 NOTE
r-devel-linux-x86_64-fedora-gcc 0.6-26 107.48 NOTE
r-devel-osx-x86_64-clang 0.6-26 83.31 NOTE
r-devel-windows-ix86+x86_64 0.6-26 7.00 65.00 72.00 NOTE
r-patched-linux-x86_64 0.6-26 2.05 49.50 51.55 NOTE
r-patched-solaris-sparc 0.6-26 598.30 NOTE
r-patched-solaris-x86 0.6-26 125.20 NOTE
r-release-linux-ix86 0.6-26 2.92 57.72 60.64 NOTE
r-release-linux-x86_64 0.6-26 2.06 49.36 51.42 NOTE
r-release-osx-x86_64-mavericks 0.6-26 OK
r-release-windows-ix86+x86_64 0.6-26 5.00 77.00 82.00 NOTE
r-oldrel-windows-ix86+x86_64 0.6-26 6.00 77.00 83.00 OK

Check Details

Version: 0.6-26
Check: top-level files
Result: NOTE
    Non-standard file/directory found at top level:
     ‘old.svnlog’
Flavors: r-devel-linux-x86_64-debian-clang, r-devel-linux-x86_64-debian-gcc, r-devel-linux-x86_64-fedora-clang, r-devel-linux-x86_64-fedora-gcc, r-patched-linux-x86_64, r-release-linux-x86_64

Version: 0.6-26
Check: R code for possible problems
Result: NOTE
    panel.voronoi: no visible global function definition for
     ‘voronoi.polygons’
    panel.voronoi: no visible global function definition for
     ‘voronoi.mosaic’
    panel.voronoi: no visible global function definition for ‘tile.list’
    panel.voronoi: no visible global function definition for ‘deldir’
    panel.xblocks.zoo: no visible global function definition for ‘coredata’
    panel.xblocks.zoo: no visible global function definition for ‘index’
    panel.xyarea.zoo: no visible global function definition for ‘index’
    panel.xyarea.zoo: no visible global function definition for ‘coredata’
    simpleSmoothTs.zoo: no visible global function definition for ‘zoo’
    simpleSmoothTs.zoo: no visible global function definition for
     ‘coredata<-’
    simpleSmoothTs.zoo: no visible global function definition for
     ‘coredata’
Flavors: r-devel-linux-x86_64-debian-clang, r-devel-linux-x86_64-debian-gcc, r-devel-linux-x86_64-fedora-clang, r-devel-linux-x86_64-fedora-gcc, r-devel-osx-x86_64-clang, r-devel-windows-ix86+x86_64, r-patched-linux-x86_64, r-patched-solaris-sparc, r-patched-solaris-x86, r-release-linux-ix86, r-release-linux-x86_64, r-release-windows-ix86+x86_64