CRAN Package Check Results for Package latticeExtra

Last updated on 2014-10-25 19:47:39.

Flavor Version Tinstall Tcheck Ttotal Status Flags
r-devel-linux-x86_64-debian-clang 0.6-26 2.05 44.66 46.71 NOTE
r-devel-linux-x86_64-debian-gcc 0.6-26 2.03 43.98 46.01 NOTE
r-devel-linux-x86_64-fedora-clang 0.6-26 99.74 NOTE
r-devel-linux-x86_64-fedora-gcc 0.6-26 94.18 NOTE
r-devel-osx-x86_64-clang 0.6-26 83.03 NOTE
r-devel-windows-ix86+x86_64 0.6-26 7.00 63.00 70.00 NOTE
r-patched-linux-x86_64 0.6-26 2.10 47.69 49.79 NOTE
r-patched-solaris-sparc 0.6-26 598.30 NOTE
r-patched-solaris-x86 0.6-26 127.50 NOTE
r-release-linux-ix86 0.6-26 2.96 63.36 66.32 OK
r-release-linux-x86_64 0.6-26 2.09 51.27 53.36 NOTE
r-release-osx-x86_64-mavericks 0.6-26 OK
r-release-windows-ix86+x86_64 0.6-26 6.00 72.00 78.00 OK
r-oldrel-windows-ix86+x86_64 0.6-26 7.00 74.00 81.00 OK

Check Details

Version: 0.6-26
Check: top-level files
Result: NOTE
    Non-standard file/directory found at top level:
     ‘old.svnlog’
Flavors: r-devel-linux-x86_64-debian-clang, r-devel-linux-x86_64-debian-gcc, r-devel-linux-x86_64-fedora-clang, r-devel-linux-x86_64-fedora-gcc, r-patched-linux-x86_64, r-release-linux-x86_64

Version: 0.6-26
Check: R code for possible problems
Result: NOTE
    panel.voronoi: no visible global function definition for
     ‘voronoi.polygons’
    panel.voronoi: no visible global function definition for
     ‘voronoi.mosaic’
    panel.voronoi: no visible global function definition for ‘tile.list’
    panel.voronoi: no visible global function definition for ‘deldir’
    panel.xblocks.zoo: no visible global function definition for ‘coredata’
    panel.xblocks.zoo: no visible global function definition for ‘index’
    panel.xyarea.zoo: no visible global function definition for ‘index’
    panel.xyarea.zoo: no visible global function definition for ‘coredata’
    simpleSmoothTs.zoo: no visible global function definition for ‘zoo’
    simpleSmoothTs.zoo: no visible global function definition for
     ‘coredata<-’
    simpleSmoothTs.zoo: no visible global function definition for
     ‘coredata’
Flavors: r-devel-linux-x86_64-debian-clang, r-devel-linux-x86_64-debian-gcc, r-devel-linux-x86_64-fedora-clang, r-devel-linux-x86_64-fedora-gcc, r-devel-osx-x86_64-clang, r-devel-windows-ix86+x86_64, r-patched-linux-x86_64, r-patched-solaris-sparc, r-patched-solaris-x86