CRAN Package Check Results for Package latticeExtra

Last updated on 2014-08-21 17:46:48.

Flavor Version Tinstall Tcheck Ttotal Status Flags
r-devel-linux-x86_64-debian-clang 0.6-26 2.15 49.96 52.11 OK
r-devel-linux-x86_64-debian-gcc 0.6-26 1.93 46.50 48.43 OK
r-devel-linux-x86_64-fedora-clang 0.6-26 104.73 NOTE
r-devel-linux-x86_64-fedora-gcc 0.6-26 97.67 NOTE
r-devel-osx-x86_64-clang 0.6-26 84.19 NOTE
r-devel-windows-ix86+x86_64 0.6-26 7.00 69.00 76.00 OK
r-patched-linux-x86_64 0.6-26 2.72 48.34 51.06 OK
r-patched-solaris-sparc 0.6-26 621.40 OK
r-patched-solaris-x86 0.6-26 133.60 OK
r-release-linux-ix86 0.6-26 3.06 63.06 66.12 OK
r-release-linux-x86_64 0.6-26 1.99 51.32 53.31 OK
r-release-osx-x86_64-mavericks 0.6-26 OK
r-release-windows-ix86+x86_64 0.6-26 5.00 78.00 83.00 OK
r-oldrel-windows-ix86+x86_64 0.6-26 6.00 77.00 83.00 OK

Check Details

Version: 0.6-26
Check: top-level files
Result: NOTE
    Non-standard file/directory found at top level:
     ‘old.svnlog’
Flavors: r-devel-linux-x86_64-fedora-clang, r-devel-linux-x86_64-fedora-gcc

Version: 0.6-26
Check: R code for possible problems
Result: NOTE
    panel.voronoi: no visible global function definition for
     ‘voronoi.polygons’
    panel.voronoi: no visible global function definition for
     ‘voronoi.mosaic’
    panel.voronoi: no visible global function definition for ‘tile.list’
    panel.voronoi: no visible global function definition for ‘deldir’
    panel.xblocks.zoo: no visible global function definition for ‘coredata’
    panel.xblocks.zoo: no visible global function definition for ‘index’
    panel.xyarea.zoo: no visible global function definition for ‘index’
    panel.xyarea.zoo: no visible global function definition for ‘coredata’
    simpleSmoothTs.zoo: no visible global function definition for ‘zoo’
    simpleSmoothTs.zoo: no visible global function definition for
     ‘coredata<-’
    simpleSmoothTs.zoo: no visible global function definition for
     ‘coredata’
Flavors: r-devel-linux-x86_64-fedora-clang, r-devel-linux-x86_64-fedora-gcc, r-devel-osx-x86_64-clang