CRAN Package Check Results for Package latticeExtra

Last updated on 2014-07-23 17:48:59.

Flavor Version Tinstall Tcheck Ttotal Status Flags
r-devel-linux-x86_64-debian-clang 0.6-26 2.10 49.08 51.18 OK
r-devel-linux-x86_64-debian-gcc 0.6-26 2.03 53.11 55.14 OK
r-devel-linux-x86_64-fedora-clang 0.6-26 114.81 NOTE
r-devel-linux-x86_64-fedora-gcc 0.6-26 107.54 NOTE
r-devel-osx-x86_64-clang 0.6-26 91.44 OK
r-devel-windows-ix86+x86_64 0.6-26 7.00 73.00 80.00 OK
r-patched-linux-x86_64 0.6-26 2.08 48.33 50.41 OK
r-patched-solaris-sparc 0.6-26 609.20 OK
r-patched-solaris-x86 0.6-26 132.80 OK
r-release-linux-ix86 0.6-26 2.93 62.64 65.57 OK
r-release-linux-x86_64 0.6-26 2.04 50.64 52.68 OK
r-release-osx-x86_64-mavericks 0.6-26 OK
r-release-windows-ix86+x86_64 0.6-26 5.00 73.00 78.00 OK
r-oldrel-windows-ix86+x86_64 0.6-26 6.00 77.00 83.00 OK

Check Details

Version: 0.6-26
Check: top-level files
Result: NOTE
    Non-standard file/directory found at top level:
     ‘old.svnlog’
Flavors: r-devel-linux-x86_64-fedora-clang, r-devel-linux-x86_64-fedora-gcc