CRAN Package Check Results for Package latticist

Last updated on 2014-09-02 05:46:36.

Flavor Version Tinstall Tcheck Ttotal Status Flags
r-devel-linux-x86_64-debian-clang 0.9-44 1.56 29.67 31.23 NOTE
r-devel-linux-x86_64-debian-gcc 0.9-44 1.52 28.71 30.24 NOTE
r-devel-linux-x86_64-fedora-clang 0.9-44 82.10 NOTE
r-devel-linux-x86_64-fedora-gcc 0.9-44 77.18 NOTE
r-devel-osx-x86_64-clang 0.9-44 54.42 NOTE
r-devel-windows-ix86+x86_64 0.9-44 7.00 45.00 52.00 NOTE
r-patched-linux-x86_64 0.9-44 1.61 34.05 35.66 NOTE
r-patched-solaris-sparc 0.9-44 410.80 NOTE
r-patched-solaris-x86 0.9-44 116.60 NOTE
r-release-linux-ix86 0.9-44 2.39 44.38 46.77 NOTE
r-release-linux-x86_64 0.9-44 1.75 34.17 35.92 NOTE
r-release-osx-x86_64-mavericks 0.9-44 NOTE
r-release-windows-ix86+x86_64 0.9-44 6.00 48.00 54.00 NOTE
r-oldrel-windows-ix86+x86_64 0.9-44 9.00 68.00 77.00 NOTE

Check Details

Version: 0.9-44
Check: dependencies in R code
Result: NOTE
    Packages in Depends field not imported from:
     ‘lattice’ ‘latticeExtra’ ‘vcd’
     These packages need to be imported from (in the NAMESPACE file)
     for when this namespace is loaded but not attached.
    Unexported object imported by a ':::' call: ‘lattice:::compute.packet’
     See the note in ?`:::` about the use of this operator.
    See the information on DESCRIPTION files in the chapter ‘Creating R
    packages’ of the ‘Writing R Extensions’ manual.
Flavors: r-devel-linux-x86_64-debian-clang, r-devel-linux-x86_64-debian-gcc, r-devel-linux-x86_64-fedora-clang, r-devel-linux-x86_64-fedora-gcc, r-devel-osx-x86_64-clang, r-devel-windows-ix86+x86_64, r-patched-linux-x86_64, r-patched-solaris-sparc, r-patched-solaris-x86, r-release-linux-ix86, r-release-linux-x86_64, r-release-windows-ix86+x86_64, r-oldrel-windows-ix86+x86_64

Version: 0.9-44
Check: R code for possible problems
Result: NOTE
    latticeStyleToBasePar : setAlpha: warning in rgb(crgb[1], crgb[2],
     crgb[3], crgb[4], max = 255): partial argument match of 'max' to
     'maxColorValue'
    latticistCompose : doCompose : deparse1: warning in deparse(expr, width
     = 500, control = NULL, backtick = TRUE): partial argument match of
     'width' to 'width.cutoff'
    current.user.text: no visible global function definition for
     ‘trellis.par.get’
    custom.theme.black: no visible global function definition for
     ‘brewer.pal’
    custom.theme.black: no visible global function definition for
     ‘custom.theme’
    drawPageNum: no visible global function definition for ‘panel.text’
    is.categorical: no visible global function definition for ‘is.shingle’
    latticeStyleDemo: no visible global function definition for ‘xyplot’
    latticeStyleDemo: no visible binding for global variable
     ‘environmental’
    latticeStyleDemo : <anonymous>: no visible global function definition
     for ‘panel.refline’
    latticeStyleDemo : <anonymous>: no visible global function definition
     for ‘panel.xyplot’
    latticeStyleDemo : <anonymous>: no visible global function definition
     for ‘current.panel.limits’
    latticeStyleDemo : <anonymous>: no visible global function definition
     for ‘panel.abline’
    latticeStyleDemo : <anonymous>: no visible global function definition
     for ‘panel.bwplot’
    latticeStyleDemo: no visible global function definition for ‘barchart’
    latticeStyleDemo: no visible global function definition for ‘levelplot’
    latticeStyleGUI: no visible global function definition for
     ‘trellis.par.get’
    latticeStyleGUI: no visible global function definition for
     ‘standard.theme’
    latticeStyleGUI: no visible global function definition for
     ‘col.whitebg’
    latticeStyleGUI: no visible global function definition for
     ‘custom.theme’
    latticeStyleGUI: no visible global function definition for
     ‘custom.theme.2’
    latticeStyleGUI: no visible binding for global variable
     ‘brewer.pal.info’
    latticeStyleGUI: no visible binding for global variable ‘category’
    latticeStyleGUI: no visible global function definition for
     ‘show.settings’
    latticeStyleGUI : checkDemoDevice: no visible global function
     definition for ‘trellis.device’
    latticeStyleGUI : checkDemoDevice: no visible global function
     definition for ‘trellis.par.set’
    latticeStyleGUI : updateTargetDeviceSettings: no visible global
     function definition for ‘trellis.par.set’
    latticeStyleGUI : setTheme: no visible global function definition for
     ‘trellis.par.set’
    latticeStyleGUI : setTheme: no visible global function definition for
     ‘trellis.par.get’
    latticeStyleGUI : setPar: no visible global function definition for
     ‘trellis.par.set’
    latticeStyleGUI : setPar: no visible global function definition for
     ‘trellis.par.get’
    latticeStyleGUI : updateFromSettings: no visible global function
     definition for ‘trellis.par.get’
    latticeStyleGUI : updateFromSettings: no visible global function
     definition for ‘trellis.par.set’
    latticeStyleGUI: no visible global function definition for
     ‘trellis.device’
    latticeStyleGUI: no visible global function definition for
     ‘trellis.par.set’
    latticeStyleGUI: no visible global function definition for ‘gpar’
    latticeStyleGUI : setStyleAndUpdate: no visible global function
     definition for ‘trellis.par.set’
    latticeStyleGUI : makeMainStyle: no visible global function definition
     for ‘trellis.par.get’
    latticeStyleGUI : copyStyleToAll: no visible global function definition
     for ‘trellis.par.get’
    latticeStyleGUI : loadQualPal: no visible global function definition
     for ‘standard.theme’
    latticeStyleGUI : loadQualPal: no visible global function definition
     for ‘brewer.pal’
    latticeStyleGUI : <anonymous>: no visible global function definition
     for ‘display.brewer.all’
    latticeStyleGUI : setPolyStyleAndUpdate: no visible global function
     definition for ‘trellis.par.set’
    latticeStyleGUI : makeMainPoly: no visible global function definition
     for ‘trellis.par.get’
    latticeStyleGUI : setRegions: no visible global function definition for
     ‘brewer.pal’
    latticeStyleGUI : setRegions: no visible global function definition for
     ‘trellis.par.set’
    latticeStyleGUI : setRegions: no visible global function definition for
     ‘trellis.par.get’
    latticeStyleGUI : revRegions: no visible global function definition for
     ‘trellis.par.get’
    latticeStyleGUI : revRegions: no visible global function definition for
     ‘trellis.par.set’
    latticeStyleToBasePar: no visible global function definition for
     ‘trellis.par.get’
    latticist: no visible global function definition for ‘is.shingle’
    latticistCompose : doCompose : isUnordered: no visible global function
     definition for ‘is.shingle’
    latticistCompose : doCompose : <anonymous>: no visible global function
     definition for ‘panel.xyplot’
    latticistCompose : doCompose : <anonymous>: no visible global function
     definition for ‘panel.parallel’
    latticistCompose : doCompose : <anonymous>: no visible global function
     definition for ‘panel.stripplot’
    latticistCompose : doCompose: no visible global function definition for
     ‘is.shingle’
    latticistCompose : doCompose: no visible global function definition for
     ‘as.factorOrShingle’
    latticistCompose : doCompose : <anonymous>: no visible global function
     definition for ‘panel.cloud’
    latticistToolConstructor : <anonymous> : reCompose: no visible global
     function definition for ‘updateMainCall’
    latticistToolConstructor : <anonymous> : reCompose: no visible global
     function definition for ‘playDevSet’
    latticistToolConstructor : <anonymous> : reCompose: no visible global
     function definition for ‘playNewPlot’
    latticistToolConstructor : <anonymous>: no visible global function
     definition for ‘gtkHBox’
    latticistToolConstructor : <anonymous> : niceButton: no visible global
     function definition for ‘gtkEventBox’
    latticistToolConstructor : <anonymous> : niceButton: no visible global
     function definition for ‘gtkLabel’
    latticistToolConstructor : <anonymous> : addCBEHandlers: no visible
     global function definition for ‘gSignalConnect’
    latticistToolConstructor : <anonymous>: no visible global function
     definition for ‘gtkVBox’
    latticistToolConstructor : <anonymous>: no visible global function
     definition for ‘gSignalConnect’
    latticistToolConstructor : <anonymous>: no visible global function
     definition for ‘gtkImageNewFromFile’
    latticistToolConstructor : <anonymous>: no visible global function
     definition for ‘gtkLabel’
    latticistToolConstructor : <anonymous>: no visible global function
     definition for ‘gtkButton’
    latticistToolConstructor : <anonymous>: no visible global function
     definition for ‘gtkComboBoxEntryNewText’
    latticistToolConstructor : <anonymous>: no visible global function
     definition for ‘gtkVSeparator’
    latticistToolConstructor : <anonymous>: no visible global function
     definition for ‘gtkCheckButton’
    latticistToolConstructor : <anonymous>: no visible global function
     definition for ‘gtkSpinButton’
    latticistToolConstructor : <anonymous>: no visible global function
     definition for ‘gtkComboBoxNewText’
    latticist_gWidgets: no visible global function definition for
     ‘trellis.device’
    latticist_gWidgets: no visible global function definition for
     ‘standard.theme’
    latticist_gWidgets: no visible global function definition for
     ‘col.whitebg’
    latticist_gWidgets: no visible global function definition for
     ‘custom.theme’
    latticist_gWidgets: no visible global function definition for
     ‘custom.theme.2’
    latticist_gWidgets : <anonymous>: no visible global function definition
     for ‘trellis.par.set’
    latticist_gWidgets : <anonymous>: no visible global function definition
     for ‘trellis.currentLayout’
    latticist_gWidgets : <anonymous>: no visible global function definition
     for ‘trellis.focus’
    latticist_gWidgets : <anonymous>: no visible global function definition
     for ‘trellis.unfocus’
    latticist_gWidgets : <anonymous>: no visible global function definition
     for ‘panel.link.splom’
    latticist_gWidgets : <anonymous>: no visible global function definition
     for ‘panel.identify.qqmath’
    latticist_gWidgets : <anonymous>: no visible global function definition
     for ‘panel.identify.cloud’
    latticist_gWidgets : <anonymous>: no visible global function definition
     for ‘panel.identify’
    latticist_playwith: no visible global function definition for
     ‘playwith.getOption’
    latticist_playwith: no visible global function definition for
     ‘playwith’
    n.level.colors: no visible global function definition for ‘do.breaks’
    n.level.colors: no visible global function definition for
     ‘level.colors’
    panel.usertext: no visible global function definition for ‘panel.text’
    plotOnePage : packet.panel.pageN: no visible global function definition
     for ‘packet.panel.default’
    simpleColorKey: no visible global function definition for ‘do.breaks’
    try.prepanel.loess: no visible global function definition for
     ‘prepanel.loess’
    
    Found the following assignments to the global environment:
    File ‘latticist/R/latticeStyleGUI.R’:
     assign("trellis.par.theme", list(), globalenv())
     assign("trellis.par.log", list(), globalenv())
     assign("trellis.par.log", list(), globalenv())
     assign("trellis.par.theme", trellis.par.get(), globalenv())
     assign("trellis.par.theme", trellis.par.get(), globalenv())
     assign("trellis.par.log", tmplog, globalenv())
     assign("trellis.par.theme", trellis.par.get(), globalenv())
     assign("trellis.par.theme", trellis.par.get(), globalenv())
     assign("trellis.par.theme", trellis.par.get(), globalenv())
Flavors: r-devel-linux-x86_64-debian-clang, r-devel-linux-x86_64-debian-gcc, r-devel-linux-x86_64-fedora-clang, r-devel-osx-x86_64-clang

Version: 0.9-44
Check: for old-style vignette sources
Result: NOTE
    Vignette sources only in ‘inst/doc’:
     ‘latticistAids2.Rnw’, ‘latticistCO2.Rnw’, ‘latticistEmployment.Rnw’,
     ‘latticistFrogs.Rnw’
    A ‘vignettes’ directory is required as from R 3.1.0
    and these will not be indexed nor checked
Flavors: r-devel-linux-x86_64-debian-clang, r-devel-linux-x86_64-debian-gcc, r-devel-linux-x86_64-fedora-clang, r-devel-linux-x86_64-fedora-gcc, r-devel-osx-x86_64-clang, r-devel-windows-ix86+x86_64, r-patched-linux-x86_64, r-patched-solaris-sparc, r-patched-solaris-x86, r-release-linux-ix86, r-release-linux-x86_64, r-release-osx-x86_64-mavericks, r-release-windows-ix86+x86_64

Version: 0.9-44
Check: R code for possible problems
Result: NOTE
    latticeStyleToBasePar : setAlpha: warning in rgb(crgb[1], crgb[2],
     crgb[3], crgb[4], max = 255): partial argument match of 'max' to
     'maxColorValue'
    latticistCompose : doCompose : deparse1: warning in deparse(expr, width
     = 500, control = NULL, backtick = TRUE): partial argument match of
     'width' to 'width.cutoff'
    current.user.text: no visible global function definition for
     ‘trellis.par.get’
    custom.theme.black: no visible global function definition for
     ‘brewer.pal’
    custom.theme.black: no visible global function definition for
     ‘custom.theme’
    drawPageNum: no visible global function definition for ‘panel.text’
    is.categorical: no visible global function definition for ‘is.shingle’
    latticeStyleDemo: no visible global function definition for ‘xyplot’
    latticeStyleDemo: no visible binding for global variable
     ‘environmental’
    latticeStyleDemo : <anonymous>: no visible global function definition
     for ‘panel.refline’
    latticeStyleDemo : <anonymous>: no visible global function definition
     for ‘panel.xyplot’
    latticeStyleDemo : <anonymous>: no visible global function definition
     for ‘current.panel.limits’
    latticeStyleDemo : <anonymous>: no visible global function definition
     for ‘panel.abline’
    latticeStyleDemo : <anonymous>: no visible global function definition
     for ‘panel.bwplot’
    latticeStyleDemo: no visible global function definition for ‘barchart’
    latticeStyleDemo: no visible global function definition for ‘levelplot’
    latticeStyleGUI: no visible global function definition for
     ‘trellis.par.get’
    latticeStyleGUI: no visible global function definition for
     ‘standard.theme’
    latticeStyleGUI: no visible global function definition for
     ‘col.whitebg’
    latticeStyleGUI: no visible global function definition for
     ‘custom.theme’
    latticeStyleGUI: no visible global function definition for
     ‘custom.theme.2’
    latticeStyleGUI: no visible binding for global variable
     ‘brewer.pal.info’
    latticeStyleGUI: no visible binding for global variable ‘category’
    latticeStyleGUI: no visible global function definition for
     ‘show.settings’
    latticeStyleGUI : checkDemoDevice: no visible global function
     definition for ‘trellis.device’
    latticeStyleGUI : checkDemoDevice: no visible global function
     definition for ‘trellis.par.set’
    latticeStyleGUI : updateTargetDeviceSettings: no visible global
     function definition for ‘trellis.par.set’
    latticeStyleGUI : setTheme: no visible global function definition for
     ‘trellis.par.set’
    latticeStyleGUI : setTheme: no visible global function definition for
     ‘trellis.par.get’
    latticeStyleGUI : setPar: no visible global function definition for
     ‘trellis.par.set’
    latticeStyleGUI : setPar: no visible global function definition for
     ‘trellis.par.get’
    latticeStyleGUI : updateFromSettings: no visible global function
     definition for ‘trellis.par.get’
    latticeStyleGUI : updateFromSettings: no visible global function
     definition for ‘trellis.par.set’
    latticeStyleGUI: no visible global function definition for
     ‘trellis.device’
    latticeStyleGUI: no visible global function definition for
     ‘trellis.par.set’
    latticeStyleGUI: no visible global function definition for ‘gpar’
    latticeStyleGUI : setStyleAndUpdate: no visible global function
     definition for ‘trellis.par.set’
    latticeStyleGUI : makeMainStyle: no visible global function definition
     for ‘trellis.par.get’
    latticeStyleGUI : copyStyleToAll: no visible global function definition
     for ‘trellis.par.get’
    latticeStyleGUI : loadQualPal: no visible global function definition
     for ‘standard.theme’
    latticeStyleGUI : loadQualPal: no visible global function definition
     for ‘brewer.pal’
    latticeStyleGUI : <anonymous>: no visible global function definition
     for ‘display.brewer.all’
    latticeStyleGUI : setPolyStyleAndUpdate: no visible global function
     definition for ‘trellis.par.set’
    latticeStyleGUI : makeMainPoly: no visible global function definition
     for ‘trellis.par.get’
    latticeStyleGUI : setRegions: no visible global function definition for
     ‘brewer.pal’
    latticeStyleGUI : setRegions: no visible global function definition for
     ‘trellis.par.set’
    latticeStyleGUI : setRegions: no visible global function definition for
     ‘trellis.par.get’
    latticeStyleGUI : revRegions: no visible global function definition for
     ‘trellis.par.get’
    latticeStyleGUI : revRegions: no visible global function definition for
     ‘trellis.par.set’
    latticeStyleToBasePar: no visible global function definition for
     ‘trellis.par.get’
    latticist: no visible global function definition for ‘is.shingle’
    latticistCompose : doCompose : isUnordered: no visible global function
     definition for ‘is.shingle’
    latticistCompose : doCompose : <anonymous>: no visible global function
     definition for ‘panel.xyplot’
    latticistCompose : doCompose : <anonymous>: no visible global function
     definition for ‘panel.parallel’
    latticistCompose : doCompose : <anonymous>: no visible global function
     definition for ‘panel.stripplot’
    latticistCompose : doCompose: no visible global function definition for
     ‘is.shingle’
    latticistCompose : doCompose: no visible global function definition for
     ‘as.factorOrShingle’
    latticistCompose : doCompose : <anonymous>: no visible global function
     definition for ‘panel.cloud’
    latticistToolConstructor : <anonymous> : reCompose: no visible global
     function definition for ‘updateMainCall’
    latticistToolConstructor : <anonymous> : reCompose: no visible global
     function definition for ‘playDevSet’
    latticistToolConstructor : <anonymous> : reCompose: no visible global
     function definition for ‘playNewPlot’
    latticistToolConstructor : <anonymous>: no visible global function
     definition for ‘gtkHBox’
    latticistToolConstructor : <anonymous> : niceButton: no visible global
     function definition for ‘gtkEventBox’
    latticistToolConstructor : <anonymous> : niceButton: no visible global
     function definition for ‘gtkLabel’
    latticistToolConstructor : <anonymous> : addCBEHandlers: no visible
     global function definition for ‘gSignalConnect’
    latticistToolConstructor : <anonymous>: no visible global function
     definition for ‘gtkVBox’
    latticistToolConstructor : <anonymous>: no visible global function
     definition for ‘gSignalConnect’
    latticistToolConstructor : <anonymous>: no visible global function
     definition for ‘gtkImageNewFromFile’
    latticistToolConstructor : <anonymous>: no visible global function
     definition for ‘gtkLabel’
    latticistToolConstructor : <anonymous>: no visible global function
     definition for ‘gtkButton’
    latticistToolConstructor : <anonymous>: no visible global function
     definition for ‘gtkComboBoxEntryNewText’
    latticistToolConstructor : <anonymous>: no visible global function
     definition for ‘gtkVSeparator’
    latticistToolConstructor : <anonymous>: no visible global function
     definition for ‘gtkCheckButton’
    latticistToolConstructor : <anonymous>: no visible global function
     definition for ‘gtkSpinButton’
    latticistToolConstructor : <anonymous>: no visible global function
     definition for ‘gtkComboBoxNewText’
    latticist_gWidgets: no visible global function definition for
     ‘trellis.device’
    latticist_gWidgets: no visible global function definition for
     ‘standard.theme’
    latticist_gWidgets: no visible global function definition for
     ‘col.whitebg’
    latticist_gWidgets: no visible global function definition for
     ‘custom.theme’
    latticist_gWidgets: no visible global function definition for
     ‘custom.theme.2’
    latticist_gWidgets : <anonymous>: no visible global function definition
     for ‘trellis.par.set’
    latticist_gWidgets : <anonymous>: no visible global function definition
     for ‘trellis.currentLayout’
    latticist_gWidgets : <anonymous>: no visible global function definition
     for ‘trellis.focus’
    latticist_gWidgets : <anonymous>: no visible global function definition
     for ‘trellis.unfocus’
    latticist_gWidgets : <anonymous>: no visible global function definition
     for ‘panel.link.splom’
    latticist_gWidgets : <anonymous>: no visible global function definition
     for ‘panel.identify.qqmath’
    latticist_gWidgets : <anonymous>: no visible global function definition
     for ‘panel.identify.cloud’
    latticist_gWidgets : <anonymous>: no visible global function definition
     for ‘panel.identify’
    latticist_playwith: no visible global function definition for
     ‘playwith.getOption’
    latticist_playwith: no visible global function definition for
     ‘playwith’
    n.level.colors: no visible global function definition for ‘do.breaks’
    n.level.colors: no visible global function definition for
     ‘level.colors’
    panel.usertext: no visible global function definition for ‘panel.text’
    plotOnePage : packet.panel.pageN: no visible global function definition
     for ‘packet.panel.default’
    simpleColorKey: no visible global function definition for ‘do.breaks’
    try.prepanel.loess: no visible global function definition for
     ‘prepanel.loess’
Flavors: r-devel-linux-x86_64-fedora-gcc, r-devel-windows-ix86+x86_64

Version: 0.9-44
Check: R code for possible problems
Result: NOTE
    latticeStyleToBasePar : setAlpha: warning in rgb(crgb[1], crgb[2],
     crgb[3], crgb[4], max = 255): partial argument match of 'max' to
     'maxColorValue'
    latticistCompose : doCompose : deparse1: warning in deparse(expr, width
     = 500, control = NULL, backtick = TRUE): partial argument match of
     'width' to 'width.cutoff'
    latticeStyleGUI: no visible binding for global variable ‘category’
    
    Found the following assignments to the global environment:
    File ‘latticist/R/latticeStyleGUI.R’:
     assign("trellis.par.theme", list(), globalenv())
     assign("trellis.par.log", list(), globalenv())
     assign("trellis.par.log", list(), globalenv())
     assign("trellis.par.theme", trellis.par.get(), globalenv())
     assign("trellis.par.theme", trellis.par.get(), globalenv())
     assign("trellis.par.log", tmplog, globalenv())
     assign("trellis.par.theme", trellis.par.get(), globalenv())
     assign("trellis.par.theme", trellis.par.get(), globalenv())
     assign("trellis.par.theme", trellis.par.get(), globalenv())
Flavors: r-patched-linux-x86_64, r-release-linux-ix86, r-release-linux-x86_64

Version: 0.9-44
Check: R code for possible problems
Result: NOTE
    latticeStyleToBasePar : setAlpha: warning in rgb(crgb[1], crgb[2],
     crgb[3], crgb[4], max = 255): partial argument match of 'max' to
     'maxColorValue'
    latticistCompose : doCompose : deparse1: warning in deparse(expr, width
     = 500, control = NULL, backtick = TRUE): partial argument match of
     'width' to 'width.cutoff'
    latticeStyleGUI: no visible binding for global variable ‘category’
Flavors: r-patched-solaris-sparc, r-patched-solaris-x86, r-release-windows-ix86+x86_64, r-oldrel-windows-ix86+x86_64

Version: 0.9-44
Check: package dependencies
Result: NOTE
    Packages suggested but not available for checking:
     ‘playwith’ ‘RGtk2’ ‘gWidgetsRGtk2’
Flavor: r-release-osx-x86_64-mavericks

Version: 0.9-44
Check: dependencies in R code
Result: NOTE
    Packages in Depends field not imported from:
     ‘lattice’ ‘latticeExtra’ ‘vcd’
     These packages need to be imported from (in the NAMESPACE file)
     for when this namespace is loaded but not attached.
    Unexported object imported by a ':::' call: ‘lattice:::compute.packet’
     See the note in ?`:::` about the use of this operator.
    Unavailable namespace imported from by a ':::' call: ‘playwith’
     See the note in ?`:::` about the use of this operator.
    See the information on DESCRIPTION files in the chapter ‘Creating R
    packages’ of the ‘Writing R Extensions’ manual.
Flavor: r-release-osx-x86_64-mavericks

Version: 0.9-44
Check: R code for possible problems
Result: NOTE
    latticeStyleToBasePar : setAlpha: warning in rgb(crgb[1], crgb[2],
     crgb[3], crgb[4], max = 255): partial argument match of 'max' to
     'maxColorValue'
    latticistCompose : doCompose : deparse1: warning in deparse(expr, width
     = 500, control = NULL, backtick = TRUE): partial argument match of
     'width' to 'width.cutoff'
    latticeStyleGUI: no visible binding for global variable ‘category’
    latticistToolConstructor : <anonymous> : reCompose: no visible global
     function definition for ‘updateMainCall’
    latticistToolConstructor : <anonymous> : reCompose: no visible global
     function definition for ‘playDevSet’
    latticistToolConstructor : <anonymous> : reCompose: no visible global
     function definition for ‘playNewPlot’
    latticistToolConstructor : <anonymous>: no visible global function
     definition for ‘gtkHBox’
    latticistToolConstructor : <anonymous> : niceButton: no visible global
     function definition for ‘gtkEventBox’
    latticistToolConstructor : <anonymous> : niceButton: no visible global
     function definition for ‘gtkLabel’
    latticistToolConstructor : <anonymous> : addCBEHandlers: no visible
     global function definition for ‘gSignalConnect’
    latticistToolConstructor : <anonymous>: no visible global function
     definition for ‘gtkVBox’
    latticistToolConstructor : <anonymous>: no visible global function
     definition for ‘gSignalConnect’
    latticistToolConstructor : <anonymous>: no visible global function
     definition for ‘gtkImageNewFromFile’
    latticistToolConstructor : <anonymous>: no visible global function
     definition for ‘gtkLabel’
    latticistToolConstructor : <anonymous>: no visible global function
     definition for ‘gtkButton’
    latticistToolConstructor : <anonymous>: no visible global function
     definition for ‘gtkComboBoxEntryNewText’
    latticistToolConstructor : <anonymous>: no visible global function
     definition for ‘gtkVSeparator’
    latticistToolConstructor : <anonymous>: no visible global function
     definition for ‘gtkCheckButton’
    latticistToolConstructor : <anonymous>: no visible global function
     definition for ‘gtkSpinButton’
    latticistToolConstructor : <anonymous>: no visible global function
     definition for ‘gtkComboBoxNewText’
    latticist_playwith: no visible global function definition for
     ‘playwith.getOption’
    latticist_playwith: no visible global function definition for
     ‘playwith’
Flavor: r-release-osx-x86_64-mavericks

Version: 0.9-44
Check: Rd cross-references
Result: NOTE
    Package unavailable to check Rd xrefs: ‘playwith’
Flavor: r-release-osx-x86_64-mavericks

Version: 0.9-44
Check: for old-style vignette sources
Result: NOTE
    Vignette sources only in 'inst/doc':
     'latticistAids2.Rnw', 'latticistCO2.Rnw', 'latticistEmployment.Rnw',
     'latticistFrogs.Rnw'
    A 'vignettes' directory will be required as from R 3.1.0
Flavor: r-oldrel-windows-ix86+x86_64