CRAN Package Check Results for Package lava

Last updated on 2014-10-21 17:49:16.

Flavor Version Tinstall Tcheck Ttotal Status Flags
r-devel-linux-x86_64-debian-clang 1.2.6 1.81 77.38 79.19 NOTE
r-devel-linux-x86_64-debian-gcc 1.2.6 1.77 81.04 82.81 NOTE
r-devel-linux-x86_64-fedora-clang 1.2.6 161.89 NOTE
r-devel-linux-x86_64-fedora-gcc 1.2.6 149.15 NOTE
r-devel-osx-x86_64-clang 1.2.6 134.11 NOTE
r-devel-windows-ix86+x86_64 1.2.6 6.00 93.00 99.00 NOTE
r-patched-linux-x86_64 1.2.6 1.81 90.96 92.77 NOTE
r-patched-solaris-sparc 1.2.6 942.40 NOTE
r-patched-solaris-x86 1.2.6 178.70 NOTE
r-release-linux-ix86 1.2.6 2.39 104.48 106.87 OK
r-release-linux-x86_64 1.2.6 2.07 88.63 90.70 OK
r-release-osx-x86_64-mavericks 1.2.6 NOTE
r-release-osx-x86_64-snowleopard 1.2.6 OK
r-release-windows-ix86+x86_64 1.2.6 5.00 119.00 124.00 OK
r-oldrel-windows-ix86+x86_64 1.2.6 6.00 114.00 120.00 OK

Check Details

Version: 1.2.6
Check: R code for possible problems
Result: NOTE
    addvar.lvm: no visible global function definition for ‘bdiag’
    bootstrap.lvm: no visible global function definition for ‘%dopar%’
    bootstrap.lvm: no visible global function definition for ‘foreach’
    deriv.lvm: no visible global function definition for ‘Matrix’
    edgelabels.graphNEL: no visible global function definition for
     ‘edgeRenderInfo’
    edgelabels.graphNEL: no visible global function definition for
     ‘edgeRenderInfo<-’
    edgelabels.graphNEL: no visible global function definition for
     ‘edgeDataDefaults’
    edgelabels.graphNEL: no visible global function definition for
     ‘edgeDataDefaults<-’
    edgelabels.lvmfit: no visible global function definition for
     ‘edgeRenderInfo’
    edgelabels<-.lvmfit: no visible global function definition for
     ‘edgeRenderInfo’
    edgelabels<-.lvmfit: no visible global function definition for
     ‘edgeRenderInfo<-’
    estimate.lmerMod: no visible global function definition for ‘fixef’
    estimate.lmerMod: no visible global function definition for ‘VarCorr’
    finalize.lvm: no visible global function definition for
     ‘nodeRenderInfo’
    finalize.lvm: no visible global function definition for
     ‘nodeRenderInfo<-’
    finalize.lvm: no visible global function definition for
     ‘edgeDataDefaults’
    finalize.lvm: no visible global function definition for
     ‘edgeDataDefaults<-’
    finalize.lvm: no visible global function definition for
     ‘edgeRenderInfo’
    finalize.lvm: no visible global function definition for
     ‘edgeRenderInfo<-’
    finalize.lvm: no visible global function definition for ‘edgeNames’
    finalize.lvm: no visible global function definition for ‘removeEdge’
    finalize.lvm: no visible global function definition for ‘addEdge’
    graph2lvm: no visible global function definition for ‘nodes’
    igraph.lvm: no visible global function definition for ‘graph.adjacency’
    igraph.lvm: no visible global function definition for ‘V’
    igraph.lvm: no visible global function definition for ‘V<-’
    igraph.lvm: no visible global function definition for ‘E’
    igraph.lvm: no visible global function definition for ‘E<-’
    labels.graphNEL: no visible global function definition for
     ‘nodeRenderInfo’
    labels.graphNEL: no visible global function definition for
     ‘nodeRenderInfo<-’
    labels.graphNEL: no visible global function definition for ‘nodes’
    measurement: no visible global function definition for ‘subGraph’
    path.graphNEL : ff: no visible global function definition for
     ‘edgeMatrix’
    path.graphNEL: no visible global function definition for ‘nodes’
    plot.lvm: no visible global function definition for ‘layout.sugiyama’
    plot.lvm: no visible global function definition for ‘nodeRenderInfo’
    plot.lvm: no visible global function definition for ‘nodeRenderInfo<-’
    plot.lvm: no visible global function definition for ‘edgeRenderInfo’
    plot.lvm: no visible global function definition for ‘edgeRenderInfo<-’
    plot.lvm: no visible global function definition for ‘renderGraph’
    plot.lvmfit: no visible global function definition for ‘removeEdge’
    plot.lvmfit: no visible global function definition for ‘isAdjacent’
    subgraph: no visible global function definition for ‘adj’
    subgraph: no visible global function definition for ‘nodes’
    subgraph: no visible global function definition for ‘addEdge’
    subgraph: no visible global function definition for ‘addNode’
    vars.graph: no visible global function definition for ‘nodes’
Flavors: r-devel-linux-x86_64-debian-clang, r-devel-linux-x86_64-debian-gcc, r-devel-linux-x86_64-fedora-clang, r-devel-linux-x86_64-fedora-gcc, r-devel-osx-x86_64-clang, r-devel-windows-ix86+x86_64, r-patched-linux-x86_64, r-patched-solaris-sparc, r-patched-solaris-x86

Version: 1.2.6
Check: package dependencies
Result: NOTE
    Packages suggested but not available for checking: ‘graph’ ‘Rgraphviz’
Flavor: r-release-osx-x86_64-mavericks

Version: 1.2.6
Check: R code for possible problems
Result: NOTE
    edgelabels.graphNEL: no visible global function definition for
     ‘edgeRenderInfo’
    edgelabels.graphNEL: no visible global function definition for
     ‘edgeRenderInfo<-’
    edgelabels.graphNEL: no visible global function definition for
     ‘edgeDataDefaults’
    edgelabels.graphNEL: no visible global function definition for
     ‘edgeDataDefaults<-’
    edgelabels.lvmfit: no visible global function definition for
     ‘edgeRenderInfo’
    edgelabels<-.lvmfit: no visible global function definition for
     ‘edgeRenderInfo’
    edgelabels<-.lvmfit: no visible global function definition for
     ‘edgeRenderInfo<-’
    finalize.lvm: no visible global function definition for
     ‘nodeRenderInfo’
    finalize.lvm: no visible global function definition for
     ‘nodeRenderInfo<-’
    finalize.lvm: no visible global function definition for
     ‘edgeDataDefaults’
    finalize.lvm: no visible global function definition for
     ‘edgeDataDefaults<-’
    finalize.lvm: no visible global function definition for
     ‘edgeRenderInfo’
    finalize.lvm: no visible global function definition for
     ‘edgeRenderInfo<-’
    finalize.lvm: no visible global function definition for ‘edgeNames’
    finalize.lvm: no visible global function definition for ‘removeEdge’
    finalize.lvm: no visible global function definition for ‘addEdge’
    graph2lvm: no visible global function definition for ‘nodes’
    labels.graphNEL: no visible global function definition for
     ‘nodeRenderInfo’
    labels.graphNEL: no visible global function definition for
     ‘nodeRenderInfo<-’
    labels.graphNEL: no visible global function definition for ‘nodes’
    measurement: no visible global function definition for ‘subGraph’
    path.graphNEL : ff: no visible global function definition for
     ‘edgeMatrix’
    path.graphNEL: no visible global function definition for ‘nodes’
    plot.lvm: no visible global function definition for ‘nodeRenderInfo’
    plot.lvm: no visible global function definition for ‘nodeRenderInfo<-’
    plot.lvm: no visible global function definition for ‘edgeRenderInfo’
    plot.lvm: no visible global function definition for ‘edgeRenderInfo<-’
    plot.lvm: no visible global function definition for ‘renderGraph’
    plot.lvmfit: no visible global function definition for ‘removeEdge’
    plot.lvmfit: no visible global function definition for ‘isAdjacent’
    subgraph: no visible global function definition for ‘adj’
    subgraph: no visible global function definition for ‘nodes’
    subgraph: no visible global function definition for ‘addEdge’
    subgraph: no visible global function definition for ‘addNode’
    vars.graph: no visible global function definition for ‘nodes’
Flavor: r-release-osx-x86_64-mavericks