CRAN Package Check Results for Package lava

Last updated on 2015-09-04 19:47:28.

Flavor Version Tinstall Tcheck Ttotal Status Flags
r-devel-linux-x86_64-debian-clang 1.4.1 1.77 84.60 86.37 NOTE
r-devel-linux-x86_64-debian-gcc 1.4.1 1.72 84.22 85.94 NOTE
r-devel-linux-x86_64-fedora-clang 1.4.1 162.17 NOTE
r-devel-linux-x86_64-fedora-gcc 1.4.1 151.85 NOTE
r-devel-osx-x86_64-clang 1.4.1 137.75 OK
r-devel-windows-ix86+x86_64 1.4.1 8.00 115.00 123.00 NOTE
r-patched-linux-x86_64 1.4.1 1.75 88.38 90.13 OK
r-patched-solaris-sparc 1.4.1 1016.20 OK
r-patched-solaris-x86 1.4.1 182.90 OK
r-release-linux-x86_64 1.4.1 1.93 84.29 86.22 OK
r-release-osx-x86_64-mavericks 1.4.1 OK
r-release-windows-ix86+x86_64 1.4.1 8.00 134.00 142.00 OK
r-oldrel-windows-ix86+x86_64 1.4.1 14.00 162.00 176.00 OK

Check Details

Version: 1.4.1
Check: R code for possible problems
Result: NOTE
    Col: no visible global function definition for ‘col2rgb’
    Col: no visible global function definition for ‘colors’
    Col: no visible global function definition for ‘par’
    Col: no visible global function definition for ‘plot.new’
    Col: no visible global function definition for ‘title’
    Col: no visible global function definition for ‘rect’
    Col: no visible global function definition for ‘text’
    Col: no visible global function definition for ‘locator’
    Col : <anonymous>: no visible binding for global variable ‘rgb’
    Col : <anonymous>: no visible global function definition for ‘col2rgb’
    Graph.lvm: no visible global function definition for ‘plot’
    click.default: no visible global function definition for ‘xy.coords’
    click.default: no visible global function definition for ‘identify’
    click.default: no visible global function definition for ‘points’
    click.default: no visible global function definition for ‘text’
    colorbar: no visible global function definition for ‘rainbow’
    colorbar: no visible global function definition for ‘rect’
    colorbar: no visible global function definition for ‘text’
    confband: no visible global function definition for ‘segments’
    confband: no visible global function definition for ‘points’
    devcoords: no visible global function definition for ‘par’
    edgelabels.graphNEL: no visible global function definition for ‘as’
    finalize.lvm: no visible global function definition for ‘as’
    finalize.lvm: no visible global function definition for ‘new’
    forestplot: no visible global function definition for ‘par’
    forestplot: no visible global function definition for ‘layout’
    forestplot: no visible global function definition for ‘plot’
    forestplot: no visible global function definition for ‘box’
    forestplot: no visible global function definition for ‘axis’
    forestplot: no visible global function definition for ‘abline’
    forestplot: no visible global function definition for ‘mtext’
    forestplot: no visible global function definition for ‘plot.new’
    forestplot: no visible global function definition for ‘plot.window’
    fplot: no visible global function definition for ‘topo.colors’
    graph2lvm: no visible global function definition for ‘as’
    idplot: no visible global function definition for ‘plot’
    images: no visible global function definition for ‘layout’
    images: no visible global function definition for ‘par’
    images: no visible global function definition for ‘plot.new’
    images: no visible global function definition for ‘plot.window’
    images: no visible global function definition for ‘text’
    img: no visible global function definition for ‘gray.colors’
    img: no visible global function definition for ‘image’
    img: no visible global function definition for ‘axis’
    img: no visible global function definition for ‘title’
    lmerplot: no visible global function definition for ‘par’
    lmerplot: no visible global function definition for ‘gray.colors’
    lmerplot: no visible global function definition for ‘image’
    lmerplot: no visible global function definition for ‘plot’
    lmerplot: no visible global function definition for ‘points’
    lmerplot: no visible global function definition for ‘lines’
    matrices.lvm: no visible global function definition for ‘as’
    moments.lvm: no visible global function definition for ‘as’
    mypal: no visible global function definition for ‘palette’
    plot.estimate: no visible global function definition for ‘plot’
    plot.estimate: no visible global function definition for ‘lines’
    plot.lvm: no visible global function definition for ‘plot’
    plot.lvmfit: no visible global function definition for ‘plot’
    plot.multigroup: no visible global function definition for ‘plot’
    plot.multigroupfit: no visible global function definition for ‘plot’
    plotConf: no visible global function definition for ‘box’
    plotConf: no visible global function definition for ‘axis’
    plotConf: no visible global function definition for ‘lines’
    plotConf: no visible global function definition for ‘polygon’
    plotConf: no visible global function definition for ‘points’
    plotConf0: no visible binding for global variable ‘plot’
    plotConf0: no visible global function definition for ‘box’
    plotConf0: no visible global function definition for ‘axis’
    plotConf0: no visible global function definition for ‘lines’
    plotConf0: no visible global function definition for ‘polygon’
    plotConf0: no visible global function definition for ‘points’
    reindex: no visible global function definition for ‘as’
    spaghetti: no visible global function definition for ‘matplot’
    spaghetti: no visible global function definition for ‘lines’
    subgraph: no visible global function definition for ‘new’
    surface: no visible global function definition for ‘topo.colors’
    surface: no visible global function definition for ‘colorRampPalette’
    surface: no visible global function definition for ‘heat.colors’
    surface: no visible binding for global variable ‘par’
    surface: no visible global function definition for ‘par’
    surface: no visible binding for global variable ‘contour.default’
    Undefined global functions or variables:
     abline as axis box col2rgb colorRampPalette colors contour.default
     gray.colors heat.colors identify image layout lines locator matplot
     mtext new palette par plot plot.new plot.window points polygon
     rainbow rect rgb segments text title topo.colors xy.coords
    Consider adding
     importFrom("grDevices", "col2rgb", "colorRampPalette", "colors",
     "gray.colors", "heat.colors", "palette", "rainbow", "rgb",
     "topo.colors", "xy.coords")
     importFrom("graphics", "abline", "axis", "box", "contour.default",
     "identify", "image", "layout", "lines", "locator",
     "matplot", "mtext", "par", "plot", "plot.new",
     "plot.window", "points", "polygon", "rect", "segments",
     "text", "title")
     importFrom("methods", "as", "new")
    to your NAMESPACE (and ensure that your DESCRIPTION Imports field
    contains 'methods').
Flavors: r-devel-linux-x86_64-debian-clang, r-devel-linux-x86_64-debian-gcc, r-devel-linux-x86_64-fedora-clang, r-devel-linux-x86_64-fedora-gcc, r-devel-windows-ix86+x86_64