CRAN Package Check Results for Package lava

Last updated on 2016-12-10 23:48:44.

Flavor Version Tinstall Tcheck Ttotal Status Flags
r-devel-linux-x86_64-debian-clang 1.4.5 20.62 143.30 163.91 OK
r-devel-linux-x86_64-debian-gcc 1.4.5 19.64 136.97 156.61 OK
r-devel-linux-x86_64-fedora-clang 1.4.5 306.66 OK --no-stop-on-test-error
r-devel-linux-x86_64-fedora-gcc 1.4.5 297.95 OK --no-stop-on-test-error
r-devel-macos-x86_64-clang 1.4.5 231.83 OK --no-stop-on-test-error
r-devel-windows-ix86+x86_64 1.4.5 30.00 199.00 229.00 OK
r-patched-linux-x86_64 1.4.5 17.07 112.99 130.06 ERROR
r-patched-solaris-sparc 1.4.5 1528.40 ERROR
r-patched-solaris-x86 1.4.5 270.30 ERROR
r-release-linux-x86_64 1.4.5 16.57 130.48 147.05 OK
r-release-osx-x86_64-mavericks 1.4.5 OK
r-release-windows-ix86+x86_64 1.4.5 43.00 202.00 245.00 OK
r-oldrel-windows-ix86+x86_64 1.4.5 43.00 226.00 269.00 ERROR

Check Details

Version: 1.4.5
Check: examples
Result: ERROR
    Running examples in ‘lava-Ex.R’ failed
    The error most likely occurred in:
    
    > base::assign(".ptime", proc.time(), pos = "CheckExEnv")
    > ### Name: density.sim
    > ### Title: Plot sim object
    > ### Aliases: density.sim plot.sim
    >
    > ### ** Examples
    >
    > n <- 1000
    > val <- cbind(est1=rnorm(n,sd=1),est2=rnorm(n,sd=0.2),est3=rnorm(n,1,sd=0.5),
    + sd1=runif(n,0.8,1.2),sd2=runif(n,0.1,0.3),sd3=runif(n,0.25,0.75))
    > plot.sim(val,estimate=c(1,2),true=c(0,0),se=c(4,5),equal=TRUE)
    > plot.sim(val,estimate=c(1,3),true=c(0,1),se=c(4,6),density.xlim=c(-3,3),ylim=c(-3,3))
    Warning in graphics::rug(y, col = Col(col[1], rug.alpha[1])) :
     some values will be clipped
    > plot.sim(val,estimate=c(1,2),true=c(0,0),se=c(4,5),equal=TRUE,plot.type="single")
    Error in rep(0, nk[i]) : invalid 'times' argument
    Calls: plot.sim
    Execution halted
Flavor: r-patched-linux-x86_64

Version: 1.4.5
Check: examples
Result: ERROR
    Running examples in ‘lava-Ex.R’ failed
    The error most likely occurred in:
    
    > ### Name: density.sim
    > ### Title: Plot sim object
    > ### Aliases: density.sim plot.sim
    >
    > ### ** Examples
    >
    > n <- 1000
    > val <- cbind(est1=rnorm(n,sd=1),est2=rnorm(n,sd=0.2),est3=rnorm(n,1,sd=0.5),
    + sd1=runif(n,0.8,1.2),sd2=runif(n,0.1,0.3),sd3=runif(n,0.25,0.75))
    > plot.sim(val,estimate=c(1,2),true=c(0,0),se=c(4,5),equal=TRUE)
    > plot.sim(val,estimate=c(1,3),true=c(0,1),se=c(4,6),density.xlim=c(-3,3),ylim=c(-3,3))
    Warning in graphics::rug(y, col = Col(col[1], rug.alpha[1])) :
     some values will be clipped
    > plot.sim(val,estimate=c(1,2),true=c(0,0),se=c(4,5),equal=TRUE,plot.type="single")
    Error in rep(0, nk[i]) : invalid 'times' argument
    Calls: plot.sim
    Execution halted
Flavors: r-patched-solaris-sparc, r-patched-solaris-x86

Version: 1.4.5
Check: examples
Result: ERROR
    Running examples in 'lava-Ex.R' failed
    The error most likely occurred in:
    
    > ### Name: dsort
    > ### Title: Sort data frame
    > ### Aliases: dsort
    >
    > ### ** Examples
    >
    > data(hubble)
    > dsort(hubble, "sigma")
    Error in order(c(2.3, 3.1, 2.8, 2.8, 3.4, 2.9, 3.1, 2.2, 3.4, 2.7, 2.4, :
     argument lengths differ
    Calls: dsort -> [ -> [.data.frame -> do.call -> order
    Execution halted
Flavor: r-oldrel-windows-ix86+x86_64

Version: 1.4.5
Check: tests
Result: ERROR
    Running the tests in 'tests/test-all.R' failed.
    Last 13 lines of output:
     6: `[.data.frame`(data, do.call("order", c(c(x, args), list(decreasing = decreasing,
     method = "radix"))), )
     7: do.call("order", c(c(x, args), list(decreasing = decreasing, method = "radix")))
     8: order(c(2.3, 3.1, 2.8, 2.8, 3.4, 2.9, 3.1, 2.2, 3.4, 2.7, 2.4, 2.4, 2.9, 2.1, 2.4,
     2.3, 2.6, 2.6, 2.4, 2.6, 3.1, 2.8, 2.4, 2.1, 2.4, 2.9, 2.7, 3.1, 2.6, 2.7, 2.5, 2.6,
     2.7, 2.8, 2.5, 2.7), decreasing = FALSE, method = "radix")
    
     testthat results ================================================================
     OK: 271 SKIPPED: 0 FAILED: 1
     1. Error: dsort (@test-misc.R#34)
    
     Error: testthat unit tests failed
     Execution halted
Flavor: r-oldrel-windows-ix86+x86_64