CRAN Package Check Results for Package lava

Last updated on 2015-05-27 06:46:49.

Flavor Version Tinstall Tcheck Ttotal Status Flags
r-devel-linux-x86_64-debian-clang 1.4.0 1.77 84.27 86.04 OK
r-devel-linux-x86_64-debian-gcc 1.4.0 1.81 83.19 85.00 OK
r-devel-linux-x86_64-fedora-clang 1.4.0 161.70 OK
r-devel-linux-x86_64-fedora-gcc 1.4.0 150.79 OK
r-devel-osx-x86_64-clang 1.4.0 136.83 OK
r-devel-windows-ix86+x86_64 1.4.0 9.00 116.00 125.00 OK
r-patched-linux-x86_64 1.4.0 1.74 82.29 84.04 OK
r-patched-solaris-sparc 1.4.0 977.40 OK
r-patched-solaris-x86 1.4.0 179.60 OK
r-release-linux-x86_64 1.4.0 1.77 83.24 85.01 OK
r-release-osx-x86_64-mavericks 1.4.0 OK
r-release-osx-x86_64-snowleopard 1.4.0 NOTE
r-release-windows-ix86+x86_64 1.4.0 8.00 115.00 123.00 OK
r-oldrel-windows-ix86+x86_64 1.4.0 9.00 110.00 119.00 OK

Check Details

Version: 1.4.0
Check: package dependencies
Result: NOTE
    Packages suggested but not available for checking:
     ‘graph’ ‘Rgraphviz’ ‘igraph’ ‘fields’
Flavor: r-release-osx-x86_64-snowleopard