CRAN Package Check Results for Package lava

Last updated on 2017-09-22 20:47:18.

Flavor Version Tinstall Tcheck Ttotal Status Flags
r-devel-linux-x86_64-debian-clang 1.5 19.98 135.87 155.85 ERROR
r-devel-linux-x86_64-debian-gcc 1.5 19.20 132.79 152.00 ERROR
r-devel-linux-x86_64-fedora-clang 1.5 299.26 ERROR
r-devel-linux-x86_64-fedora-gcc 1.5 296.57 ERROR
r-devel-windows-ix86+x86_64 1.5 32.00 209.00 241.00 ERROR
r-patched-linux-x86_64 1.5 20.38 136.10 156.48 OK
r-patched-solaris-x86 1.5 351.70 OK
r-release-linux-x86_64 1.5 18.75 136.99 155.73 OK
r-release-windows-ix86+x86_64 1.5 32.00 225.00 257.00 OK
r-release-osx-x86_64 1.5 ERROR
r-oldrel-windows-ix86+x86_64 1.5 28.00 191.00 219.00 OK
r-oldrel-osx-x86_64 1.5 OK

Check Details

Version: 1.5
Check: tests
Result: ERROR
     Running ‘test-all.R’ [26s/26s]
    Running the tests in ‘tests/test-all.R’ failed.
    Complete output:
     > library("lava")
     lava version 1.5
     > suppressPackageStartupMessages(library("testthat"))
     > test_check("lava")
     1. Failure: Prediction with missing data, random intercept (@test-inference.R#279)
     mse(u1, u2) < 1e-09 isn't true.
    
    
     2. Failure: Prediction with missing data, random intercept (@test-inference.R#293)
     mse(u01, u02) < 1e-09 isn't true.
    
    
     0: 13.081250: 0.200620 0.00000 0.337259
     1: 7.9524457: 0.272131 0.575626 1.15184
     2: 7.4635337: 0.132261 0.763214 0.929738
     3: 7.0359771: 0.0594089 0.733914 0.616824
     4: 6.9865362: 0.0794124 0.756603 0.558204
     5: 6.9757752: 0.0833126 0.759329 0.492413
     6: 6.9738107: 0.0806668 0.756413 0.513241
     7: 6.9737419: 0.0827969 0.758414 0.510545
     8: 6.9737365: 0.0806693 0.757663 0.508982
     9: 6.9737257: 0.0819960 0.757150 0.509933
     10: 6.9737242: 0.0817930 0.757623 0.509977
     11: 6.9737241: 0.0816735 0.757610 0.509971
     12: 6.9737241: 0.0816798 0.757610 0.509973
     testthat results ================================================================
     OK: 310 SKIPPED: 0 FAILED: 2
     1. Failure: Prediction with missing data, random intercept (@test-inference.R#279)
     2. Failure: Prediction with missing data, random intercept (@test-inference.R#293)
    
     Error: testthat unit tests failed
     Execution halted
Flavor: r-devel-linux-x86_64-debian-clang

Version: 1.5
Check: tests
Result: ERROR
     Running ‘test-all.R’ [24s/24s]
    Running the tests in ‘tests/test-all.R’ failed.
    Complete output:
     > library("lava")
     lava version 1.5
     > suppressPackageStartupMessages(library("testthat"))
     > test_check("lava")
     1. Failure: Prediction with missing data, random intercept (@test-inference.R#279)
     mse(u1, u2) < 1e-09 isn't true.
    
    
     2. Failure: Prediction with missing data, random intercept (@test-inference.R#293)
     mse(u01, u02) < 1e-09 isn't true.
    
    
     0: 13.081250: 0.200620 0.00000 0.337259
     1: 7.9524457: 0.272131 0.575626 1.15184
     2: 7.4635337: 0.132261 0.763214 0.929738
     3: 7.0359771: 0.0594089 0.733914 0.616824
     4: 6.9865362: 0.0794124 0.756603 0.558204
     5: 6.9757752: 0.0833126 0.759329 0.492413
     6: 6.9738107: 0.0806668 0.756413 0.513241
     7: 6.9737419: 0.0827969 0.758414 0.510545
     8: 6.9737365: 0.0806693 0.757663 0.508982
     9: 6.9737257: 0.0819960 0.757150 0.509933
     10: 6.9737242: 0.0817930 0.757623 0.509977
     11: 6.9737241: 0.0816735 0.757610 0.509971
     12: 6.9737241: 0.0816798 0.757610 0.509973
     testthat results ================================================================
     OK: 310 SKIPPED: 0 FAILED: 2
     1. Failure: Prediction with missing data, random intercept (@test-inference.R#279)
     2. Failure: Prediction with missing data, random intercept (@test-inference.R#293)
    
     Error: testthat unit tests failed
     Execution halted
Flavor: r-devel-linux-x86_64-debian-gcc

Version: 1.5
Check: tests
Result: ERROR
     Running ‘test-all.R’ [50s/60s]
    Running the tests in ‘tests/test-all.R’ failed.
    Complete output:
     > library("lava")
     lava version 1.5
     > suppressPackageStartupMessages(library("testthat"))
     > test_check("lava")
     1. Failure: Prediction with missing data, random intercept (@test-inference.R#279)
     mse(u1, u2) < 1e-09 isn't true.
    
    
     2. Failure: Prediction with missing data, random intercept (@test-inference.R#293)
     mse(u01, u02) < 1e-09 isn't true.
    
    
     0: 13.081250: 0.200620 0.00000 0.337259
     1: 7.9524457: 0.272131 0.575626 1.15184
     2: 7.4635337: 0.132261 0.763214 0.929738
     3: 7.0359771: 0.0594089 0.733914 0.616824
     4: 6.9865362: 0.0794124 0.756603 0.558204
     5: 6.9757752: 0.0833126 0.759329 0.492413
     6: 6.9738107: 0.0806668 0.756413 0.513241
     7: 6.9737419: 0.0827969 0.758414 0.510545
     8: 6.9737365: 0.0806693 0.757663 0.508982
     9: 6.9737257: 0.0819960 0.757150 0.509933
     10: 6.9737242: 0.0817930 0.757623 0.509977
     11: 6.9737241: 0.0816735 0.757610 0.509971
     12: 6.9737241: 0.0816798 0.757610 0.509973
     testthat results ================================================================
     OK: 310 SKIPPED: 0 FAILED: 2
     1. Failure: Prediction with missing data, random intercept (@test-inference.R#279)
     2. Failure: Prediction with missing data, random intercept (@test-inference.R#293)
    
     Error: testthat unit tests failed
     Execution halted
Flavor: r-devel-linux-x86_64-fedora-clang

Version: 1.5
Check: tests
Result: ERROR
     Running ‘test-all.R’ [50s/74s]
    Running the tests in ‘tests/test-all.R’ failed.
    Complete output:
     > library("lava")
     lava version 1.5
     > suppressPackageStartupMessages(library("testthat"))
     > test_check("lava")
     1. Failure: Prediction with missing data, random intercept (@test-inference.R#279)
     mse(u1, u2) < 1e-09 isn't true.
    
    
     2. Failure: Prediction with missing data, random intercept (@test-inference.R#293)
     mse(u01, u02) < 1e-09 isn't true.
    
    
     0: 13.081250: 0.200620 0.00000 0.337259
     1: 7.9524457: 0.272131 0.575626 1.15184
     2: 7.4635337: 0.132261 0.763214 0.929738
     3: 7.0359771: 0.0594089 0.733914 0.616824
     4: 6.9865362: 0.0794124 0.756603 0.558204
     5: 6.9757752: 0.0833126 0.759329 0.492413
     6: 6.9738107: 0.0806668 0.756413 0.513241
     7: 6.9737419: 0.0827969 0.758414 0.510545
     8: 6.9737365: 0.0806693 0.757663 0.508982
     9: 6.9737257: 0.0819960 0.757150 0.509933
     10: 6.9737242: 0.0817930 0.757623 0.509977
     11: 6.9737241: 0.0816735 0.757610 0.509971
     12: 6.9737241: 0.0816798 0.757610 0.509973
     testthat results ================================================================
     OK: 310 SKIPPED: 0 FAILED: 2
     1. Failure: Prediction with missing data, random intercept (@test-inference.R#279)
     2. Failure: Prediction with missing data, random intercept (@test-inference.R#293)
    
     Error: testthat unit tests failed
     Execution halted
Flavor: r-devel-linux-x86_64-fedora-gcc

Version: 1.5
Check: tests
Result: ERROR
     Running 'test-all.R' [37s]
    Running the tests in 'tests/test-all.R' failed.
    Last 13 lines of output:
     5: 6.9757752: 0.0833126 0.759329 0.492413
     6: 6.9738107: 0.0806668 0.756413 0.513241
     7: 6.9737419: 0.0827969 0.758414 0.510545
     8: 6.9737365: 0.0806693 0.757663 0.508982
     9: 6.9737257: 0.0819960 0.757150 0.509933
     10: 6.9737242: 0.0817930 0.757623 0.509977
     11: 6.9737241: 0.0816735 0.757610 0.509971
     12: 6.9737241: 0.0816798 0.757610 0.509973
     testthat results ================================================================
     OK: 310 SKIPPED: 0 FAILED: 2
     1. Failure: Prediction with missing data, random intercept (@test-inference.R#279)
     2. Failure: Prediction with missing data, random intercept (@test-inference.R#293)
    
     Error: testthat unit tests failed
     Execution halted
Flavor: r-devel-windows-ix86+x86_64

Version: 1.5
Check: package dependencies
Result: NOTE
    Packages suggested but not available for checking: ‘Rgraphviz’ ‘graph’
Flavor: r-release-osx-x86_64

Version: 1.5
Check: tests
Result: ERROR
     Running ‘test-all.R’ [45s/65s]
    Running the tests in ‘tests/test-all.R’ failed.
    Last 13 lines of output:
     2: getExportedValue(pkg, name)
     3: asNamespace(ns)
     4: getNamespace(ns)
     5: tryCatch(loadNamespace(name), error = function(e) stop(e))
     6: tryCatchList(expr, classes, parentenv, handlers)
     7: tryCatchOne(expr, names, parentenv, handlers[[1L]])
     8: value[[3L]](cond)
    
     testthat results ================================================================
     OK: 300 SKIPPED: 0 FAILED: 2
     1. Error: Effects (@test-inference.R#27)
     2. Error: Graph attributes (@test-model.R#82)
    
     Error: testthat unit tests failed
     Execution halted
Flavor: r-release-osx-x86_64