CRAN Package Check Results for Package lava

Last updated on 2015-01-30 18:51:30.

Flavor Version Tinstall Tcheck Ttotal Status Flags
r-devel-linux-x86_64-debian-clang 1.3 1.92 78.48 80.40 WARN
r-devel-linux-x86_64-debian-gcc 1.3 2.29 77.83 80.12 WARN
r-devel-linux-x86_64-fedora-clang 1.3 165.05 WARN
r-devel-linux-x86_64-fedora-gcc 1.3 153.37 WARN
r-devel-osx-x86_64-clang 1.3 139.80 WARN
r-devel-windows-ix86+x86_64 1.3 13.00 108.00 121.00 WARN
r-patched-linux-x86_64 1.3 1.82 87.52 89.34 WARN
r-patched-solaris-sparc 1.3 974.70 WARN
r-patched-solaris-x86 1.3 186.30 WARN
r-release-linux-ix86 1.3 2.49 98.73 101.22 OK
r-release-linux-x86_64 1.3 1.84 86.74 88.57 OK
r-release-osx-x86_64-mavericks 1.3 WARN
r-release-osx-x86_64-snowleopard 1.3 OK
r-release-windows-ix86+x86_64 1.3 6.00 125.00 131.00 OK
r-oldrel-windows-ix86+x86_64 1.3 8.00 116.00 124.00 OK

Check Details

Version: 1.3
Check: package dependencies
Result: NOTE
    Packages suggested but not available for checking: ‘graph’ ‘Rgraphviz’
Flavor: r-devel-linux-x86_64-debian-clang

Version: 1.3
Check: dependencies in R code
Result: NOTE
    'library' or 'require' calls in package code:
     ‘Matrix’ ‘Rgraphviz’ ‘ascii’ ‘foreach’ ‘graph’ ‘igraph’
     Please use :: or requireNamespace() instead.
     See section 'Suggested packages' in the 'Writing R Extensions' manual.
Flavors: r-devel-linux-x86_64-debian-clang, r-devel-linux-x86_64-debian-gcc, r-devel-linux-x86_64-fedora-clang, r-devel-linux-x86_64-fedora-gcc, r-devel-osx-x86_64-clang, r-devel-windows-ix86+x86_64

Version: 1.3
Check: for unstated dependencies in examples
Result: WARN
    '::' or ':::' import not declared from: ‘fields’
Flavors: r-devel-linux-x86_64-debian-clang, r-devel-linux-x86_64-debian-gcc, r-devel-linux-x86_64-fedora-clang, r-devel-linux-x86_64-fedora-gcc, r-devel-osx-x86_64-clang, r-devel-windows-ix86+x86_64, r-patched-linux-x86_64, r-patched-solaris-sparc, r-patched-solaris-x86, r-release-osx-x86_64-mavericks