CRAN Package Check Results for Package lava

Last updated on 2014-04-18 11:47:19.

Flavor Version Tinstall Tcheck Ttotal Status Flags
r-devel-linux-x86_64-debian-clang 1.2.5 1.82 84.97 86.79 OK
r-devel-linux-x86_64-debian-gcc OK
r-devel-linux-x86_64-fedora-clang 1.2.5 175.76 OK
r-devel-linux-x86_64-fedora-gcc 1.2.5 169.04 OK
r-devel-macosx-x86_64-clang 1.2.5 137.27 OK
r-devel-macosx-x86_64-gcc 1.2.5 NOTE
r-devel-windows-ix86+x86_64 1.2.5 5.00 114.00 119.00 OK
r-patched-linux-x86_64 1.2.5 1.98 87.92 89.90 OK
r-patched-solaris-sparc 1.2.5 877.70 OK
r-patched-solaris-x86 1.2.5 186.20 OK
r-release-linux-ix86 1.2.5 6.00 128.00 134.00 OK
r-release-linux-x86_64 1.2.5 1.79 89.44 91.22 OK
r-release-macosx-x86_64 1.2.5 NOTE
r-release-windows-ix86+x86_64 1.2.5 5.00 118.00 123.00 OK
r-oldrel-windows-ix86+x86_64 1.2.5 5.00 108.00 113.00 OK

Check Details

Version: 1.2.5
Check: package dependencies
Result: NOTE
    Packages suggested but not available for checking:
     ‘mets’ ‘graph’ ‘Rgraphviz’ ‘igraph’ ‘lme4’ ‘gof’ ‘foreach’
Flavor: r-devel-macosx-x86_64-gcc

Version: 1.2.5
Check: R code for possible problems
Result: NOTE
    bootstrap.lvm: no visible global function definition for ‘%dopar%’
    bootstrap.lvm: no visible global function definition for ‘foreach’
    edgelabels.graphNEL: no visible global function definition for
     ‘edgeRenderInfo’
    edgelabels.graphNEL: no visible global function definition for
     ‘edgeRenderInfo<-’
    edgelabels.graphNEL: no visible global function definition for
     ‘edgeDataDefaults’
    edgelabels.graphNEL: no visible global function definition for
     ‘edgeDataDefaults<-’
    edgelabels.lvmfit: no visible global function definition for
     ‘edgeRenderInfo’
    edgelabels<-.lvmfit: no visible global function definition for
     ‘edgeRenderInfo’
    edgelabels<-.lvmfit: no visible global function definition for
     ‘edgeRenderInfo<-’
    finalize.lvm: no visible global function definition for
     ‘nodeRenderInfo’
    finalize.lvm: no visible global function definition for
     ‘nodeRenderInfo<-’
    finalize.lvm: no visible global function definition for
     ‘edgeDataDefaults’
    finalize.lvm: no visible global function definition for
     ‘edgeDataDefaults<-’
    finalize.lvm: no visible global function definition for
     ‘edgeRenderInfo’
    finalize.lvm: no visible global function definition for
     ‘edgeRenderInfo<-’
    finalize.lvm: no visible global function definition for ‘edgeNames’
    finalize.lvm: no visible global function definition for ‘removeEdge’
    finalize.lvm: no visible global function definition for ‘addEdge’
    graph2lvm: no visible global function definition for ‘nodes’
    igraph.lvm: no visible global function definition for ‘graph.adjacency’
    igraph.lvm: no visible global function definition for ‘V’
    igraph.lvm: no visible global function definition for ‘V<-’
    igraph.lvm: no visible global function definition for ‘E’
    igraph.lvm: no visible global function definition for ‘E<-’
    labels.graphNEL: no visible global function definition for
     ‘nodeRenderInfo’
    labels.graphNEL: no visible global function definition for
     ‘nodeRenderInfo<-’
    labels.graphNEL: no visible global function definition for ‘nodes’
    measurement: no visible global function definition for ‘subGraph’
    path.graphNEL : ff: no visible global function definition for
     ‘edgeMatrix’
    path.graphNEL: no visible global function definition for ‘nodes’
    plot.lvm: no visible global function definition for ‘layout.sugiyama’
    plot.lvm: no visible global function definition for ‘nodeRenderInfo’
    plot.lvm: no visible global function definition for ‘nodeRenderInfo<-’
    plot.lvm: no visible global function definition for ‘edgeRenderInfo’
    plot.lvm: no visible global function definition for ‘edgeRenderInfo<-’
    plot.lvm: no visible global function definition for ‘renderGraph’
    plot.lvmfit: no visible global function definition for ‘removeEdge’
    plot.lvmfit: no visible global function definition for ‘isAdjacent’
    subgraph: no visible global function definition for ‘adj’
    subgraph: no visible global function definition for ‘nodes’
    subgraph: no visible global function definition for ‘addEdge’
    subgraph: no visible global function definition for ‘addNode’
    vars.graph: no visible global function definition for ‘nodes’
Flavor: r-devel-macosx-x86_64-gcc

Version: 1.2.5
Check: package dependencies
Result: NOTE
    Packages suggested but not available for checking: ‘graph’ ‘Rgraphviz’
Flavor: r-release-macosx-x86_64

Version: 1.2.5
Check: R code for possible problems
Result: NOTE
    edgelabels.graphNEL: no visible global function definition for
     ‘edgeRenderInfo’
    edgelabels.graphNEL: no visible global function definition for
     ‘edgeRenderInfo<-’
    edgelabels.graphNEL: no visible global function definition for
     ‘edgeDataDefaults’
    edgelabels.graphNEL: no visible global function definition for
     ‘edgeDataDefaults<-’
    edgelabels.lvmfit: no visible global function definition for
     ‘edgeRenderInfo’
    edgelabels<-.lvmfit: no visible global function definition for
     ‘edgeRenderInfo’
    edgelabels<-.lvmfit: no visible global function definition for
     ‘edgeRenderInfo<-’
    finalize.lvm: no visible global function definition for
     ‘nodeRenderInfo’
    finalize.lvm: no visible global function definition for
     ‘nodeRenderInfo<-’
    finalize.lvm: no visible global function definition for
     ‘edgeDataDefaults’
    finalize.lvm: no visible global function definition for
     ‘edgeDataDefaults<-’
    finalize.lvm: no visible global function definition for
     ‘edgeRenderInfo’
    finalize.lvm: no visible global function definition for
     ‘edgeRenderInfo<-’
    finalize.lvm: no visible global function definition for ‘edgeNames’
    finalize.lvm: no visible global function definition for ‘removeEdge’
    finalize.lvm: no visible global function definition for ‘addEdge’
    graph2lvm: no visible global function definition for ‘nodes’
    labels.graphNEL: no visible global function definition for
     ‘nodeRenderInfo’
    labels.graphNEL: no visible global function definition for
     ‘nodeRenderInfo<-’
    labels.graphNEL: no visible global function definition for ‘nodes’
    measurement: no visible global function definition for ‘subGraph’
    path.graphNEL : ff: no visible global function definition for
     ‘edgeMatrix’
    path.graphNEL: no visible global function definition for ‘nodes’
    plot.lvm: no visible global function definition for ‘nodeRenderInfo’
    plot.lvm: no visible global function definition for ‘nodeRenderInfo<-’
    plot.lvm: no visible global function definition for ‘edgeRenderInfo’
    plot.lvm: no visible global function definition for ‘edgeRenderInfo<-’
    plot.lvm: no visible global function definition for ‘renderGraph’
    plot.lvmfit: no visible global function definition for ‘removeEdge’
    plot.lvmfit: no visible global function definition for ‘isAdjacent’
    subgraph: no visible global function definition for ‘adj’
    subgraph: no visible global function definition for ‘nodes’
    subgraph: no visible global function definition for ‘addEdge’
    subgraph: no visible global function definition for ‘addNode’
    vars.graph: no visible global function definition for ‘nodes’
Flavor: r-release-macosx-x86_64