CRAN Package Check Results for Package lava

Last updated on 2014-12-19 09:50:58.

Flavor Version Tinstall Tcheck Ttotal Status Flags
r-devel-linux-x86_64-debian-clang 1.3 1.84 85.92 87.76 WARN
r-devel-linux-x86_64-debian-gcc 1.3 1.80 82.54 84.34 WARN
r-devel-linux-x86_64-fedora-clang 1.3 164.65 WARN
r-devel-linux-x86_64-fedora-gcc 1.3 149.82 WARN
r-devel-osx-x86_64-clang 1.3 141.90 WARN
r-devel-windows-ix86+x86_64 1.3 8.00 100.00 108.00 WARN
r-patched-linux-x86_64 1.3 2.37 85.29 87.66 WARN
r-patched-solaris-sparc 1.3 960.00 WARN
r-patched-solaris-x86 1.3 184.40 WARN
r-release-linux-ix86 1.3 2.43 98.78 101.22 OK
r-release-linux-x86_64 1.3 1.83 85.42 87.25 OK
r-release-osx-x86_64-mavericks 1.3 OK
r-release-osx-x86_64-snowleopard 1.3 OK
r-release-windows-ix86+x86_64 1.3 7.00 112.00 119.00 OK
r-oldrel-windows-ix86+x86_64 1.3 8.00 118.00 126.00 OK

Check Details

Version: 1.3
Check: for unstated dependencies in examples
Result: WARN
    '::' or ':::' import not declared from: ‘fields’
Flavors: r-devel-linux-x86_64-debian-clang, r-devel-linux-x86_64-debian-gcc, r-devel-linux-x86_64-fedora-clang, r-devel-linux-x86_64-fedora-gcc, r-devel-osx-x86_64-clang, r-devel-windows-ix86+x86_64, r-patched-linux-x86_64, r-patched-solaris-sparc, r-patched-solaris-x86