CRAN Package Check Results for Package lava

Last updated on 2018-02-22 01:49:51 CET.

Flavor Version Tinstall Tcheck Ttotal Status Flags
r-devel-linux-x86_64-debian-clang 1.6 32.13 209.00 241.13 WARN
r-devel-linux-x86_64-debian-gcc 1.6 27.95 173.87 201.82 WARN
r-devel-linux-x86_64-fedora-clang 1.6 319.58 WARN
r-devel-linux-x86_64-fedora-gcc 1.6 257.96 WARN
r-devel-windows-ix86+x86_64 1.6 54.00 230.00 284.00 OK
r-patched-linux-x86_64 1.6 30.73 257.73 288.46 OK
r-patched-solaris-x86 1.6 374.90 OK
r-release-linux-x86_64 1.6 29.07 244.73 273.80 OK
r-release-windows-ix86+x86_64 1.6 50.00 301.00 351.00 OK
r-release-osx-x86_64 1.6 OK
r-oldrel-windows-ix86+x86_64 1.6 35.00 224.00 259.00 OK
r-oldrel-osx-x86_64 1.5.1 OK

Check Details

Version: 1.6
Check: whether package can be installed
Result: WARN
    Found the following significant warnings:
     Note: break may be used in wrong context: no loop is visible
Flavors: r-devel-linux-x86_64-debian-clang, r-devel-linux-x86_64-debian-gcc, r-devel-linux-x86_64-fedora-clang, r-devel-linux-x86_64-fedora-gcc