CRAN Package Check Results for Package lava

Last updated on 2015-04-21 11:53:00.

Flavor Version Tinstall Tcheck Ttotal Status Flags
r-devel-linux-x86_64-debian-clang 1.4.0 1.82 87.22 89.04 OK
r-devel-linux-x86_64-debian-gcc 1.4.0 1.88 84.94 86.83 OK
r-devel-linux-x86_64-fedora-clang 1.4.0 162.16 OK
r-devel-linux-x86_64-fedora-gcc 1.4.0 152.83 OK
r-devel-osx-x86_64-clang 1.4.0 138.12 OK
r-devel-windows-ix86+x86_64 1.4.0 12.00 151.00 163.00 OK
r-patched-linux-x86_64 1.4.0 1.76 83.05 84.80 OK
r-patched-solaris-sparc 1.4.0 990.20 OK
r-patched-solaris-x86 1.4.0 182.10 OK
r-release-linux-x86_64 1.4.0 1.78 85.34 87.12 OK
r-release-osx-x86_64-mavericks 1.4.0 ERROR
r-release-osx-x86_64-snowleopard 1.4.0 NOTE
r-release-windows-ix86+x86_64 1.4.0 4.00 106.00 110.00 OK
r-oldrel-windows-ix86+x86_64 1.4.0 5.00 109.00 114.00 OK

Check Details

Version: 1.4.0
Check: package dependencies
Result: NOTE
    Packages suggested but not available for checking: ‘mets’ ‘lme4’ ‘fields’
Flavor: r-release-osx-x86_64-mavericks

Version: 1.4.0
Check: examples
Result: ERROR
    Running examples in ‘lava-Ex.R’ failed
    The error most likely occurred in:
    
    > ### Name: closed.testing
    > ### Title: Closed testing procedure
    > ### Aliases: closed.testing p.correct
    >
    > ### ** Examples
    >
    > m <- lvm()
    > regression(m, c(y1,y2,y3,y4,y5,y6,y7)~x) <- c(0,0.25,0,0.25,0.25,0,0)
    > regression(m, to=endogenous(m), from="u") <- 1
    > variance(m,endogenous(m)) <- 1
    > set.seed(2)
    > d <- sim(m,200)
    > l1 <- lm(y1~x,d)
    > l2 <- lm(y2~x,d)
    > l3 <- lm(y3~x,d)
    > l4 <- lm(y4~x,d)
    > l5 <- lm(y5~x,d)
    > l6 <- lm(y6~x,d)
    > l7 <- lm(y7~x,d)
    >
    > (a <- merge(l1,l2,l3,l4,l5,l6,l7,subset=2))
     Estimate Std.Err 2.5% 97.5% P-value
    x -0.0220 0.0993 -0.21668 0.173 8.25e-01
    x.1 0.3723 0.1157 0.14564 0.599 1.29e-03
    x.2 0.1198 0.1110 -0.09780 0.337 2.81e-01
    x.3 0.4223 0.0926 0.24076 0.604 5.14e-06
    x.4 0.2934 0.1214 0.05558 0.531 1.56e-02
    x.5 0.2057 0.1062 -0.00246 0.414 5.28e-02
    x.6 0.0524 0.1182 -0.17922 0.284 6.57e-01
    > p.correct(a)
    Error in loadNamespace(name) : there is no package called ‘mets’
    Calls: p.correct ... tryCatch -> tryCatchList -> tryCatchOne -> <Anonymous>
    Execution halted
Flavor: r-release-osx-x86_64-mavericks

Version: 1.4.0
Check: package dependencies
Result: NOTE
    Packages suggested but not available for checking:
     ‘graph’ ‘Rgraphviz’ ‘igraph’ ‘fields’
Flavor: r-release-osx-x86_64-snowleopard