CRAN Package Check Results for Package lava

Last updated on 2017-07-24 10:46:48.

Flavor Version Tinstall Tcheck Ttotal Status Flags
r-devel-linux-x86_64-debian-clang 1.5 19.22 142.59 161.81 OK
r-devel-linux-x86_64-debian-gcc 1.5 19.16 142.20 161.35 OK
r-devel-linux-x86_64-fedora-clang 1.5 303.97 OK
r-devel-linux-x86_64-fedora-gcc 1.5 293.14 OK
r-devel-windows-ix86+x86_64 1.5 46.00 236.00 282.00 OK
r-patched-linux-x86_64 1.5 21.06 148.13 169.19 OK
r-patched-solaris-x86 1.5 350.20 OK
r-release-linux-x86_64 1.5 20.80 145.67 166.46 OK
r-release-windows-ix86+x86_64 1.5 30.00 277.00 307.00 OK
r-release-osx-x86_64 1.5 ERROR
r-oldrel-windows-ix86+x86_64 1.5 32.00 201.00 233.00 OK
r-oldrel-osx-x86_64 1.5 OK

Check Details

Version: 1.5
Check: package dependencies
Result: NOTE
    Packages suggested but not available for checking: ‘Rgraphviz’ ‘graph’
Flavor: r-release-osx-x86_64

Version: 1.5
Check: tests
Result: ERROR
     Running ‘test-all.R’ [45s/65s]
    Running the tests in ‘tests/test-all.R’ failed.
    Last 13 lines of output:
     2: getExportedValue(pkg, name)
     3: asNamespace(ns)
     4: getNamespace(ns)
     5: tryCatch(loadNamespace(name), error = function(e) stop(e))
     6: tryCatchList(expr, classes, parentenv, handlers)
     7: tryCatchOne(expr, names, parentenv, handlers[[1L]])
     8: value[[3L]](cond)
    
     testthat results ================================================================
     OK: 300 SKIPPED: 0 FAILED: 2
     1. Error: Effects (@test-inference.R#27)
     2. Error: Graph attributes (@test-model.R#82)
    
     Error: testthat unit tests failed
     Execution halted
Flavor: r-release-osx-x86_64