CRAN Package Check Results for Package lava

Last updated on 2016-05-02 21:49:50.

Flavor Version Tinstall Tcheck Ttotal Status Flags
r-devel-linux-x86_64-debian-gcc 1.4.3 15.30 107.67 122.97 OK
r-devel-linux-x86_64-fedora-clang 1.4.3 218.00 OK
r-devel-linux-x86_64-fedora-gcc 1.4.3 203.76 OK
r-devel-osx-x86_64-clang 1.4.3 238.71 OK
r-devel-windows-ix86+x86_64 1.4.3 27.00 157.00 184.00 OK
r-patched-linux-x86_64 1.4.3 14.44 101.74 116.18 OK
r-patched-solaris-sparc 1.4.3 1315.30 OK
r-patched-solaris-x86 1.4.3 237.60 OK
r-release-linux-x86_64 1.4.3 14.33 105.83 120.16 OK
r-release-osx-x86_64-mavericks 1.4.3 NOTE
r-release-windows-ix86+x86_64 1.4.3 27.00 156.00 183.00 OK
r-oldrel-windows-ix86+x86_64 1.4.3 41.00 228.00 269.00 OK

Check Details

Version: 1.4.3
Check: dependencies in R code
Result: NOTE
    Invalid MIT-MAGIC-COOKIE-1 key
Flavor: r-release-osx-x86_64-mavericks