CRAN Package Check Results for Package lava

Last updated on 2014-09-17 03:47:39.

Flavor Version Tinstall Tcheck Ttotal Status Flags
r-devel-linux-x86_64-debian-clang 1.2.6 1.76 78.56 80.31 NOTE
r-devel-linux-x86_64-debian-gcc 1.2.6 1.71 76.32 78.03 NOTE
r-devel-linux-x86_64-fedora-clang 1.2.6 162.25 NOTE
r-devel-linux-x86_64-fedora-gcc 1.2.6 150.61 NOTE
r-devel-osx-x86_64-clang 1.2.6 121.31 NOTE
r-devel-windows-ix86+x86_64 1.2.6 6.00 102.00 108.00 NOTE
r-patched-linux-x86_64 1.2.6 1.76 93.95 95.70 OK
r-patched-solaris-sparc 1.2.6 987.70 OK
r-patched-solaris-x86 1.2.6 186.80 OK
r-release-linux-ix86 1.2.6 2.38 103.70 106.09 OK
r-release-linux-x86_64 1.2.6 1.77 87.89 89.66 OK
r-release-osx-x86_64-mavericks 1.2.6 NOTE
r-release-osx-x86_64-snowleopard 1.2.6 OK
r-release-windows-ix86+x86_64 1.2.6 5.00 123.00 128.00 OK
r-oldrel-windows-ix86+x86_64 1.2.6 5.00 113.00 118.00 OK

Check Details

Version: 1.2.6
Check: R code for possible problems
Result: NOTE
    addvar.lvm: no visible global function definition for ‘bdiag’
    bootstrap.lvm: no visible global function definition for ‘%dopar%’
    bootstrap.lvm: no visible global function definition for ‘foreach’
    deriv.lvm: no visible global function definition for ‘Matrix’
    edgelabels.graphNEL: no visible global function definition for
     ‘edgeRenderInfo’
    edgelabels.graphNEL: no visible global function definition for
     ‘edgeRenderInfo<-’
    edgelabels.graphNEL: no visible global function definition for
     ‘edgeDataDefaults’
    edgelabels.graphNEL: no visible global function definition for
     ‘edgeDataDefaults<-’
    edgelabels.lvmfit: no visible global function definition for
     ‘edgeRenderInfo’
    edgelabels<-.lvmfit: no visible global function definition for
     ‘edgeRenderInfo’
    edgelabels<-.lvmfit: no visible global function definition for
     ‘edgeRenderInfo<-’
    estimate.lmerMod: no visible global function definition for ‘fixef’
    estimate.lmerMod: no visible global function definition for ‘VarCorr’
    finalize.lvm: no visible global function definition for
     ‘nodeRenderInfo’
    finalize.lvm: no visible global function definition for
     ‘nodeRenderInfo<-’
    finalize.lvm: no visible global function definition for
     ‘edgeDataDefaults’
    finalize.lvm: no visible global function definition for
     ‘edgeDataDefaults<-’
    finalize.lvm: no visible global function definition for
     ‘edgeRenderInfo’
    finalize.lvm: no visible global function definition for
     ‘edgeRenderInfo<-’
    finalize.lvm: no visible global function definition for ‘edgeNames’
    finalize.lvm: no visible global function definition for ‘removeEdge’
    finalize.lvm: no visible global function definition for ‘addEdge’
    graph2lvm: no visible global function definition for ‘nodes’
    igraph.lvm: no visible global function definition for ‘graph.adjacency’
    igraph.lvm: no visible global function definition for ‘V’
    igraph.lvm: no visible global function definition for ‘V<-’
    igraph.lvm: no visible global function definition for ‘E’
    igraph.lvm: no visible global function definition for ‘E<-’
    labels.graphNEL: no visible global function definition for
     ‘nodeRenderInfo’
    labels.graphNEL: no visible global function definition for
     ‘nodeRenderInfo<-’
    labels.graphNEL: no visible global function definition for ‘nodes’
    measurement: no visible global function definition for ‘subGraph’
    path.graphNEL : ff: no visible global function definition for
     ‘edgeMatrix’
    path.graphNEL: no visible global function definition for ‘nodes’
    plot.lvm: no visible global function definition for ‘layout.sugiyama’
    plot.lvm: no visible global function definition for ‘nodeRenderInfo’
    plot.lvm: no visible global function definition for ‘nodeRenderInfo<-’
    plot.lvm: no visible global function definition for ‘edgeRenderInfo’
    plot.lvm: no visible global function definition for ‘edgeRenderInfo<-’
    plot.lvm: no visible global function definition for ‘renderGraph’
    plot.lvmfit: no visible global function definition for ‘removeEdge’
    plot.lvmfit: no visible global function definition for ‘isAdjacent’
    subgraph: no visible global function definition for ‘adj’
    subgraph: no visible global function definition for ‘nodes’
    subgraph: no visible global function definition for ‘addEdge’
    subgraph: no visible global function definition for ‘addNode’
    vars.graph: no visible global function definition for ‘nodes’
Flavors: r-devel-linux-x86_64-debian-clang, r-devel-linux-x86_64-debian-gcc, r-devel-linux-x86_64-fedora-clang, r-devel-linux-x86_64-fedora-gcc, r-devel-osx-x86_64-clang, r-devel-windows-ix86+x86_64

Version: 1.2.6
Check: package dependencies
Result: NOTE
    Packages suggested but not available for checking: ‘graph’ ‘Rgraphviz’
Flavor: r-release-osx-x86_64-mavericks

Version: 1.2.6
Check: R code for possible problems
Result: NOTE
    edgelabels.graphNEL: no visible global function definition for
     ‘edgeRenderInfo’
    edgelabels.graphNEL: no visible global function definition for
     ‘edgeRenderInfo<-’
    edgelabels.graphNEL: no visible global function definition for
     ‘edgeDataDefaults’
    edgelabels.graphNEL: no visible global function definition for
     ‘edgeDataDefaults<-’
    edgelabels.lvmfit: no visible global function definition for
     ‘edgeRenderInfo’
    edgelabels<-.lvmfit: no visible global function definition for
     ‘edgeRenderInfo’
    edgelabels<-.lvmfit: no visible global function definition for
     ‘edgeRenderInfo<-’
    finalize.lvm: no visible global function definition for
     ‘nodeRenderInfo’
    finalize.lvm: no visible global function definition for
     ‘nodeRenderInfo<-’
    finalize.lvm: no visible global function definition for
     ‘edgeDataDefaults’
    finalize.lvm: no visible global function definition for
     ‘edgeDataDefaults<-’
    finalize.lvm: no visible global function definition for
     ‘edgeRenderInfo’
    finalize.lvm: no visible global function definition for
     ‘edgeRenderInfo<-’
    finalize.lvm: no visible global function definition for ‘edgeNames’
    finalize.lvm: no visible global function definition for ‘removeEdge’
    finalize.lvm: no visible global function definition for ‘addEdge’
    graph2lvm: no visible global function definition for ‘nodes’
    labels.graphNEL: no visible global function definition for
     ‘nodeRenderInfo’
    labels.graphNEL: no visible global function definition for
     ‘nodeRenderInfo<-’
    labels.graphNEL: no visible global function definition for ‘nodes’
    measurement: no visible global function definition for ‘subGraph’
    path.graphNEL : ff: no visible global function definition for
     ‘edgeMatrix’
    path.graphNEL: no visible global function definition for ‘nodes’
    plot.lvm: no visible global function definition for ‘nodeRenderInfo’
    plot.lvm: no visible global function definition for ‘nodeRenderInfo<-’
    plot.lvm: no visible global function definition for ‘edgeRenderInfo’
    plot.lvm: no visible global function definition for ‘edgeRenderInfo<-’
    plot.lvm: no visible global function definition for ‘renderGraph’
    plot.lvmfit: no visible global function definition for ‘removeEdge’
    plot.lvmfit: no visible global function definition for ‘isAdjacent’
    subgraph: no visible global function definition for ‘adj’
    subgraph: no visible global function definition for ‘nodes’
    subgraph: no visible global function definition for ‘addEdge’
    subgraph: no visible global function definition for ‘addNode’
    vars.graph: no visible global function definition for ‘nodes’
Flavor: r-release-osx-x86_64-mavericks