CRAN Package Check Results for Package lava

Last updated on 2017-05-27 22:46:19.

Flavor Version Tinstall Tcheck Ttotal Status Flags
r-devel-linux-x86_64-debian-clang 1.5 19.50 135.79 155.29 OK
r-devel-linux-x86_64-debian-gcc 1.5 19.01 133.20 152.21 OK
r-devel-linux-x86_64-fedora-clang 1.5 304.21 OK
r-devel-linux-x86_64-fedora-gcc 1.5 291.57 OK
r-devel-windows-ix86+x86_64 1.5 34.00 215.00 249.00 OK
r-patched-linux-x86_64 1.5 21.22 136.08 157.30 OK
r-patched-solaris-sparc 1.5 1762.00 OK
r-patched-solaris-x86 1.5 341.40 OK
r-release-linux-x86_64 1.5 19.11 137.57 156.69 OK
r-release-windows-ix86+x86_64 1.5 29.00 223.00 252.00 OK
r-release-osx-x86_64 1.5 ERROR
r-oldrel-windows-ix86+x86_64 1.5 35.00 196.00 231.00 OK
r-oldrel-osx-x86_64 1.5 OK

Check Details

Version: 1.5
Check: package dependencies
Result: NOTE
    Packages suggested but not available for checking: ‘Rgraphviz’ ‘graph’
Flavor: r-release-osx-x86_64

Version: 1.5
Check: tests
Result: ERROR
     Running ‘test-all.R’ [45s/65s]
    Running the tests in ‘tests/test-all.R’ failed.
    Last 13 lines of output:
     2: getExportedValue(pkg, name)
     3: asNamespace(ns)
     4: getNamespace(ns)
     5: tryCatch(loadNamespace(name), error = function(e) stop(e))
     6: tryCatchList(expr, classes, parentenv, handlers)
     7: tryCatchOne(expr, names, parentenv, handlers[[1L]])
     8: value[[3L]](cond)
    
     testthat results ================================================================
     OK: 300 SKIPPED: 0 FAILED: 2
     1. Error: Effects (@test-inference.R#27)
     2. Error: Graph attributes (@test-model.R#82)
    
     Error: testthat unit tests failed
     Execution halted
Flavor: r-release-osx-x86_64