CRAN Package Check Results for Package lava

Last updated on 2016-06-26 06:47:04.

Flavor Version Tinstall Tcheck Ttotal Status Flags
r-devel-linux-x86_64-debian-gcc 1.4.3 13.38 102.92 116.30 OK
r-devel-linux-x86_64-fedora-clang 1.4.3 217.00 OK
r-devel-linux-x86_64-fedora-gcc 1.4.3 201.71 OK
r-devel-osx-x86_64-clang 1.4.3 177.37 OK
r-devel-windows-ix86+x86_64 1.4.3 37.00 164.00 201.00 OK
r-patched-linux-x86_64 1.4.3 16.81 104.59 121.40 OK
r-patched-solaris-sparc 1.4.3 1340.00 OK
r-patched-solaris-x86 1.4.3 236.80 OK
r-release-linux-x86_64 1.4.3 15.62 104.97 120.58 OK
r-release-osx-x86_64-mavericks 1.4.3 NOTE
r-release-windows-ix86+x86_64 1.4.3 39.00 198.00 237.00 OK
r-oldrel-windows-ix86+x86_64 1.4.3 40.00 162.00 202.00 OK

Check Details

Version: 1.4.3
Check: dependencies in R code
Result: NOTE
    Invalid MIT-MAGIC-COOKIE-1 key
Flavor: r-release-osx-x86_64-mavericks