CRAN Package Check Results for Package lava

Last updated on 2014-07-25 14:47:38.

Flavor Version Tinstall Tcheck Ttotal Status Flags
r-devel-linux-x86_64-debian-clang 1.2.6 1.81 86.18 88.00 OK
r-devel-linux-x86_64-debian-gcc 1.2.6 1.77 86.16 87.94 OK
r-devel-linux-x86_64-fedora-clang 1.2.6 184.36 OK
r-devel-linux-x86_64-fedora-gcc 1.2.6 179.10 OK
r-devel-osx-x86_64-clang 1.2.6 139.88 OK
r-devel-windows-ix86+x86_64 1.2.6 5.00 120.00 125.00 OK
r-patched-linux-x86_64 1.2.6 1.74 84.69 86.43 OK
r-patched-solaris-sparc 1.2.6 897.20 OK
r-patched-solaris-x86 1.2.6 189.30 OK
r-release-linux-ix86 1.2.6 2.40 103.36 105.76 OK
r-release-linux-x86_64 1.2.6 3.01 87.00 90.02 OK
r-release-osx-x86_64-mavericks 1.2.6 NOTE
r-release-osx-x86_64-snowleopard 1.2.6 OK
r-release-windows-ix86+x86_64 1.2.6 7.00 124.00 131.00 OK
r-oldrel-windows-ix86+x86_64 1.2.6 6.00 110.00 116.00 OK

Check Details

Version: 1.2.6
Check: package dependencies
Result: NOTE
    Packages suggested but not available for checking: ‘graph’ ‘Rgraphviz’
Flavor: r-release-osx-x86_64-mavericks

Version: 1.2.6
Check: R code for possible problems
Result: NOTE
    edgelabels.graphNEL: no visible global function definition for
     ‘edgeRenderInfo’
    edgelabels.graphNEL: no visible global function definition for
     ‘edgeRenderInfo<-’
    edgelabels.graphNEL: no visible global function definition for
     ‘edgeDataDefaults’
    edgelabels.graphNEL: no visible global function definition for
     ‘edgeDataDefaults<-’
    edgelabels.lvmfit: no visible global function definition for
     ‘edgeRenderInfo’
    edgelabels<-.lvmfit: no visible global function definition for
     ‘edgeRenderInfo’
    edgelabels<-.lvmfit: no visible global function definition for
     ‘edgeRenderInfo<-’
    finalize.lvm: no visible global function definition for
     ‘nodeRenderInfo’
    finalize.lvm: no visible global function definition for
     ‘nodeRenderInfo<-’
    finalize.lvm: no visible global function definition for
     ‘edgeDataDefaults’
    finalize.lvm: no visible global function definition for
     ‘edgeDataDefaults<-’
    finalize.lvm: no visible global function definition for
     ‘edgeRenderInfo’
    finalize.lvm: no visible global function definition for
     ‘edgeRenderInfo<-’
    finalize.lvm: no visible global function definition for ‘edgeNames’
    finalize.lvm: no visible global function definition for ‘removeEdge’
    finalize.lvm: no visible global function definition for ‘addEdge’
    graph2lvm: no visible global function definition for ‘nodes’
    labels.graphNEL: no visible global function definition for
     ‘nodeRenderInfo’
    labels.graphNEL: no visible global function definition for
     ‘nodeRenderInfo<-’
    labels.graphNEL: no visible global function definition for ‘nodes’
    measurement: no visible global function definition for ‘subGraph’
    path.graphNEL : ff: no visible global function definition for
     ‘edgeMatrix’
    path.graphNEL: no visible global function definition for ‘nodes’
    plot.lvm: no visible global function definition for ‘nodeRenderInfo’
    plot.lvm: no visible global function definition for ‘nodeRenderInfo<-’
    plot.lvm: no visible global function definition for ‘edgeRenderInfo’
    plot.lvm: no visible global function definition for ‘edgeRenderInfo<-’
    plot.lvm: no visible global function definition for ‘renderGraph’
    plot.lvmfit: no visible global function definition for ‘removeEdge’
    plot.lvmfit: no visible global function definition for ‘isAdjacent’
    subgraph: no visible global function definition for ‘adj’
    subgraph: no visible global function definition for ‘nodes’
    subgraph: no visible global function definition for ‘addEdge’
    subgraph: no visible global function definition for ‘addNode’
    vars.graph: no visible global function definition for ‘nodes’
Flavor: r-release-osx-x86_64-mavericks