CRAN Package Check Results for Package lava

Last updated on 2016-07-26 11:50:55.

Flavor Version Tinstall Tcheck Ttotal Status Flags
r-devel-linux-x86_64-debian-clang 1.4.3 15.91 121.43 137.34 OK
r-devel-linux-x86_64-debian-gcc 1.4.3 15.28 119.95 135.23 OK
r-devel-linux-x86_64-fedora-clang 1.4.3 218.76 OK
r-devel-linux-x86_64-fedora-gcc 1.4.3 207.45 OK
r-devel-osx-x86_64-clang 1.4.3 178.69 OK
r-devel-windows-ix86+x86_64 1.4.3 36.00 201.00 237.00 OK
r-patched-linux-x86_64 1.4.3 15.36 111.23 126.59 OK
r-patched-solaris-sparc 1.4.3 1340.00 OK
r-patched-solaris-x86 1.4.3 232.20 OK
r-release-linux-x86_64 1.4.3 15.90 116.66 132.56 OK
r-release-osx-x86_64-mavericks 1.4.3 NOTE
r-release-windows-ix86+x86_64 1.4.3 33.00 192.00 225.00 OK
r-oldrel-windows-ix86+x86_64 1.4.3 33.00 153.00 186.00 OK

Check Details

Version: 1.4.3
Check: dependencies in R code
Result: NOTE
    Invalid MIT-MAGIC-COOKIE-1 key
Flavor: r-release-osx-x86_64-mavericks