CRAN Package Check Results for Package lava.tobit

Last updated on 2014-12-19 20:48:18.

Flavor Version Tinstall Tcheck Ttotal Status Flags
r-devel-linux-x86_64-debian-clang 0.4-7 0.82 14.28 15.09 NOTE
r-devel-linux-x86_64-debian-gcc 0.4-7 0.71 13.99 14.70 NOTE
r-devel-linux-x86_64-fedora-clang 0.4-7 31.88 NOTE
r-devel-linux-x86_64-fedora-gcc 0.4-7 29.20 NOTE
r-devel-osx-x86_64-clang 0.4-7 32.34 NOTE
r-devel-windows-ix86+x86_64 0.4-7 4.00 25.00 29.00 NOTE
r-patched-linux-x86_64 0.4-7 0.75 14.40 15.15 NOTE
r-patched-solaris-sparc 0.4-7 166.90 NOTE
r-patched-solaris-x86 0.4-7 41.80 NOTE
r-release-linux-ix86 0.4-7 1.04 19.96 21.01 NOTE
r-release-linux-x86_64 0.4-7 0.76 13.98 14.74 NOTE
r-release-osx-x86_64-mavericks 0.4-7 NOTE
r-release-osx-x86_64-snowleopard 0.4-7 NOTE
r-release-windows-ix86+x86_64 0.4-7 4.00 23.00 27.00 NOTE
r-oldrel-windows-ix86+x86_64 0.4-7 4.00 25.00 29.00 NOTE

Check Details

Version: 0.4-7
Check: dependencies in R code
Result: NOTE
    'library' or 'require' calls to packages already attached by Depends:
     ‘mvtnorm’ ‘survival’
     Please remove these calls from your code.
    Packages in Depends field not imported from:
     ‘lava’ ‘mvtnorm’ ‘survival’
     These packages need to be imported from (in the NAMESPACE file)
     for when this namespace is loaded but not attached.
    See the information on DESCRIPTION files in the chapter ‘Creating R
    packages’ of the ‘Writing R Extensions’ manual.
Flavors: r-devel-linux-x86_64-debian-clang, r-devel-linux-x86_64-debian-gcc, r-devel-linux-x86_64-fedora-clang, r-devel-linux-x86_64-fedora-gcc, r-devel-osx-x86_64-clang, r-devel-windows-ix86+x86_64, r-patched-linux-x86_64, r-patched-solaris-sparc, r-patched-solaris-x86, r-release-linux-ix86, r-release-linux-x86_64, r-release-osx-x86_64-mavericks, r-release-windows-ix86+x86_64, r-oldrel-windows-ix86+x86_64

Version: 0.4-7
Check: R code for possible problems
Result: NOTE
    .onAttach: no visible global function definition for ‘addhook’
    .onAttach: no visible global function definition for ‘lava.options’
    Dpmvnorm: no visible global function definition for ‘lava.options’
    Dpmvnorm: no visible global function definition for ‘pmvnorm’
    Dpmvnorm: no visible global function definition for ‘dmvnorm’
    Dpmvnorm: no visible global function definition for ‘Inverse’
    Dthetapmvnorm: no visible global function definition for ‘lava.options’
    Dthetapmvnorm: no visible global function definition for ‘Inverse’
    Dthetapmvnorm : S0: no visible global function definition for ‘pmvnorm’
    binary.lvm: no visible global function definition for ‘covfix<-’
    cens.score: no visible global function definition for ‘Inverse’
    clprobit: no visible global function definition for ‘endogenous’
    clprobit: no visible global function definition for ‘is.Surv’
    clprobit: no visible global function definition for ‘estimate’
    clprobit: no visible global function definition for ‘score’
    lava.tobit.color.hook: no visible global function definition for ‘vars’
    lava.tobit.estimate.hook: no visible global function definition for
     ‘endogenous’
    lava.tobit.estimate.hook: no visible global function definition for
     ‘lava.options’
    lava.tobit.estimate.hook: no visible global function definition for
     ‘is.Surv’
    mom.cens: no visible global function definition for ‘moments’
    mom.cens: no visible global function definition for ‘Inverse’
    plotres: no visible global function definition for ‘endogenous’
    plotres: no visible global function definition for ‘Weight’
    plotres: no visible global function definition for ‘Surv’
    plotres: no visible global function definition for ‘survfit’
    tobit_gradient.lvm: no visible global function definition for
     ‘lava.options’
    tobit_gradient.lvm: no visible global function definition for
     ‘manifest’
    tobit_gradient.lvm: no visible global function definition for
     ‘endogenous’
    tobit_logLik.lvm: no visible binding for global variable
     ‘gaussian_logLik.lvm’
    tobit_objective.lvm: no visible global function definition for
     ‘lava.options’
    tobit_objective.lvm: no visible global function definition for
     ‘manifest’
    tobit_objective.lvm: no visible global function definition for
     ‘endogenous’
    tobit_objective.lvm: no visible global function definition for
     ‘modelVar’
    tobit_objective.lvm: no visible global function definition for
     ‘dmvnorm’
    tobit_objective.lvm : <anonymous>: no visible global function
     definition for ‘pmvnorm’
    tobit_objective.lvm: no visible global function definition for
     ‘pmvnorm’
    tobitw_gradient.lvm: no visible global function definition for
     ‘lava.options’
    tobitw_gradient.lvm: no visible global function definition for
     ‘manifest’
    tobitw_gradient.lvm: no visible global function definition for
     ‘endogenous’
Flavors: r-devel-linux-x86_64-debian-clang, r-devel-linux-x86_64-debian-gcc, r-devel-linux-x86_64-fedora-clang, r-devel-linux-x86_64-fedora-gcc, r-devel-osx-x86_64-clang, r-devel-windows-ix86+x86_64, r-patched-linux-x86_64, r-patched-solaris-x86, r-release-linux-ix86, r-release-linux-x86_64, r-release-windows-ix86+x86_64

Version: 0.4-7
Check: dependencies in R code
Result: NOTE
    'library' or 'require' calls to packages already attached by Depends:
     'mvtnorm' 'survival'
     Please remove these calls from your code.
    See the information on DESCRIPTION files in the chapter 'Creating R
    packages' of the 'Writing R Extensions' manual.
Flavor: r-release-osx-x86_64-snowleopard