CRAN Package Check Results for Package lava.tobit

Last updated on 2014-04-24 19:54:01.

Flavor Version Tinstall Tcheck Ttotal Status Flags
r-devel-linux-x86_64-debian-clang 0.4-7 0.78 14.37 15.15 NOTE
r-devel-linux-x86_64-debian-gcc 0.4-7 0.76 14.13 14.89 NOTE
r-devel-linux-x86_64-fedora-clang 0.4-7 29.04 NOTE
r-devel-linux-x86_64-fedora-gcc 0.4-7 27.66 NOTE
r-devel-osx-x86_64-clang 0.4-7 30.99 NOTE
r-devel-osx-x86_64-gcc 0.4-7 NOTE
r-devel-windows-ix86+x86_64 0.4-7 3.00 22.00 25.00 NOTE
r-patched-linux-x86_64 0.4-7 0.78 14.29 15.07 NOTE
r-patched-solaris-sparc 0.4-7 160.00 NOTE
r-patched-solaris-x86 0.4-7 40.40 NOTE
r-release-linux-ix86 0.4-7 2.00 28.00 30.00 NOTE
r-release-linux-x86_64 0.4-7 0.77 13.96 14.72 NOTE
r-release-osx-x86_64-mavericks 0.4-7 WARN
r-release-osx-x86_64-snowleopard 0.4-7 NOTE
r-release-windows-ix86+x86_64 0.4-7 3.00 23.00 26.00 NOTE
r-oldrel-windows-ix86+x86_64 0.4-7 3.00 26.00 29.00 NOTE

Check Details

Version: 0.4-7
Check: dependencies in R code
Result: NOTE
    'library' or 'require' calls to packages already attached by Depends:
     ‘mvtnorm’ ‘survival’
     Please remove these calls from your code.
    Packages in Depends field not imported from:
     ‘lava’ ‘mvtnorm’ ‘survival’
     These packages need to be imported from (in the NAMESPACE file)
     for when this namespace is loaded but not attached.
    See the information on DESCRIPTION files in the chapter ‘Creating R
    packages’ of the ‘Writing R Extensions’ manual.
Flavors: r-devel-linux-x86_64-debian-clang, r-devel-linux-x86_64-debian-gcc, r-devel-linux-x86_64-fedora-clang, r-devel-linux-x86_64-fedora-gcc, r-devel-osx-x86_64-clang, r-devel-osx-x86_64-gcc, r-devel-windows-ix86+x86_64, r-patched-linux-x86_64, r-patched-solaris-sparc, r-patched-solaris-x86, r-release-linux-ix86, r-release-linux-x86_64, r-release-osx-x86_64-mavericks, r-release-windows-ix86+x86_64, r-oldrel-windows-ix86+x86_64

Version: 0.4-7
Check: PDF version of manual
Result: WARNING
    LaTeX errors when creating PDF version.
    This typically indicates Rd problems.
    LaTeX errors found:
    ! LaTeX Error: File `upquote.sty' not found.
    
    Type X to quit or <RETURN> to proceed,
    or enter new name. (Default extension: sty)
    
    61fff9d/Rd2.tex:8: ==> Fatal error occurred, no output PDF file produced!
Flavor: r-release-osx-x86_64-mavericks

Version: 0.4-7
Check: dependencies in R code
Result: NOTE
    'library' or 'require' calls to packages already attached by Depends:
     'mvtnorm' 'survival'
     Please remove these calls from your code.
    See the information on DESCRIPTION files in the chapter 'Creating R
    packages' of the 'Writing R Extensions' manual.
Flavor: r-release-osx-x86_64-snowleopard