CRAN Package Check Results for Package lava.tobit

Last updated on 2014-07-24 17:49:03.

Flavor Version Tinstall Tcheck Ttotal Status Flags
r-devel-linux-x86_64-debian-clang 0.4-7 0.70 13.52 14.23 NOTE
r-devel-linux-x86_64-debian-gcc 0.4-7 0.70 13.28 13.98 NOTE
r-devel-linux-x86_64-fedora-clang 0.4-7 31.79 NOTE
r-devel-linux-x86_64-fedora-gcc 0.4-7 28.28 NOTE
r-devel-osx-x86_64-clang 0.4-7 29.31 NOTE
r-devel-windows-ix86+x86_64 0.4-7 3.00 22.00 25.00 NOTE
r-patched-linux-x86_64 0.4-7 0.71 14.03 14.74 NOTE
r-patched-solaris-sparc 0.4-7 160.00 NOTE
r-patched-solaris-x86 0.4-7 39.00 NOTE
r-release-linux-ix86 0.4-7 1.12 19.64 20.76 NOTE
r-release-linux-x86_64 0.4-7 0.80 13.57 14.38 NOTE
r-release-osx-x86_64-mavericks 0.4-7 NOTE
r-release-osx-x86_64-snowleopard 0.4-7 NOTE
r-release-windows-ix86+x86_64 0.4-7 3.00 23.00 26.00 NOTE
r-oldrel-windows-ix86+x86_64 0.4-7 3.00 25.00 28.00 NOTE

Check Details

Version: 0.4-7
Check: dependencies in R code
Result: NOTE
    'library' or 'require' calls to packages already attached by Depends:
     ‘mvtnorm’ ‘survival’
     Please remove these calls from your code.
    Packages in Depends field not imported from:
     ‘lava’ ‘mvtnorm’ ‘survival’
     These packages need to be imported from (in the NAMESPACE file)
     for when this namespace is loaded but not attached.
    See the information on DESCRIPTION files in the chapter ‘Creating R
    packages’ of the ‘Writing R Extensions’ manual.
Flavors: r-devel-linux-x86_64-debian-clang, r-devel-linux-x86_64-debian-gcc, r-devel-linux-x86_64-fedora-clang, r-devel-linux-x86_64-fedora-gcc, r-devel-osx-x86_64-clang, r-devel-windows-ix86+x86_64, r-patched-linux-x86_64, r-patched-solaris-sparc, r-patched-solaris-x86, r-release-linux-ix86, r-release-linux-x86_64, r-release-osx-x86_64-mavericks, r-release-windows-ix86+x86_64, r-oldrel-windows-ix86+x86_64

Version: 0.4-7
Check: dependencies in R code
Result: NOTE
    'library' or 'require' calls to packages already attached by Depends:
     'mvtnorm' 'survival'
     Please remove these calls from your code.
    See the information on DESCRIPTION files in the chapter 'Creating R
    packages' of the 'Writing R Extensions' manual.
Flavor: r-release-osx-x86_64-snowleopard