CRAN Package Check Results for Package lavaan

Last updated on 2014-12-19 12:48:20.

Flavor Version Tinstall Tcheck Ttotal Status Flags
r-devel-linux-x86_64-debian-clang 0.5-17 2.41 89.76 92.16 OK
r-devel-linux-x86_64-debian-gcc 0.5-17 3.46 79.86 83.32 OK
r-devel-linux-x86_64-fedora-clang 0.5-17 169.17 OK
r-devel-linux-x86_64-fedora-gcc 0.5-17 143.45 OK
r-devel-osx-x86_64-clang 0.5-17 145.43 OK
r-devel-windows-ix86+x86_64 0.5-17 8.00 101.00 109.00 OK
r-patched-linux-x86_64 0.5-17 3.73 87.22 90.95 OK
r-patched-solaris-sparc 0.5-17 987.60 OK
r-patched-solaris-x86 0.5-17 184.30 OK
r-release-linux-ix86 0.5-17 3.12 100.60 103.72 OK
r-release-linux-x86_64 0.5-17 3.63 89.71 93.34 OK
r-release-osx-x86_64-mavericks 0.5-17 NOTE
r-release-osx-x86_64-snowleopard 0.5-17 OK
r-release-windows-ix86+x86_64 0.5-17 8.00 122.00 130.00 OK
r-oldrel-windows-ix86+x86_64 0.5-17 7.00 120.00 127.00 OK

Check Details

Version: 0.5-17
Check: package dependencies
Result: NOTE
    Package suggested but not available for checking: ‘simsem’
Flavor: r-release-osx-x86_64-mavericks