CRAN Package Check Results for Package lavaan

Last updated on 2014-09-30 11:48:26.

Flavor Version Tinstall Tcheck Ttotal Status Flags
r-devel-linux-x86_64-debian-clang 0.5-16 2.52 79.80 82.33 OK
r-devel-linux-x86_64-debian-gcc 0.5-16 2.27 82.26 84.53 OK
r-devel-linux-x86_64-fedora-clang 0.5-16 166.28 OK
r-devel-linux-x86_64-fedora-gcc 0.5-16 155.43 OK
r-devel-osx-x86_64-clang 0.5-16 125.10 OK
r-devel-windows-ix86+x86_64 0.5-16 6.00 105.00 111.00 OK
r-patched-linux-x86_64 0.5-16 3.86 90.21 94.08 OK
r-patched-solaris-sparc 0.5-16 1005.20 OK
r-patched-solaris-x86 0.5-16 197.00 OK
r-release-linux-ix86 0.5-16 3.18 113.13 116.31 OK
r-release-linux-x86_64 0.5-16 4.03 91.82 95.85 OK
r-release-osx-x86_64-mavericks 0.5-16 NOTE
r-release-osx-x86_64-snowleopard 0.5-16 OK
r-release-windows-ix86+x86_64 0.5-16 5.00 135.00 140.00 OK
r-oldrel-windows-ix86+x86_64 0.5-16 7.00 112.00 119.00 OK

Check Details

Version: 0.5-16
Check: package dependencies
Result: NOTE
    Package suggested but not available for checking: ‘simsem’
Flavor: r-release-osx-x86_64-mavericks