CRAN Package Check Results for Package lavaan

Last updated on 2015-07-08 03:48:08.

Flavor Version Tinstall Tcheck Ttotal Status Flags
r-devel-linux-x86_64-debian-clang 0.5-18 2.23 87.08 89.31 NOTE
r-devel-linux-x86_64-debian-gcc 0.5-18 2.30 84.12 86.42 NOTE
r-devel-linux-x86_64-fedora-clang 0.5-18 162.87 NOTE
r-devel-linux-x86_64-fedora-gcc 0.5-18 150.49 NOTE
r-devel-osx-x86_64-clang 0.5-18 138.82 NOTE
r-devel-windows-ix86+x86_64 0.5-18 13.00 115.00 128.00 NOTE
r-patched-linux-x86_64 0.5-18 2.23 85.68 87.91 OK
r-patched-solaris-sparc 0.5-18 987.20 OK
r-patched-solaris-x86 0.5-18 180.60 OK
r-release-linux-x86_64 0.5-18 2.22 84.92 87.14 OK
r-release-osx-x86_64-mavericks 0.5-18 OK
r-release-windows-ix86+x86_64 0.5-18 11.00 122.00 133.00 OK
r-oldrel-windows-ix86+x86_64 0.5-18 9.00 125.00 134.00 OK

Check Details

Version: 0.5-18
Check: R code for possible problems
Result: NOTE
    Kurtosis: no visible global function definition for ‘var’
    Skewness: no visible global function definition for ‘var’
    TESTING_derivatives.LISREL : <anonymous>: no visible global function
     definition for ‘rnorm’
    ValeMaurelli1983 : fleishman1978_abcd: no visible global function
     definition for ‘nlminb’
    ValeMaurelli1983 : getICOV: no visible global function definition for
     ‘nlminb’
    bootstrapLRT: no visible global function definition for ‘quantile’
    compute.Gamma: no visible global function definition for ‘cov’
    compute.Gamma.fixed.x: no visible global function definition for ‘cov’
    compute.Gamma1: no visible global function definition for ‘cov’
    ctr_pml_plrt: no visible global function definition for ‘pchisq’
    ctr_pml_plrt_nested: no visible global function definition for ‘pchisq’
    ctr_pml_plrt_nested2: no visible global function definition for
     ‘pchisq’
    derLtoTau: no visible global function definition for ‘pnorm’
    derLtoTau: no visible global function definition for ‘dnorm’
    dnorm_dmu: no visible global function definition for ‘dnorm’
    dnorm_dsigma2: no visible global function definition for ‘dnorm’
    dnorm_dy: no visible global function definition for ‘dnorm’
    estimate.moments.fiml: no visible global function definition for ‘cov’
    estimate.moments.fiml: no visible global function definition for
     ‘nlminb’
    estimator.FIML: no visible global function definition for
     ‘weighted.mean’
    fitMeasures: no visible global function definition for ‘is’
    fitMeasures : lower.lambda: no visible global function definition for
     ‘pchisq’
    fitMeasures: no visible global function definition for ‘uniroot’
    fitMeasures : upper.lambda: no visible global function definition for
     ‘pchisq’
    fitMeasures: no visible global function definition for ‘pchisq’
    fitMeasures: no visible global function definition for ‘cov2cor’
    fitMeasures: no visible global function definition for ‘qchisq’
    fitmeasures: no visible global function definition for ‘is’
    fitmeasures : lower.lambda: no visible global function definition for
     ‘pchisq’
    fitmeasures: no visible global function definition for ‘uniroot’
    fitmeasures : upper.lambda: no visible global function definition for
     ‘pchisq’
    fitmeasures: no visible global function definition for ‘pchisq’
    fitmeasures: no visible global function definition for ‘cov2cor’
    fitmeasures: no visible global function definition for ‘qchisq’
    hessian.MVN.saturated: no visible global function definition for ‘cov’
    lavCor: no visible global function definition for ‘cov2cor’
    lavCor: no visible binding for global variable ‘cov2cor’
    lavData: no visible global function definition for ‘new’
    lavExport: no visible global function definition for ‘write.table’
    lavParTable: no visible global function definition for ‘str’
    lavParseModelString: no visible global function definition for
     ‘as.formula’
    lavRefML: no visible global function definition for ‘new’
    lavRefModel: no visible global function definition for ‘new’
    lavRefOLS: no visible global function definition for ‘new’
    lavRefOptim: no visible global function definition for ‘new’
    lavRefProbit: no visible global function definition for ‘new’
    lavTestLRT: no visible binding for global variable ‘is’
    lavTestLRT : <anonymous>: no visible global function definition for
     ‘slot’
    lavTestLRT: no visible global function definition for ‘pchisq’
    lavTestScore: no visible global function definition for ‘pchisq’
    lavTestWald: no visible global function definition for ‘pchisq’
    lav_constraints_check_linear: no visible global function definition for
     ‘rnorm’
    lav_constraints_linear_idx: no visible global function definition for
     ‘rnorm’
    lav_constraints_nonlinear_idx: no visible global function definition
     for ‘rnorm’
    lav_data_full: no visible global function definition for
     ‘complete.cases’
    lav_data_full: no visible global function definition for ‘new’
    lav_fleishman1978: no visible global function definition for ‘nlminb’
    lav_fleishman1978: no visible global function definition for ‘rnorm’
    lav_model: no visible global function definition for ‘new’
    lav_model: no visible global function definition for ‘str’
    lav_model_estimate: no visible global function definition for ‘optim’
    lav_model_estimate: no visible global function definition for
     ‘modifyList’
    lav_model_estimate: no visible global function definition for ‘nlminb’
    lav_model_fit: no visible global function definition for ‘cov’
    lav_model_fit: no visible global function definition for ‘new’
    lav_model_gradient_mml: no visible global function definition for
     ‘dnorm’
    lav_model_nvcov_bootstrap: no visible global function definition for
     ‘cov’
    lav_model_objective: no visible global function definition for
     ‘weighted.mean’
    lav_model_test: no visible global function definition for ‘pchisq’
    lav_object_inspect_cov_all: no visible global function definition for
     ‘cov2cor’
    lav_object_inspect_cov_lv: no visible global function definition for
     ‘cov2cor’
    lav_object_inspect_cov_ov: no visible global function definition for
     ‘cov2cor’
    lav_object_inspect_theta: no visible global function definition for
     ‘cov2cor’
    lav_options_set: no visible global function definition for ‘str’
    lav_partable_from_lm: no visible global function definition for ‘terms’
    lav_predict_eta_ebm: no visible global function definition for ‘nlminb’
    lav_predict_eta_ebm: no visible global function definition for ‘optim’
    lav_predict_fy_eta.i: no visible global function definition for ‘dnorm’
    lav_predict_fy_eta.i: no visible global function definition for ‘pnorm’
    lav_predict_fy_internal: no visible global function definition for
     ‘dnorm’
    lav_predict_fy_internal: no visible global function definition for
     ‘pnorm’
    lav_predict_fy_internal: no visible global function definition for
     ‘plogis’
    lav_samplestats_Gamma: no visible global function definition for ‘cov’
    lav_samplestats_from_data: no visible global function definition for
     ‘new’
    lav_samplestats_from_moments: no visible global function definition for
     ‘new’
    lav_tables_mvb_Lr: no visible global function definition for ‘pchisq’
    lav_tables_oneway : <anonymous>: no visible global function definition
     for ‘pnorm’
    lav_tables_oneway : <anonymous>: no visible global function definition
     for ‘qnorm’
    lav_tables_pairwise_table: no visible global function definition for
     ‘pchisq’
    lav_test_satorra_bentler: no visible global function definition for
     ‘pchisq’
    lavaan: no visible global function definition for ‘str’
    lavaan: no visible global function definition for ‘new’
    lavaan: no visible global function definition for ‘lm.fit’
    lavaanify: no visible global function definition for ‘str’
    logl.MVN.complete: no visible global function definition for ‘cov’
    modificationIndices: no visible global function definition for ‘pchisq’
    modificationIndices: no visible global function definition for ‘qchisq’
    modificationindices: no visible global function definition for ‘pchisq’
    modificationindices: no visible global function definition for ‘qchisq’
    modindices: no visible global function definition for ‘pchisq’
    modindices: no visible global function definition for ‘qchisq’
    muthen1984 : lav_crossprod_matrix: no visible global function
     definition for ‘combn’
    muthen1984: no visible global function definition for ‘cor’
    nlminb.constr: no visible global function definition for ‘modifyList’
    nlminb.constr: no visible global function definition for ‘nlminb’
    pairs.lavaan: no visible global function definition for ‘pairs’
    pairwiseExpProbVec: no visible global function definition for ‘pnorm’
    pairwiseTables: no visible global function definition for ‘na.omit’
    parameterEstimates: no visible global function definition for ‘pnorm’
    parameterEstimates: no visible global function definition for ‘qnorm’
    parameterEstimates : norm.inter: no visible global function definition
     for ‘qnorm’
    parameterestimates: no visible global function definition for ‘pnorm’
    parameterestimates: no visible global function definition for ‘qnorm’
    parameterestimates : norm.inter: no visible global function definition
     for ‘qnorm’
    pbinorm_dupper.x: no visible global function definition for ‘dnorm’
    pbinorm_dupper.x: no visible global function definition for ‘pnorm’
    pbinorm_dupper.y: no visible global function definition for ‘dnorm’
    pbinorm_dupper.y: no visible global function definition for ‘pnorm’
    pc_PI: no visible global function definition for ‘pnorm’
    pc_cor_TS: no visible global function definition for ‘cor’
    pc_cor_TS: no visible global function definition for ‘modifyList’
    pc_cor_TS: no visible global function definition for ‘nlminb’
    pc_cor_TS: no visible global function definition for ‘optim’
    pc_cor_gradient_noexo: no visible global function definition for
     ‘dnorm’
    pc_cor_gradient_noexo: no visible global function definition for
     ‘pnorm’
    pc_cor_scores: no visible global function definition for ‘dnorm’
    pc_cor_scores: no visible global function definition for ‘pnorm’
    pc_th: no visible global function definition for ‘qnorm’
    plot.InformativeTesting: no visible global function definition for
     ‘par’
    plot.InformativeTesting: no visible global function definition for
     ‘hist’
    plot.InformativeTesting: no visible global function definition for
     ‘axis’
    plot.InformativeTesting: no visible global function definition for
     ‘box’
    plot.InformativeTesting: no visible global function definition for
     ‘abline’
    plot.InformativeTesting: no visible global function definition for
     ‘quantile’
    pp_cor_TS: no visible global function definition for ‘nlminb’
    prelis.write.data: no visible global function definition for
     ‘write.table’
    ps_cor_TS : gradientFunction: no visible global function definition for
     ‘dnorm’
    ps_cor_TS : gradientFunction: no visible global function definition for
     ‘pnorm’
    ps_cor_TS: no visible global function definition for ‘cor’
    ps_cor_TS: no visible global function definition for ‘sd’
    ps_cor_TS: no visible global function definition for ‘dnorm’
    ps_cor_TS: no visible global function definition for ‘nlminb’
    ps_cor_TS: no visible global function definition for ‘optim’
    ps_cor_scores: no visible global function definition for ‘dnorm’
    ps_cor_scores: no visible global function definition for ‘pnorm’
    ps_lik: no visible global function definition for ‘pnorm’
    ps_lik: no visible global function definition for ‘dnorm’
    readMplusInputData: no visible global function definition for
     ‘read.table’
    short.summary: no visible global function definition for
     ‘packageDescription’
    simulateData: no visible global function definition for ‘runif’
    simulateData: no visible global function definition for ‘cov2cor’
    simulateData: no visible global function definition for ‘cov’
    simulateData: no visible binding for global variable ‘cov’
    standardizedSolution: no visible global function definition for ‘pnorm’
    standardizedsolution: no visible global function definition for ‘pnorm’
    anova,lavaan: no visible binding for global variable ‘is’
    residuals,lavaan: possible error in lav_model(lavpartable = augUser,
     start = object@Fit@est, representation =
     object@Options$representation, link = object@Options$link, debug =
     object@Options$debug): unused argument (start = object@Fit@est)
    residuals,lavaan: no visible global function definition for ‘cov2cor’
    summary,lavaan : print.estimate: no visible global function definition
     for ‘pnorm’
    Undefined global functions or variables:
     abline as.formula axis box combn complete.cases cor cov cov2cor dnorm
     hist is lm.fit modifyList na.omit new nlminb optim packageDescription
     pairs par pchisq plogis pnorm qchisq qnorm quantile read.table rnorm
     runif sd slot str terms uniroot var weighted.mean write.table
Flavors: r-devel-linux-x86_64-debian-clang, r-devel-linux-x86_64-debian-gcc, r-devel-linux-x86_64-fedora-clang, r-devel-linux-x86_64-fedora-gcc, r-devel-windows-ix86+x86_64

Version: 0.5-18
Check: R code for possible problems
Result: NOTE
    residuals,lavaan: possible error in lav_model(lavpartable = augUser,
     start = object@Fit@est, representation =
     object@Options$representation, link = object@Options$link, debug =
     object@Options$debug): unused argument (start = object@Fit@est)
Flavor: r-devel-osx-x86_64-clang