CRAN Package Check Results for Package lavaan

Last updated on 2014-07-24 23:48:17.

Flavor Version Tinstall Tcheck Ttotal Status Flags
r-devel-linux-x86_64-debian-clang 0.5-16 2.36 88.88 91.25 OK
r-devel-linux-x86_64-debian-gcc 0.5-16 2.41 90.00 92.41 OK
r-devel-linux-x86_64-fedora-clang 0.5-16 193.76 OK
r-devel-linux-x86_64-fedora-gcc 0.5-16 183.21 OK
r-devel-osx-x86_64-clang 0.5-16 143.69 OK
r-devel-windows-ix86+x86_64 0.5-16 7.00 111.00 118.00 OK
r-patched-linux-x86_64 0.5-16 2.46 88.30 90.76 OK
r-patched-solaris-sparc 0.5-16 1005.50 OK
r-patched-solaris-x86 0.5-16 191.30 OK
r-release-linux-ix86 0.5-16 3.15 109.91 113.06 OK
r-release-linux-x86_64 0.5-16 2.46 88.54 91.00 OK
r-release-osx-x86_64-mavericks 0.5-16 NOTE
r-release-osx-x86_64-snowleopard 0.5-16 OK
r-release-windows-ix86+x86_64 0.5-16 7.00 119.00 126.00 OK
r-oldrel-windows-ix86+x86_64 0.5-16 8.00 103.00 111.00 OK

Check Details

Version: 0.5-16
Check: package dependencies
Result: NOTE
    Package suggested but not available for checking: ‘simsem’
Flavor: r-release-osx-x86_64-mavericks