CRAN Package Check Results for Package lavaan

Last updated on 2014-04-18 20:48:01.

Flavor Version Tinstall Tcheck Ttotal Status Flags
r-devel-linux-x86_64-debian-clang 0.5-16 2.78 94.52 97.30 OK
r-devel-linux-x86_64-debian-gcc OK
r-devel-linux-x86_64-fedora-clang 0.5-16 185.08 OK
r-devel-linux-x86_64-fedora-gcc 0.5-16 176.71 OK
r-devel-macosx-x86_64-clang 0.5-16 144.07 OK
r-devel-macosx-x86_64-gcc 0.5-16 NOTE
r-devel-windows-ix86+x86_64 0.5-16 6.00 114.00 120.00 OK
r-patched-linux-x86_64 0.5-16 2.66 93.48 96.13 OK
r-patched-solaris-sparc 0.5-16 1005.50 OK
r-patched-solaris-x86 0.5-16 194.10 OK
r-release-linux-ix86 0.5-16 6.00 139.00 145.00 OK
r-release-linux-x86_64 0.5-16 2.56 91.95 94.52 OK
r-release-macosx-x86_64 0.5-16 OK
r-release-windows-ix86+x86_64 0.5-16 7.00 116.00 123.00 OK
r-oldrel-windows-ix86+x86_64 0.5-16 6.00 107.00 113.00 OK

Check Details

Version: 0.5-16
Check: package dependencies
Result: NOTE
    Packages suggested but not available for checking:
     ‘lavaan.survey’ ‘semPlot’ ‘semTools’ ‘simsem’
Flavor: r-devel-macosx-x86_64-gcc