CRAN Package Check Results for Package lavaan

Last updated on 2015-05-28 11:48:26.

Flavor Version Tinstall Tcheck Ttotal Status Flags
r-devel-linux-x86_64-debian-clang 0.5-18 2.25 88.93 91.18 OK
r-devel-linux-x86_64-debian-gcc 0.5-18 2.40 86.44 88.84 OK
r-devel-linux-x86_64-fedora-clang 0.5-18 165.40 OK
r-devel-linux-x86_64-fedora-gcc 0.5-18 153.29 OK
r-devel-osx-x86_64-clang 0.5-18 140.10 OK
r-devel-windows-ix86+x86_64 0.5-18 8.00 112.00 120.00 OK
r-patched-linux-x86_64 0.5-18 2.25 88.36 90.61 OK
r-patched-solaris-sparc 0.5-18 987.20 OK
r-patched-solaris-x86 0.5-18 178.20 OK
r-release-linux-x86_64 0.5-18 2.99 86.88 89.87 OK
r-release-osx-x86_64-mavericks 0.5-18 OK
r-release-osx-x86_64-snowleopard 0.5-18 NOTE
r-release-windows-ix86+x86_64 0.5-18 7.00 101.00 108.00 OK
r-oldrel-windows-ix86+x86_64 0.5-18 7.00 111.00 118.00 OK

Check Details

Version: 0.5-18
Check: package dependencies
Result: NOTE
    Packages suggested but not available for checking:
     ‘lavaan.survey’ ‘semPlot’
Flavor: r-release-osx-x86_64-snowleopard