CRAN Package Check Results for Package lavaan

Last updated on 2015-04-27 08:48:13.

Flavor Version Tinstall Tcheck Ttotal Status Flags
r-devel-linux-x86_64-debian-clang 0.5-18 3.40 90.54 93.94 OK
r-devel-linux-x86_64-debian-gcc 0.5-18 2.72 86.12 88.84 OK
r-devel-linux-x86_64-fedora-clang 0.5-18 165.12 OK
r-devel-linux-x86_64-fedora-gcc 0.5-18 151.59 OK
r-devel-osx-x86_64-clang 0.5-18 138.86 OK
r-devel-windows-ix86+x86_64 0.5-18 8.00 117.00 125.00 OK
r-patched-linux-x86_64 0.5-18 2.38 85.52 87.91 OK
r-patched-solaris-sparc 0.5-18 911.10 OK
r-patched-solaris-x86 0.5-18 176.60 OK
r-release-linux-x86_64 0.5-18 2.28 86.04 88.32 OK
r-release-osx-x86_64-mavericks 0.5-18 OK
r-release-osx-x86_64-snowleopard 0.5-18 NOTE
r-release-windows-ix86+x86_64 0.5-18 7.00 106.00 113.00 OK
r-oldrel-windows-ix86+x86_64 0.5-18 5.00 148.00 153.00 OK

Check Details

Version: 0.5-18
Check: package dependencies
Result: NOTE
    Packages suggested but not available for checking:
     ‘lavaan.survey’ ‘semPlot’
Flavor: r-release-osx-x86_64-snowleopard