CRAN Package Check Results for Package lavaan

Last updated on 2014-08-30 19:47:09.

Flavor Version Tinstall Tcheck Ttotal Status Flags
r-devel-linux-x86_64-debian-clang 0.5-16 3.59 80.47 84.06 OK
r-devel-linux-x86_64-debian-gcc 0.5-16 2.57 82.87 85.44 OK
r-devel-linux-x86_64-fedora-clang 0.5-16 169.96 OK
r-devel-linux-x86_64-fedora-gcc 0.5-16 162.08 OK
r-devel-osx-x86_64-clang 0.5-16 129.40 OK
r-devel-windows-ix86+x86_64 0.5-16 8.00 103.00 111.00 OK
r-patched-linux-x86_64 0.5-16 2.42 101.98 104.40 OK
r-patched-solaris-sparc 0.5-16 1005.20 OK
r-patched-solaris-x86 0.5-16 195.70 OK
r-release-linux-ix86 0.5-16 3.18 110.84 114.02 OK
r-release-linux-x86_64 0.5-16 2.47 88.59 91.06 OK
r-release-osx-x86_64-mavericks 0.5-16 NOTE
r-release-osx-x86_64-snowleopard 0.5-16 OK
r-release-windows-ix86+x86_64 0.5-16 6.00 120.00 126.00 OK
r-oldrel-windows-ix86+x86_64 0.5-16 8.00 119.00 127.00 OK

Check Details

Version: 0.5-16
Check: package dependencies
Result: NOTE
    Package suggested but not available for checking: ‘simsem’
Flavor: r-release-osx-x86_64-mavericks