CRAN Package Check Results for Package lavaan.shiny

Last updated on 2022-05-20 19:50:58 CEST.

Flavor Version Tinstall Tcheck Ttotal Status Flags
r-devel-linux-x86_64-debian-clang 1.2 20.91 176.53 197.44 NOTE
r-devel-linux-x86_64-debian-gcc 1.2 14.75 129.44 144.19 NOTE
r-devel-linux-x86_64-fedora-clang 1.2 239.68 NOTE
r-devel-linux-x86_64-fedora-gcc 1.2 235.16 NOTE
r-devel-windows-x86_64 1.2 25.00 170.00 195.00 NOTE
r-patched-linux-x86_64 1.2 18.60 163.32 181.92 NOTE
r-release-linux-x86_64 1.2 21.27 165.73 187.00 NOTE
r-release-macos-arm64 1.2 60.00 NOTE
r-release-macos-x86_64 1.2 107.00 NOTE
r-release-windows-x86_64 1.2 25.00 175.00 200.00 NOTE
r-oldrel-macos-arm64 1.2 69.00 NOTE
r-oldrel-macos-x86_64 1.2 123.00 NOTE
r-oldrel-windows-ix86+x86_64 1.2 46.00 174.00 220.00 NOTE

Check Details

Version: 1.2
Check: LazyData
Result: NOTE
     'LazyData' is specified without a 'data' directory
Flavors: r-devel-linux-x86_64-debian-clang, r-devel-linux-x86_64-debian-gcc, r-devel-linux-x86_64-fedora-clang, r-devel-linux-x86_64-fedora-gcc, r-devel-windows-x86_64, r-patched-linux-x86_64, r-release-linux-x86_64, r-release-macos-arm64, r-release-macos-x86_64, r-release-windows-x86_64, r-oldrel-macos-arm64, r-oldrel-macos-x86_64, r-oldrel-windows-ix86+x86_64