CRAN Package Check Results for Package lavaan.survey

Last updated on 2014-11-21 08:48:54.

Flavor Version Tinstall Tcheck Ttotal Status Flags
r-devel-linux-x86_64-debian-clang 1.1 3.84 51.68 55.52 NOTE
r-devel-linux-x86_64-debian-gcc 1.1 3.68 49.17 52.85 NOTE
r-devel-linux-x86_64-fedora-clang 1.1 129.51 NOTE
r-devel-linux-x86_64-fedora-gcc 1.1 122.40 NOTE
r-devel-osx-x86_64-clang 1.1 101.39 NOTE
r-devel-windows-ix86+x86_64 1.1 10.00 75.00 85.00 NOTE
r-patched-linux-x86_64 1.1 3.89 49.98 53.88 NOTE
r-patched-solaris-sparc 1.1 665.80 OK
r-patched-solaris-x86 1.1 163.80 NOTE
r-release-linux-ix86 1.1 4.49 60.08 64.56 NOTE
r-release-linux-x86_64 1.1 4.61 49.87 54.48 NOTE
r-release-osx-x86_64-mavericks 1.1 OK
r-release-osx-x86_64-snowleopard 1.1 OK
r-release-windows-ix86+x86_64 1.1 14.00 76.00 90.00 NOTE
r-oldrel-windows-ix86+x86_64 1.1 13.00 71.00 84.00 OK

Check Details

Version: 1.1
Check: R code for possible problems
Result: NOTE
    pval.pFsum: no visible global function definition for ‘degf’
Flavors: r-devel-linux-x86_64-debian-clang, r-devel-linux-x86_64-debian-gcc, r-devel-linux-x86_64-fedora-clang, r-devel-linux-x86_64-fedora-gcc, r-devel-osx-x86_64-clang, r-devel-windows-ix86+x86_64, r-patched-linux-x86_64, r-patched-solaris-x86, r-release-linux-ix86, r-release-linux-x86_64, r-release-windows-ix86+x86_64