CRAN Package Check Results for Package lavaan.survey

Last updated on 2016-09-29 05:48:25.

Flavor Version Tinstall Tcheck Ttotal Status Flags
r-devel-linux-x86_64-debian-clang 1.1.3 3.38 37.99 41.37 ERROR
r-devel-linux-x86_64-debian-gcc 1.1.3 3.46 37.58 41.04 ERROR
r-devel-linux-x86_64-fedora-clang 1.1.3 89.46 ERROR
r-devel-linux-x86_64-fedora-gcc 1.1.3 83.43 ERROR
r-devel-macos-x86_64-clang 1.1.3 64.72 ERROR
r-devel-windows-ix86+x86_64 1.1.3 12.00 100.00 112.00 ERROR
r-patched-linux-x86_64 1.1.3 3.58 38.21 41.80 ERROR
r-patched-solaris-sparc 1.1.3 494.10 ERROR
r-patched-solaris-x86 1.1.3 120.00 ERROR
r-release-linux-x86_64 1.1.3 3.54 38.95 42.49 ERROR
r-release-osx-x86_64-mavericks 1.1.3 OK
r-release-windows-ix86+x86_64 1.1.3 10.00 95.00 105.00 ERROR
r-oldrel-windows-ix86+x86_64 1.1.3 12.00 95.00 107.00 ERROR

Check Details

Version: 1.1.3
Check: tests
Result: ERROR
    Running the tests in ‘tests/testthat.R’ failed.
    Last 13 lines of output:
     > test_check("lavaan.survey")
     1. Failure: fitmeasures, estimates, and se's match (@test_multiple_group.R#30) -
     fitMeasures(fit.survey) not equal to structure(...).
     Lengths differ: 68 vs 60
    
    
     testthat results ================================================================
     OK: 16 SKIPPED: 4 FAILED: 1
     1. Failure: fitmeasures, estimates, and se's match (@test_multiple_group.R#30)
    
     Error: testthat unit tests failed
     In addition: Warning message:
     In lav_data_full(data = data, group = group, group.label = group.label, :
     lavaan WARNING: some observed variances are (at least) a factor 1000 times larger than others; use varTable(fit) to investigate
     Execution halted
Flavors: r-devel-linux-x86_64-debian-clang, r-devel-linux-x86_64-debian-gcc, r-devel-linux-x86_64-fedora-clang, r-devel-linux-x86_64-fedora-gcc, r-devel-macos-x86_64-clang, r-devel-windows-ix86+x86_64

Version: 1.1.3
Check: tests
Result: ERROR
    Running the tests in ‘tests/testthat.R’ failed.
    Last 13 lines of output:
     fitMeasures(fit.survey) not equal to structure(...).
     Lengths differ: 68 vs 60
    
    
     testthat results ================================================================
     OK: 16 SKIPPED: 4 FAILED: 1
     1. Failure: fitmeasures, estimates, and se's match (@test_multiple_group.R#30)
    
     Error: testthat unit tests failed
     In addition: Warning message:
     In lav_data_full(data = data, group = group, group.label = group.label, :
     lavaan WARNING: some observed variances are (at least) a factor 1000 times larger than others; use varTable(fit) to investigate
     Execution halted
Flavors: r-patched-linux-x86_64, r-patched-solaris-sparc, r-patched-solaris-x86, r-release-linux-x86_64, r-release-windows-ix86+x86_64, r-oldrel-windows-ix86+x86_64