CRAN Package Check Results for Package lavaan.survey

Last updated on 2015-06-30 22:47:22.

Flavor Version Tinstall Tcheck Ttotal Status Flags
r-devel-linux-x86_64-debian-clang 1.1 3.12 40.74 43.86 WARN
r-devel-linux-x86_64-debian-gcc 1.1 2.85 37.52 40.37 WARN
r-devel-linux-x86_64-fedora-clang 1.1 84.04 WARN
r-devel-linux-x86_64-fedora-gcc 1.1 80.64 WARN
r-devel-osx-x86_64-clang 1.1 73.93 WARN
r-devel-windows-ix86+x86_64 1.1 12.00 63.00 75.00 WARN
r-patched-linux-x86_64 1.1 3.01 37.91 40.92 WARN
r-patched-solaris-sparc 1.1 516.00 WARN
r-patched-solaris-x86 1.1 117.50 WARN
r-release-linux-x86_64 1.1 2.93 38.32 41.25 WARN
r-release-osx-x86_64-mavericks 1.1 WARN
r-release-windows-ix86+x86_64 1.1 12.00 61.00 73.00 WARN
r-oldrel-windows-ix86+x86_64 1.1 13.00 80.00 93.00 WARN

Check Details

Version: 1.1
Check: R code for possible problems
Result: NOTE
    get.residuals: no visible global function definition for ‘residuals’
    get.sample.nobs: no visible global function definition for ‘median’
    lavaan.survey: no visible global function definition for ‘as.formula’
    lavaan.survey: no visible global function definition for ‘cov’
    lavaan.survey: no visible global function definition for ‘vcov’
    pval.pFsum: no visible global function definition for ‘degf’
    pval.pFsum: no visible global function definition for ‘pf’
Flavors: r-devel-linux-x86_64-debian-clang, r-devel-linux-x86_64-debian-gcc, r-devel-linux-x86_64-fedora-clang, r-devel-linux-x86_64-fedora-gcc, r-devel-windows-ix86+x86_64

Version: 1.1
Check: examples
Result: WARN
    Found the following significant warnings:
    
     Warning: 'lavaan::duplicationMatrix' is deprecated.
     Warning: 'lavaan::duplicationMatrix' is deprecated.
     Warning: 'lavaan::duplicationMatrix' is deprecated.
     Warning: 'lavaan::duplicationMatrix' is deprecated.
     Warning: 'lavaan::duplicationMatrix' is deprecated.
     Warning: 'lavaan::duplicationMatrix' is deprecated.
     Warning: 'lavaan::duplicationMatrix' is deprecated.
    Deprecated functions may be defunct as soon as of the next release of
    R.
    See ?Deprecated.
Flavors: r-devel-linux-x86_64-debian-clang, r-devel-linux-x86_64-debian-gcc, r-devel-linux-x86_64-fedora-clang, r-devel-linux-x86_64-fedora-gcc, r-devel-osx-x86_64-clang, r-devel-windows-ix86+x86_64, r-patched-linux-x86_64, r-patched-solaris-sparc, r-patched-solaris-x86, r-release-linux-x86_64, r-release-osx-x86_64-mavericks, r-release-windows-ix86+x86_64, r-oldrel-windows-ix86+x86_64

Version: 1.1
Check: R code for possible problems
Result: NOTE
    pval.pFsum: no visible global function definition for ‘degf’
Flavors: r-devel-osx-x86_64-clang, r-patched-linux-x86_64, r-patched-solaris-sparc, r-patched-solaris-x86, r-release-linux-x86_64, r-release-osx-x86_64-mavericks, r-release-windows-ix86+x86_64, r-oldrel-windows-ix86+x86_64