CRAN Package Check Results for Package lavaan.survey

Last updated on 2014-09-03 08:53:32.

Flavor Version Tinstall Tcheck Ttotal Status Flags
r-devel-linux-x86_64-debian-clang 1.1 3.86 46.70 50.56 NOTE
r-devel-linux-x86_64-debian-gcc 1.1 3.72 44.78 48.50 NOTE
r-devel-linux-x86_64-fedora-clang 1.1 123.52 NOTE
r-devel-linux-x86_64-fedora-gcc 1.1 116.17 NOTE
r-devel-osx-x86_64-clang 1.1 92.89 NOTE
r-devel-windows-ix86+x86_64 1.1 11.00 70.00 81.00 NOTE
r-patched-linux-x86_64 1.1 4.08 47.82 51.90 OK
r-patched-solaris-sparc 1.1 665.80 OK
r-patched-solaris-x86 1.1 165.20 OK
r-release-linux-ix86 1.1 4.72 58.26 62.98 OK
r-release-linux-x86_64 1.1 3.96 51.62 55.58 OK
r-release-osx-x86_64-mavericks 1.1 OK
r-release-osx-x86_64-snowleopard 1.1 OK
r-release-windows-ix86+x86_64 1.1 12.00 76.00 88.00 OK
r-oldrel-windows-ix86+x86_64 1.1 12.00 65.00 77.00 OK

Check Details

Version: 1.1
Check: R code for possible problems
Result: NOTE
    pval.pFsum: no visible global function definition for ‘degf’
Flavors: r-devel-linux-x86_64-debian-clang, r-devel-linux-x86_64-debian-gcc, r-devel-linux-x86_64-fedora-clang, r-devel-linux-x86_64-fedora-gcc, r-devel-osx-x86_64-clang, r-devel-windows-ix86+x86_64