CRAN Package Check Results for Package lavaan.survey

Last updated on 2015-03-03 17:47:46.

Flavor Version Tinstall Tcheck Ttotal Status Flags
r-devel-linux-x86_64-debian-clang 1.1 3.06 43.52 46.58 NOTE
r-devel-linux-x86_64-debian-gcc 1.1 2.86 41.86 44.72 NOTE
r-devel-linux-x86_64-fedora-clang 1.1 93.89 NOTE
r-devel-linux-x86_64-fedora-gcc 1.1 91.95 NOTE
r-devel-osx-x86_64-clang 1.1 77.19 NOTE
r-devel-windows-ix86+x86_64 1.1 14.00 80.00 94.00 NOTE
r-patched-linux-x86_64 1.1 4.02 51.90 55.93 NOTE
r-patched-solaris-sparc 1.1 716.50 NOTE
r-patched-solaris-x86 1.1 173.40 NOTE
r-release-linux-ix86 1.1 4.48 64.65 69.13 NOTE
r-release-linux-x86_64 1.1 4.00 53.00 57.00 NOTE
r-release-osx-x86_64-mavericks 1.1 NOTE
r-release-osx-x86_64-snowleopard 1.1 OK
r-release-windows-ix86+x86_64 1.1 17.00 102.00 119.00 NOTE
r-oldrel-windows-ix86+x86_64 1.1 11.00 75.00 86.00 OK

Check Details

Version: 1.1
Check: R code for possible problems
Result: NOTE
    pval.pFsum: no visible global function definition for ‘degf’
Flavors: r-devel-linux-x86_64-debian-clang, r-devel-linux-x86_64-debian-gcc, r-devel-linux-x86_64-fedora-clang, r-devel-linux-x86_64-fedora-gcc, r-devel-osx-x86_64-clang, r-devel-windows-ix86+x86_64, r-patched-linux-x86_64, r-patched-solaris-sparc, r-patched-solaris-x86, r-release-linux-ix86, r-release-linux-x86_64, r-release-osx-x86_64-mavericks, r-release-windows-ix86+x86_64