CRAN Package Check Results for Package lavaan.survey

Last updated on 2015-04-27 23:47:28.

Flavor Version Tinstall Tcheck Ttotal Status Flags
r-devel-linux-x86_64-debian-clang 1.1 3.02 39.62 42.65 WARN
r-devel-linux-x86_64-debian-gcc 1.1 2.97 38.16 41.13 WARN
r-devel-linux-x86_64-fedora-clang 1.1 88.64 WARN
r-devel-linux-x86_64-fedora-gcc 1.1 81.70 WARN
r-devel-osx-x86_64-clang 1.1 72.39 WARN
r-devel-windows-ix86+x86_64 1.1 9.00 59.00 68.00 WARN
r-patched-linux-x86_64 1.1 2.96 39.94 42.90 WARN
r-patched-solaris-sparc 1.1 453.50 WARN
r-patched-solaris-x86 1.1 117.00 WARN
r-release-linux-x86_64 1.1 2.92 37.88 40.81 WARN
r-release-osx-x86_64-mavericks 1.1 WARN
r-release-osx-x86_64-snowleopard 1.1 ERROR
r-release-windows-ix86+x86_64 1.1 12.00 77.00 89.00 WARN
r-oldrel-windows-ix86+x86_64 1.1 11.00 87.00 98.00 WARN

Check Details

Version: 1.1
Check: R code for possible problems
Result: NOTE
    pval.pFsum: no visible global function definition for ‘degf’
Flavors: r-devel-linux-x86_64-debian-clang, r-devel-linux-x86_64-debian-gcc, r-devel-linux-x86_64-fedora-clang, r-devel-linux-x86_64-fedora-gcc, r-devel-osx-x86_64-clang, r-devel-windows-ix86+x86_64, r-patched-solaris-sparc, r-patched-solaris-x86, r-release-linux-x86_64, r-release-osx-x86_64-mavericks, r-release-windows-ix86+x86_64, r-oldrel-windows-ix86+x86_64

Version: 1.1
Check: examples
Result: WARN
    Found the following significant warnings:
    
     Warning: 'lavaan::duplicationMatrix' is deprecated.
     Warning: 'lavaan::duplicationMatrix' is deprecated.
     Warning: 'lavaan::duplicationMatrix' is deprecated.
     Warning: 'lavaan::duplicationMatrix' is deprecated.
     Warning: 'lavaan::duplicationMatrix' is deprecated.
     Warning: 'lavaan::duplicationMatrix' is deprecated.
     Warning: 'lavaan::duplicationMatrix' is deprecated.
    Deprecated functions may be defunct as soon as of the next release of
    R.
    See ?Deprecated.
Flavors: r-devel-linux-x86_64-debian-clang, r-devel-linux-x86_64-debian-gcc, r-devel-linux-x86_64-fedora-clang, r-devel-linux-x86_64-fedora-gcc, r-devel-osx-x86_64-clang, r-devel-windows-ix86+x86_64, r-patched-solaris-sparc, r-patched-solaris-x86, r-release-linux-x86_64, r-release-osx-x86_64-mavericks, r-release-windows-ix86+x86_64, r-oldrel-windows-ix86+x86_64

Version: 1.1
Check: package dependencies
Result: ERROR
    Package required but not available: ‘survey’
    
    See section ‘The DESCRIPTION file’ in the ‘Writing R Extensions’
    manual.
Flavor: r-release-osx-x86_64-snowleopard