CRAN Package Check Results for Package lavaan.survey

Last updated on 2015-05-22 15:46:36.

Flavor Version Tinstall Tcheck Ttotal Status Flags
r-devel-linux-x86_64-debian-clang 1.1 3.01 40.02 43.03 WARN
r-devel-linux-x86_64-debian-gcc 1.1 2.95 38.83 41.78 WARN
r-devel-linux-x86_64-fedora-gcc 1.1 85.35 WARN
r-devel-osx-x86_64-clang 1.1 74.13 WARN
r-devel-windows-ix86+x86_64 1.1 10.00 55.00 65.00 WARN
r-patched-linux-x86_64 1.1 3.35 38.47 41.82 WARN
r-patched-solaris-sparc 1.1 453.50 WARN
r-patched-solaris-x86 1.1 118.20 WARN
r-release-linux-x86_64 1.1 2.95 40.23 43.18 WARN
r-release-osx-x86_64-mavericks 1.1 WARN
r-release-osx-x86_64-snowleopard 1.1 ERROR
r-release-windows-ix86+x86_64 1.1 9.00 61.00 70.00 WARN
r-oldrel-windows-ix86+x86_64 1.1 12.00 67.00 79.00 WARN

Check Details

Version: 1.1
Check: R code for possible problems
Result: NOTE
    pval.pFsum: no visible global function definition for ‘degf’
Flavors: r-devel-linux-x86_64-debian-clang, r-devel-linux-x86_64-debian-gcc, r-devel-linux-x86_64-fedora-gcc, r-devel-osx-x86_64-clang, r-devel-windows-ix86+x86_64, r-patched-linux-x86_64, r-patched-solaris-sparc, r-patched-solaris-x86, r-release-linux-x86_64, r-release-osx-x86_64-mavericks, r-release-windows-ix86+x86_64, r-oldrel-windows-ix86+x86_64

Version: 1.1
Check: examples
Result: WARN
    Found the following significant warnings:
    
     Warning: 'lavaan::duplicationMatrix' is deprecated.
     Warning: 'lavaan::duplicationMatrix' is deprecated.
     Warning: 'lavaan::duplicationMatrix' is deprecated.
     Warning: 'lavaan::duplicationMatrix' is deprecated.
     Warning: 'lavaan::duplicationMatrix' is deprecated.
     Warning: 'lavaan::duplicationMatrix' is deprecated.
     Warning: 'lavaan::duplicationMatrix' is deprecated.
    Deprecated functions may be defunct as soon as of the next release of
    R.
    See ?Deprecated.
Flavors: r-devel-linux-x86_64-debian-clang, r-devel-linux-x86_64-debian-gcc, r-devel-linux-x86_64-fedora-gcc, r-devel-osx-x86_64-clang, r-devel-windows-ix86+x86_64, r-patched-linux-x86_64, r-patched-solaris-sparc, r-patched-solaris-x86, r-release-linux-x86_64, r-release-osx-x86_64-mavericks, r-release-windows-ix86+x86_64, r-oldrel-windows-ix86+x86_64

Version: 1.1
Check: package dependencies
Result: ERROR
    Package required but not available: ‘survey’
    
    See section ‘The DESCRIPTION file’ in the ‘Writing R Extensions’
    manual.
Flavor: r-release-osx-x86_64-snowleopard