CRAN Package Check Results for Package lavaan.survey

Last updated on 2014-08-27 22:47:14.

Flavor Version Tinstall Tcheck Ttotal Status Flags
r-devel-linux-x86_64-debian-clang 1.1 3.83 45.78 49.61 NOTE
r-devel-linux-x86_64-debian-gcc 1.1 3.75 45.58 49.33 NOTE
r-devel-linux-x86_64-fedora-clang 1.1 124.14 NOTE
r-devel-linux-x86_64-fedora-gcc 1.1 115.67 NOTE
r-devel-osx-x86_64-clang 1.1 92.49 NOTE
r-devel-windows-ix86+x86_64 1.1 10.00 79.00 89.00 NOTE
r-patched-linux-x86_64 1.1 3.87 48.08 51.95 OK
r-patched-solaris-sparc 1.1 665.80 OK
r-patched-solaris-x86 1.1 161.80 OK
r-release-linux-ix86 1.1 4.70 58.07 62.78 OK
r-release-linux-x86_64 1.1 3.93 48.57 52.50 OK
r-release-osx-x86_64-mavericks 1.1 OK
r-release-osx-x86_64-snowleopard 1.1 OK
r-release-windows-ix86+x86_64 1.1 11.00 71.00 82.00 OK
r-oldrel-windows-ix86+x86_64 1.1 10.00 69.00 79.00 OK

Check Details

Version: 1.1
Check: R code for possible problems
Result: NOTE
    pval.pFsum: no visible global function definition for ‘degf’
Flavors: r-devel-linux-x86_64-debian-clang, r-devel-linux-x86_64-debian-gcc, r-devel-linux-x86_64-fedora-clang, r-devel-linux-x86_64-fedora-gcc, r-devel-osx-x86_64-clang, r-devel-windows-ix86+x86_64