CRAN Package Check Results for Package lavaan.survey

Last updated on 2016-12-03 11:47:33.

Flavor Version Tinstall Tcheck Ttotal Status Flags
r-devel-linux-x86_64-debian-clang 1.1.3 3.70 58.77 62.47 ERROR
r-devel-linux-x86_64-debian-gcc 1.1.3 3.64 56.61 60.25 ERROR
r-devel-linux-x86_64-fedora-clang 1.1.3 132.12 ERROR --no-stop-on-test-error
r-devel-linux-x86_64-fedora-gcc 1.1.3 132.00 ERROR --no-stop-on-test-error
r-devel-macos-x86_64-clang 1.1.3 95.93 ERROR
r-devel-windows-ix86+x86_64 1.1.3 8.00 96.00 104.00 ERROR
r-patched-linux-x86_64 1.1.3 3.30 38.15 41.45 ERROR
r-patched-solaris-sparc 1.1.3 494.10 ERROR
r-patched-solaris-x86 1.1.3 118.70 ERROR
r-release-linux-x86_64 1.1.3 3.50 38.14 41.64 ERROR
r-release-osx-x86_64-mavericks 1.1.3 OK
r-release-windows-ix86+x86_64 1.1.3 10.00 100.00 110.00 ERROR
r-oldrel-windows-ix86+x86_64 1.1.3 11.00 99.00 110.00 ERROR

Check Details

Version: 1.1.3
Check: tests
Result: ERROR
    Running the tests in ‘tests/testthat.R’ failed.
    Last 13 lines of output:
     > test_check("lavaan.survey")
     1. Failure: fitmeasures, estimates, and se's match (@test_multiple_group.R#30) -
     fitMeasures(fit.survey) not equal to structure(...).
     Lengths differ: 68 vs 60
    
    
     testthat results ================================================================
     OK: 16 SKIPPED: 4 FAILED: 1
     1. Failure: fitmeasures, estimates, and se's match (@test_multiple_group.R#30)
    
     Error: testthat unit tests failed
     In addition: Warning message:
     In lav_data_full(data = data, group = group, group.label = group.label, :
     lavaan WARNING: some observed variances are (at least) a factor 1000 times larger than others; use varTable(fit) to investigate
     Execution halted
Flavors: r-devel-linux-x86_64-debian-clang, r-devel-linux-x86_64-debian-gcc, r-devel-macos-x86_64-clang, r-devel-windows-ix86+x86_64

Version: 1.1.3
Flags: --no-stop-on-test-error
Check: tests
Result: ERROR
    Running the tests in ‘tests/testthat.R’ failed.
    Last 13 lines of output:
     > test_check("lavaan.survey")
     1. Failure: fitmeasures, estimates, and se's match (@test_multiple_group.R#30) -
     fitMeasures(fit.survey) not equal to structure(...).
     Lengths differ: 68 vs 60
    
    
     testthat results ================================================================
     OK: 16 SKIPPED: 4 FAILED: 1
     1. Failure: fitmeasures, estimates, and se's match (@test_multiple_group.R#30)
    
     Error: testthat unit tests failed
     In addition: Warning message:
     In lav_data_full(data = data, group = group, group.label = group.label, :
     lavaan WARNING: some observed variances are (at least) a factor 1000 times larger than others; use varTable(fit) to investigate
     Execution halted
Flavors: r-devel-linux-x86_64-fedora-clang, r-devel-linux-x86_64-fedora-gcc

Version: 1.1.3
Check: tests
Result: ERROR
    Running the tests in ‘tests/testthat.R’ failed.
    Last 13 lines of output:
     fitMeasures(fit.survey) not equal to structure(...).
     Lengths differ: 68 vs 60
    
    
     testthat results ================================================================
     OK: 16 SKIPPED: 4 FAILED: 1
     1. Failure: fitmeasures, estimates, and se's match (@test_multiple_group.R#30)
    
     Error: testthat unit tests failed
     In addition: Warning message:
     In lav_data_full(data = data, group = group, group.label = group.label, :
     lavaan WARNING: some observed variances are (at least) a factor 1000 times larger than others; use varTable(fit) to investigate
     Execution halted
Flavors: r-patched-linux-x86_64, r-patched-solaris-sparc, r-patched-solaris-x86, r-release-linux-x86_64, r-release-windows-ix86+x86_64, r-oldrel-windows-ix86+x86_64