CRAN Package Check Results for Package lavaan.survey

Last updated on 2014-10-20 09:56:03.

Flavor Version Tinstall Tcheck Ttotal Status Flags
r-devel-linux-x86_64-debian-clang 1.1 3.80 51.50 55.30 NOTE
r-devel-linux-x86_64-debian-gcc 1.1 3.72 53.56 57.27 NOTE
r-devel-linux-x86_64-fedora-clang 1.1 133.34 NOTE
r-devel-linux-x86_64-fedora-gcc 1.1 122.67 NOTE
r-devel-osx-x86_64-clang 1.1 101.35 NOTE
r-devel-windows-ix86+x86_64 1.1 10.00 64.00 74.00 NOTE
r-patched-linux-x86_64 1.1 3.82 56.94 60.77 NOTE
r-patched-solaris-sparc 1.1 665.80 OK
r-patched-solaris-x86 1.1 163.60 NOTE
r-release-linux-ix86 1.1 5.33 62.91 68.24 OK
r-release-linux-x86_64 1.1 3.94 50.92 54.86 OK
r-release-osx-x86_64-mavericks 1.1 OK
r-release-osx-x86_64-snowleopard 1.1 OK
r-release-windows-ix86+x86_64 1.1 12.00 69.00 81.00 OK
r-oldrel-windows-ix86+x86_64 1.1 11.00 70.00 81.00 OK

Check Details

Version: 1.1
Check: R code for possible problems
Result: NOTE
    pval.pFsum: no visible global function definition for ‘degf’
Flavors: r-devel-linux-x86_64-debian-clang, r-devel-linux-x86_64-debian-gcc, r-devel-linux-x86_64-fedora-clang, r-devel-linux-x86_64-fedora-gcc, r-devel-osx-x86_64-clang, r-devel-windows-ix86+x86_64, r-patched-linux-x86_64, r-patched-solaris-x86