CRAN Package Check Results for Package lavaan.survey

Last updated on 2014-04-21 12:43:19.

Flavor Version Tinstall Tcheck Ttotal Status Flags
r-devel-linux-x86_64-debian-clang 1.1 4.20 48.22 52.42 OK
r-devel-linux-x86_64-debian-gcc 1.1 4.03 48.40 52.43 OK
r-devel-linux-x86_64-fedora-clang 1.1 125.57 OK
r-devel-linux-x86_64-fedora-gcc 1.1 123.55 OK
r-devel-osx-x86_64-clang 1.1 98.48 OK
r-devel-osx-x86_64-gcc 1.1 ERROR
r-devel-windows-ix86+x86_64 1.1 10.00 66.00 76.00 OK
r-patched-linux-x86_64 1.1 4.06 48.52 52.58 OK
r-patched-solaris-sparc 1.1 653.50 OK
r-patched-solaris-x86 1.1 159.50 OK
r-release-linux-x86_64 1.1 4.06 49.52 53.58 OK
r-release-osx-x86_64-mavericks 1.1 WARN
r-release-osx-x86_64-snowleopard 1.1 OK
r-release-windows-ix86+x86_64 1.1 14.00 70.00 84.00 OK
r-oldrel-windows-ix86+x86_64 1.1 11.00 67.00 78.00 OK

Check Details

Version: 1.1
Check: package dependencies
Result: ERROR
    Package required but not available: ‘survey’
    
    See the information on DESCRIPTION files in the chapter ‘Creating R
    packages’ of the ‘Writing R Extensions’ manual.
Flavor: r-devel-osx-x86_64-gcc

Version: 1.1
Check: PDF version of manual
Result: WARNING
    LaTeX errors when creating PDF version.
    This typically indicates Rd problems.
    LaTeX errors found:
    ! LaTeX Error: File `upquote.sty' not found.
    
    Type X to quit or <RETURN> to proceed,
    or enter new name. (Default extension: sty)
    
    17c0fd3/Rd2.tex:8: ==> Fatal error occurred, no output PDF file produced!
Flavor: r-release-osx-x86_64-mavericks