CRAN Package Check Results for Package lavaan.survey

Last updated on 2015-01-26 03:52:27.

Flavor Version Tinstall Tcheck Ttotal Status Flags
r-devel-linux-x86_64-debian-clang 1.1 3.46 47.84 51.31 NOTE
r-devel-linux-x86_64-debian-gcc 1.1 3.38 43.37 46.75 NOTE
r-devel-linux-x86_64-fedora-clang 1.1 122.91 NOTE
r-devel-linux-x86_64-fedora-gcc 1.1 121.49 NOTE
r-devel-osx-x86_64-clang 1.1 100.22 NOTE
r-devel-windows-ix86+x86_64 1.1 12.00 62.00 74.00 NOTE
r-patched-linux-x86_64 1.1 3.93 50.55 54.48 NOTE
r-patched-solaris-sparc 1.1 698.10 NOTE
r-patched-solaris-x86 1.1 166.60 NOTE
r-release-linux-ix86 1.1 4.63 60.36 64.98 NOTE
r-release-linux-x86_64 1.1 3.96 51.44 55.41 NOTE
r-release-osx-x86_64-mavericks 1.1 NOTE
r-release-osx-x86_64-snowleopard 1.1 OK
r-release-windows-ix86+x86_64 1.1 13.00 72.00 85.00 NOTE
r-oldrel-windows-ix86+x86_64 1.1 12.00 69.00 81.00 OK

Check Details

Version: 1.1
Check: R code for possible problems
Result: NOTE
    pval.pFsum: no visible global function definition for ‘degf’
Flavors: r-devel-linux-x86_64-debian-clang, r-devel-linux-x86_64-debian-gcc, r-devel-linux-x86_64-fedora-clang, r-devel-linux-x86_64-fedora-gcc, r-devel-osx-x86_64-clang, r-devel-windows-ix86+x86_64, r-patched-linux-x86_64, r-patched-solaris-sparc, r-patched-solaris-x86, r-release-linux-ix86, r-release-linux-x86_64, r-release-osx-x86_64-mavericks, r-release-windows-ix86+x86_64