CRAN Package Check Results for Package lavaan.survey

Last updated on 2014-12-21 09:51:29.

Flavor Version Tinstall Tcheck Ttotal Status Flags
r-devel-linux-x86_64-debian-clang 1.1 3.80 49.77 53.57 NOTE
r-devel-linux-x86_64-debian-gcc 1.1 3.58 47.13 50.71 NOTE
r-devel-linux-x86_64-fedora-clang 1.1 131.66 NOTE
r-devel-linux-x86_64-fedora-gcc 1.1 114.86 NOTE
r-devel-osx-x86_64-clang 1.1 100.38 NOTE
r-devel-windows-ix86+x86_64 1.1 10.00 69.00 79.00 NOTE
r-patched-linux-x86_64 1.1 3.86 49.95 53.81 NOTE
r-patched-solaris-sparc 1.1 665.80 OK
r-patched-solaris-x86 1.1 166.30 NOTE
r-release-linux-ix86 1.1 4.54 60.31 64.85 NOTE
r-release-linux-x86_64 1.1 3.90 49.66 53.56 NOTE
r-release-osx-x86_64-mavericks 1.1 OK
r-release-osx-x86_64-snowleopard 1.1 OK
r-release-windows-ix86+x86_64 1.1 11.00 71.00 82.00 NOTE
r-oldrel-windows-ix86+x86_64 1.1 11.00 69.00 80.00 OK

Check Details

Version: 1.1
Check: R code for possible problems
Result: NOTE
    pval.pFsum: no visible global function definition for ‘degf’
Flavors: r-devel-linux-x86_64-debian-clang, r-devel-linux-x86_64-debian-gcc, r-devel-linux-x86_64-fedora-clang, r-devel-linux-x86_64-fedora-gcc, r-devel-osx-x86_64-clang, r-devel-windows-ix86+x86_64, r-patched-linux-x86_64, r-patched-solaris-x86, r-release-linux-ix86, r-release-linux-x86_64, r-release-windows-ix86+x86_64