CRAN Package Check Results for Package lavaan.survey

Last updated on 2015-08-01 06:47:58.

Flavor Version Tinstall Tcheck Ttotal Status Flags
r-devel-linux-x86_64-debian-clang 1.1 2.92 39.78 42.69 WARN
r-devel-linux-x86_64-debian-gcc 1.1 2.94 38.12 41.05 WARN
r-devel-linux-x86_64-fedora-clang 1.1 87.26 WARN
r-devel-linux-x86_64-fedora-gcc 1.1 81.99 WARN
r-devel-osx-x86_64-clang 1.1 69.24 WARN
r-devel-windows-ix86+x86_64 1.1 11.00 65.00 76.00 WARN
r-patched-linux-x86_64 1.1 3.62 37.83 41.46 WARN
r-patched-solaris-sparc 1.1 530.60 WARN
r-patched-solaris-x86 1.1 120.00 WARN
r-release-linux-x86_64 1.1 2.90 37.77 40.68 WARN
r-release-osx-x86_64-mavericks 1.1 WARN
r-release-windows-ix86+x86_64 1.1 11.00 82.00 93.00 WARN
r-oldrel-windows-ix86+x86_64 1.1 11.00 88.00 99.00 WARN

Check Details

Version: 1.1
Check: R code for possible problems
Result: NOTE
    get.residuals: no visible global function definition for ‘residuals’
    get.sample.nobs: no visible global function definition for ‘median’
    lavaan.survey: no visible global function definition for ‘as.formula’
    lavaan.survey: no visible global function definition for ‘cov’
    lavaan.survey: no visible global function definition for ‘vcov’
    pval.pFsum: no visible global function definition for ‘degf’
    pval.pFsum: no visible global function definition for ‘pf’
    Undefined global functions or variables:
     as.formula cov degf median pf residuals vcov
    Consider adding
     importFrom("stats", "as.formula", "cov", "median", "pf", "residuals",
     "vcov")
    to your NAMESPACE.
Flavors: r-devel-linux-x86_64-debian-clang, r-devel-linux-x86_64-debian-gcc, r-devel-linux-x86_64-fedora-clang, r-devel-linux-x86_64-fedora-gcc, r-devel-windows-ix86+x86_64

Version: 1.1
Check: examples
Result: WARN
    Found the following significant warnings:
    
     Warning: 'lavaan::duplicationMatrix' is deprecated.
     Warning: 'lavaan::duplicationMatrix' is deprecated.
     Warning: 'lavaan::duplicationMatrix' is deprecated.
     Warning: 'lavaan::duplicationMatrix' is deprecated.
     Warning: 'lavaan::duplicationMatrix' is deprecated.
     Warning: 'lavaan::duplicationMatrix' is deprecated.
     Warning: 'lavaan::duplicationMatrix' is deprecated.
    Deprecated functions may be defunct as soon as of the next release of
    R.
    See ?Deprecated.
Flavors: r-devel-linux-x86_64-debian-clang, r-devel-linux-x86_64-debian-gcc, r-devel-linux-x86_64-fedora-clang, r-devel-linux-x86_64-fedora-gcc, r-devel-osx-x86_64-clang, r-devel-windows-ix86+x86_64, r-patched-linux-x86_64, r-patched-solaris-sparc, r-patched-solaris-x86, r-release-linux-x86_64, r-release-osx-x86_64-mavericks, r-release-windows-ix86+x86_64, r-oldrel-windows-ix86+x86_64

Version: 1.1
Check: R code for possible problems
Result: NOTE
    pval.pFsum: no visible global function definition for ‘degf’
    Undefined global functions or variables:
     degf
Flavor: r-devel-osx-x86_64-clang

Version: 1.1
Check: R code for possible problems
Result: NOTE
    pval.pFsum: no visible global function definition for ‘degf’
Flavors: r-patched-linux-x86_64, r-patched-solaris-sparc, r-patched-solaris-x86, r-release-linux-x86_64, r-release-osx-x86_64-mavericks, r-release-windows-ix86+x86_64, r-oldrel-windows-ix86+x86_64