CRAN Package Check Results for Package lawstat

Last updated on 2017-03-29 03:50:36.

Flavor Version Tinstall Tcheck Ttotal Status Flags
r-devel-linux-x86_64-debian-clang 3.1 4.00 59.72 63.73 OK
r-devel-linux-x86_64-debian-gcc 3.1 4.15 58.06 62.20 OK
r-devel-linux-x86_64-fedora-clang 3.1 162.85 OK --no-stop-on-test-error
r-devel-linux-x86_64-fedora-gcc 3.1 131.07 OK --no-stop-on-test-error
r-devel-macos-x86_64-clang 3.1 99.51 OK --no-stop-on-test-error
r-devel-windows-ix86+x86_64 3.1 12.00 111.00 123.00 WARN
r-patched-linux-x86_64 3.1 4.30 57.21 61.51 OK
r-patched-solaris-sparc 3.1 767.30 OK
r-patched-solaris-x86 3.1 188.80 OK
r-release-linux-x86_64 3.1 3.98 53.08 57.05 OK
r-release-osx-x86_64-mavericks 3.1 OK
r-release-windows-ix86+x86_64 3.1 16.00 136.00 152.00 OK
r-oldrel-windows-ix86+x86_64 3.1 14.00 101.00 115.00 OK

Check Details

Version: 3.1
Check: Rd cross-references
Result: WARN
    Warning in gzfile(file, "rb") :
     cannot open compressed file 'd:/RCompile/CRANpkg/lib/3.4/survival/Meta/Rd.rds', probable reason 'Permission denied'
    Error in gzfile(file, "rb") : cannot open the connection
    Calls: <Anonymous> -> lapply -> FUN -> readRDS -> gzfile
    Execution halted
Flavor: r-devel-windows-ix86+x86_64