CRAN Package Check Results for Package lawstat

Last updated on 2015-05-28 17:47:50.

Flavor Version Tinstall Tcheck Ttotal Status Flags
r-devel-linux-x86_64-debian-clang 2.5 2.16 38.20 40.36 OK
r-devel-linux-x86_64-debian-gcc 2.5 2.27 35.91 38.18 OK
r-devel-linux-x86_64-fedora-clang 2.5 83.44 OK
r-devel-linux-x86_64-fedora-gcc 2.5 78.32 OK
r-devel-osx-x86_64-clang 2.5 69.52 OK
r-devel-windows-ix86+x86_64 2.5 11.00 63.00 74.00 OK
r-patched-linux-x86_64 2.5 2.16 36.14 38.30 OK
r-patched-solaris-sparc 2.5 464.00 OK
r-patched-solaris-x86 2.5 106.10 OK
r-release-linux-x86_64 2.5 2.16 37.43 39.59 OK
r-release-osx-x86_64-mavericks 2.5 OK
r-release-osx-x86_64-snowleopard 2.5 ERROR
r-release-windows-ix86+x86_64 2.5 9.00 61.00 70.00 OK
r-oldrel-windows-ix86+x86_64 2.5 16.00 94.00 110.00 OK

Check Details

Version: 2.5
Check: package dependencies
Result: ERROR
    Package required but not available: ‘Hmisc’
    
    See section ‘The DESCRIPTION file’ in the ‘Writing R Extensions’
    manual.
Flavor: r-release-osx-x86_64-snowleopard