CRAN Package Check Results for Package lawstat

Last updated on 2020-08-15 15:46:55 CEST.

Flavor Version Tinstall Tcheck Ttotal Status Flags
r-devel-linux-x86_64-debian-clang 3.4 6.20 53.46 59.66 OK
r-devel-linux-x86_64-debian-gcc 3.4 4.66 42.78 47.44 OK
r-devel-linux-x86_64-fedora-clang 3.4 79.10 NOTE
r-devel-linux-x86_64-fedora-gcc 3.4 68.81 OK
r-devel-windows-ix86+x86_64 3.4 16.00 78.00 94.00 OK
r-patched-linux-x86_64 3.4 6.45 54.03 60.48 OK
r-patched-solaris-x86 3.4 101.30 OK
r-release-linux-x86_64 3.4 7.03 54.06 61.09 OK
r-release-macos-x86_64 3.4 OK
r-release-windows-ix86+x86_64 3.4 15.00 66.00 81.00 OK
r-oldrel-macos-x86_64 3.4 OK
r-oldrel-windows-ix86+x86_64 3.4 9.00 80.00 89.00 OK

Check Details

Version: 3.4
Check: Rd cross-references
Result: NOTE
    Undeclared packages ‘VGAM’, ‘tseries’ in Rd xrefs
Flavor: r-devel-linux-x86_64-fedora-clang