CRAN Package Check Results for Package lawstat

Last updated on 2014-12-18 23:47:52.

Flavor Version Tinstall Tcheck Ttotal Status Flags
r-devel-linux-x86_64-debian-clang 2.4.1 1.43 32.70 34.13 NOTE
r-devel-linux-x86_64-debian-gcc 2.4.1 1.41 32.68 34.09 NOTE
r-devel-linux-x86_64-fedora-clang 2.4.1 73.02 NOTE
r-devel-linux-x86_64-fedora-gcc 2.4.1 67.85 NOTE
r-devel-osx-x86_64-clang 2.4.1 62.71 NOTE
r-devel-windows-ix86+x86_64 2.4.1 8.00 45.00 53.00 NOTE
r-patched-linux-x86_64 2.4.1 1.44 32.31 33.76 NOTE
r-patched-solaris-sparc 2.4.1 424.50 NOTE
r-patched-solaris-x86 2.4.1 90.30 NOTE
r-release-linux-ix86 2.4.1 1.84 40.76 42.60 NOTE
r-release-linux-x86_64 2.4.1 1.44 32.84 34.28 NOTE
r-release-osx-x86_64-mavericks 2.4.1 OK
r-release-osx-x86_64-snowleopard 2.4.1 OK
r-release-windows-ix86+x86_64 2.4.1 5.00 50.00 55.00 NOTE
r-oldrel-windows-ix86+x86_64 2.4.1 5.00 50.00 55.00 OK

Check Details

Version: 2.4.1
Check: R code for possible problems
Result: NOTE
    lnested.test: no visible global function definition for ‘Kendall’
    lnested.test: no visible global function definition for ‘spearman.test’
    ltrend.test: no visible global function definition for ‘Kendall’
    ltrend.test: no visible global function definition for ‘spearman.test’
Flavors: r-devel-linux-x86_64-debian-clang, r-devel-linux-x86_64-debian-gcc, r-devel-linux-x86_64-fedora-clang, r-devel-linux-x86_64-fedora-gcc, r-devel-osx-x86_64-clang, r-devel-windows-ix86+x86_64, r-patched-linux-x86_64, r-patched-solaris-sparc, r-patched-solaris-x86, r-release-linux-ix86, r-release-linux-x86_64, r-release-windows-ix86+x86_64