CRAN Package Check Results for Package lawstat

Last updated on 2022-01-27 06:48:38 CET.

Flavor Version Tinstall Tcheck Ttotal Status Flags
r-devel-linux-x86_64-debian-clang 3.4 6.37 61.43 67.80 OK
r-devel-linux-x86_64-debian-gcc 3.4 5.55 46.33 51.88 OK
r-devel-linux-x86_64-fedora-clang 3.4 85.35 NOTE
r-devel-linux-x86_64-fedora-gcc 3.4 70.22 OK
r-devel-windows-x86_64-new-UL 3.4 45.00 86.00 131.00 OK
r-devel-windows-x86_64-new-TK 3.4 OK
r-patched-linux-x86_64 3.4 5.74 57.75 63.49 OK
r-release-linux-x86_64 3.4 6.85 58.42 65.27 OK
r-release-macos-arm64 3.4 OK
r-release-macos-x86_64 3.4 OK
r-release-windows-ix86+x86_64 3.4 11.00 71.00 82.00 OK
r-oldrel-macos-x86_64 3.4 OK
r-oldrel-windows-ix86+x86_64 3.4 11.00 70.00 81.00 OK

Check Details

Version: 3.4
Check: Rd cross-references
Result: NOTE
    Undeclared packages ‘VGAM’, ‘tseries’ in Rd xrefs
Flavor: r-devel-linux-x86_64-fedora-clang