CRAN Package Check Results for Package lawstat

Last updated on 2014-11-27 21:46:34.

Flavor Version Tinstall Tcheck Ttotal Status Flags
r-devel-linux-x86_64-debian-clang 2.4.1 1.42 32.34 33.76 NOTE
r-devel-linux-x86_64-debian-gcc 2.4.1 1.83 30.76 32.59 NOTE
r-devel-linux-x86_64-fedora-clang 2.4.1 73.68 NOTE
r-devel-linux-x86_64-fedora-gcc 2.4.1 81.30 NOTE
r-devel-osx-x86_64-clang 2.4.1 62.65 NOTE
r-devel-windows-ix86+x86_64 2.4.1 5.00 45.00 50.00 NOTE
r-patched-linux-x86_64 2.4.1 1.53 32.27 33.80 NOTE
r-patched-solaris-sparc 2.4.1 424.50 NOTE
r-patched-solaris-x86 2.4.1 89.00 NOTE
r-release-linux-ix86 2.4.1 1.85 40.68 42.54 NOTE
r-release-linux-x86_64 2.4.1 1.44 32.82 34.26 NOTE
r-release-osx-x86_64-mavericks 2.4.1 OK
r-release-osx-x86_64-snowleopard 2.4.1 OK
r-release-windows-ix86+x86_64 2.4.1 5.00 53.00 58.00 NOTE
r-oldrel-windows-ix86+x86_64 2.4.1 5.00 54.00 59.00 OK

Check Details

Version: 2.4.1
Check: R code for possible problems
Result: NOTE
    lnested.test: no visible global function definition for ‘Kendall’
    lnested.test: no visible global function definition for ‘spearman.test’
    ltrend.test: no visible global function definition for ‘Kendall’
    ltrend.test: no visible global function definition for ‘spearman.test’
Flavors: r-devel-linux-x86_64-debian-clang, r-devel-linux-x86_64-debian-gcc, r-devel-linux-x86_64-fedora-clang, r-devel-linux-x86_64-fedora-gcc, r-devel-osx-x86_64-clang, r-devel-windows-ix86+x86_64, r-patched-linux-x86_64, r-patched-solaris-sparc, r-patched-solaris-x86, r-release-linux-ix86, r-release-linux-x86_64, r-release-windows-ix86+x86_64