CRAN Package Check Results for Package lawstat

Last updated on 2014-04-23 07:55:01.

Flavor Version Tinstall Tcheck Ttotal Status Flags
r-devel-linux-x86_64-debian-clang 2.4.1 1.64 35.74 37.38 OK
r-devel-linux-x86_64-debian-gcc 2.4.1 1.50 35.59 37.08 OK
r-devel-linux-x86_64-fedora-clang 2.4.1 76.61 OK
r-devel-linux-x86_64-fedora-gcc 2.4.1 74.67 OK
r-devel-osx-x86_64-clang 2.4.1 65.02 OK
r-devel-osx-x86_64-gcc 2.4.1 ERROR
r-devel-windows-ix86+x86_64 2.4.1 4.00 51.00 55.00 OK
r-patched-linux-x86_64 2.4.1 1.56 35.85 37.41 OK
r-patched-solaris-sparc 2.4.1 428.40 OK
r-patched-solaris-x86 2.4.1 96.00 OK
r-release-linux-ix86 2.4.1 2.00 58.00 60.00 OK
r-release-linux-x86_64 2.4.1 1.50 35.70 37.20 OK
r-release-osx-x86_64-mavericks 2.4.1 WARN
r-release-osx-x86_64-snowleopard 2.4.1 OK
r-release-windows-ix86+x86_64 2.4.1 5.00 49.00 54.00 OK
r-oldrel-windows-ix86+x86_64 2.4.1 6.00 62.00 68.00 OK

Check Details

Version: 2.4.1
Check: package dependencies
Result: NOTE
    Package suggested but not available for checking: ‘Hmisc’
Flavor: r-devel-osx-x86_64-gcc

Version: 2.4.1
Check: R code for possible problems
Result: NOTE
    lnested.test: no visible global function definition for ‘spearman.test’
    ltrend.test: no visible global function definition for ‘spearman.test’
Flavor: r-devel-osx-x86_64-gcc

Version: 2.4.1
Check: examples
Result: ERROR
    Running examples in ‘lawstat-Ex.R’ failed
    The error most likely occurred in:
    
    > ### Name: lnested.test
    > ### Title: Test for a monotonic trend in variances
    > ### Aliases: lnested.test
    > ### Keywords: htest
    >
    > ### ** Examples
    >
    >
    > library(Hmisc)
    Error in library(Hmisc) : there is no package called ‘Hmisc’
    Execution halted
Flavor: r-devel-osx-x86_64-gcc

Version: 2.4.1
Check: PDF version of manual
Result: WARNING
    LaTeX errors when creating PDF version.
    This typically indicates Rd problems.
    LaTeX errors found:
    ! LaTeX Error: File `upquote.sty' not found.
    
    Type X to quit or <RETURN> to proceed,
    or enter new name. (Default extension: sty)
    
    cab05af/Rd2.tex:8: ==> Fatal error occurred, no output PDF file produced!
Flavor: r-release-osx-x86_64-mavericks