CRAN Package Check Results for Package lawstat

Last updated on 2014-09-02 15:48:59.

Flavor Version Tinstall Tcheck Ttotal Status Flags
r-devel-linux-x86_64-debian-clang 2.4.1 1.42 31.48 32.89 NOTE
r-devel-linux-x86_64-debian-gcc 2.4.1 1.51 30.45 31.96 NOTE
r-devel-linux-x86_64-fedora-clang 2.4.1 72.53 NOTE
r-devel-linux-x86_64-fedora-gcc 2.4.1 68.72 NOTE
r-devel-osx-x86_64-clang 2.4.1 58.61 NOTE
r-devel-windows-ix86+x86_64 2.4.1 5.00 50.00 55.00 NOTE
r-patched-linux-x86_64 2.4.1 1.56 34.58 36.14 OK
r-patched-solaris-sparc 2.4.1 430.00 OK
r-patched-solaris-x86 2.4.1 95.40 OK
r-release-linux-ix86 2.4.1 2.11 44.50 46.61 OK
r-release-linux-x86_64 2.4.1 1.49 34.25 35.74 OK
r-release-osx-x86_64-mavericks 2.4.1 OK
r-release-osx-x86_64-snowleopard 2.4.1 OK
r-release-windows-ix86+x86_64 2.4.1 5.00 50.00 55.00 OK
r-oldrel-windows-ix86+x86_64 2.4.1 5.00 56.00 61.00 OK

Check Details

Version: 2.4.1
Check: R code for possible problems
Result: NOTE
    lnested.test: no visible global function definition for ‘Kendall’
    lnested.test: no visible global function definition for ‘spearman.test’
    ltrend.test: no visible global function definition for ‘Kendall’
    ltrend.test: no visible global function definition for ‘spearman.test’
Flavors: r-devel-linux-x86_64-debian-clang, r-devel-linux-x86_64-debian-gcc, r-devel-linux-x86_64-fedora-clang, r-devel-linux-x86_64-fedora-gcc, r-devel-osx-x86_64-clang, r-devel-windows-ix86+x86_64