CRAN Package Check Results for Package lawstat

Last updated on 2014-08-28 06:46:45.

Flavor Version Tinstall Tcheck Ttotal Status Flags
r-devel-linux-x86_64-debian-clang 2.4.1 1.44 31.81 33.25 NOTE
r-devel-linux-x86_64-debian-gcc 2.4.1 1.39 30.38 31.77 NOTE
r-devel-linux-x86_64-fedora-clang 2.4.1 74.08 NOTE
r-devel-linux-x86_64-fedora-gcc 2.4.1 65.30 NOTE
r-devel-osx-x86_64-clang 2.4.1 59.42 NOTE
r-devel-windows-ix86+x86_64 2.4.1 5.00 53.00 58.00 NOTE
r-patched-linux-x86_64 2.4.1 1.45 33.82 35.27 OK
r-patched-solaris-sparc 2.4.1 430.00 OK
r-patched-solaris-x86 2.4.1 94.40 OK
r-release-linux-ix86 2.4.1 2.06 44.45 46.51 OK
r-release-linux-x86_64 2.4.1 1.61 34.87 36.48 OK
r-release-osx-x86_64-mavericks 2.4.1 OK
r-release-osx-x86_64-snowleopard 2.4.1 OK
r-release-windows-ix86+x86_64 2.4.1 5.00 49.00 54.00 OK
r-oldrel-windows-ix86+x86_64 2.4.1 5.00 55.00 60.00 OK

Check Details

Version: 2.4.1
Check: R code for possible problems
Result: NOTE
    lnested.test: no visible global function definition for ‘Kendall’
    lnested.test: no visible global function definition for ‘spearman.test’
    ltrend.test: no visible global function definition for ‘Kendall’
    ltrend.test: no visible global function definition for ‘spearman.test’
Flavors: r-devel-linux-x86_64-debian-clang, r-devel-linux-x86_64-debian-gcc, r-devel-linux-x86_64-fedora-clang, r-devel-linux-x86_64-fedora-gcc, r-devel-osx-x86_64-clang, r-devel-windows-ix86+x86_64