CRAN Package Check Results for Package lazyWeave

Last updated on 2015-02-28 12:51:15.

Flavor Version Tinstall Tcheck Ttotal Status Flags
r-devel-linux-x86_64-debian-clang 2.2.5 1.76 26.24 28.00 NOTE
r-devel-linux-x86_64-debian-gcc 2.2.5 1.72 25.49 27.20 NOTE
r-devel-linux-x86_64-fedora-clang 2.2.5 56.94 NOTE
r-devel-linux-x86_64-fedora-gcc 2.2.5 54.72 NOTE
r-devel-osx-x86_64-clang 2.2.5 53.55 NOTE
r-devel-windows-ix86+x86_64 2.2.5 8.00 44.00 52.00 OK
r-patched-linux-x86_64 2.2.5 3.18 37.94 41.12 OK
r-patched-solaris-sparc 2.2.5 333.90 OK
r-patched-solaris-x86 2.2.5 105.10 OK
r-release-linux-ix86 2.2.5 2.84 48.74 51.58 OK
r-release-linux-x86_64 2.2.5 3.13 37.37 40.50 OK
r-release-osx-x86_64-mavericks 2.2.5 OK
r-release-osx-x86_64-snowleopard 2.2.5 OK
r-release-windows-ix86+x86_64 2.2.5 12.00 76.00 88.00 OK
r-oldrel-windows-ix86+x86_64 2.2.5 12.00 68.00 80.00 OK

Check Details

Version: 2.2.5
Check: S3 generic/method consistency
Result: NOTE
    Found the following apparent S3 methods exported but not registered:
     print.ctable
    See section ‘Registering S3 methods’ in the ‘Writing R Extensions’
    manual.
Flavors: r-devel-linux-x86_64-debian-clang, r-devel-linux-x86_64-debian-gcc, r-devel-linux-x86_64-fedora-clang, r-devel-linux-x86_64-fedora-gcc, r-devel-osx-x86_64-clang