CRAN Package Check Results for Package lazyWeave

Last updated on 2015-01-30 21:47:03.

Flavor Version Tinstall Tcheck Ttotal Status Flags
r-devel-linux-x86_64-debian-clang 2.2.5 1.27 21.23 22.50 NOTE
r-devel-linux-x86_64-debian-gcc 2.2.5 1.29 21.26 22.55 NOTE
r-devel-linux-x86_64-fedora-clang 2.2.5 52.33 NOTE
r-devel-linux-x86_64-fedora-gcc 2.2.5 47.04 NOTE
r-devel-osx-x86_64-clang 2.2.5 54.11 NOTE
r-devel-windows-ix86+x86_64 2.2.5 9.00 37.00 46.00 OK
r-patched-linux-x86_64 2.2.5 2.28 26.24 28.51 OK
r-patched-solaris-sparc 2.2.5 333.90 OK
r-patched-solaris-x86 2.2.5 72.20 OK
r-release-linux-ix86 2.2.5 1.91 33.76 35.68 OK
r-release-linux-x86_64 2.2.5 2.03 26.72 28.75 OK
r-release-osx-x86_64-mavericks 2.2.5 OK
r-release-osx-x86_64-snowleopard 2.2.5 OK
r-release-windows-ix86+x86_64 2.2.5 8.00 48.00 56.00 OK
r-oldrel-windows-ix86+x86_64 2.2.5 7.00 49.00 56.00 OK

Check Details

Version: 2.2.5
Check: S3 generic/method consistency
Result: NOTE
    Found the following apparent S3 methods exported but not registered:
     print.ctable
    See section ‘Registering S3 methods’ in the ‘Writing R Extensions’
    manual.
Flavors: r-devel-linux-x86_64-debian-clang, r-devel-linux-x86_64-debian-gcc, r-devel-linux-x86_64-fedora-clang, r-devel-linux-x86_64-fedora-gcc, r-devel-osx-x86_64-clang