CRAN Package Check Results for Package lazyWeave

Last updated on 2015-05-25 19:47:13.

Flavor Version Tinstall Tcheck Ttotal Status Flags
r-devel-linux-x86_64-debian-clang 2.2.5 1.83 27.64 29.47 NOTE
r-devel-linux-x86_64-debian-gcc 2.2.5 1.81 27.45 29.26 NOTE
r-devel-linux-x86_64-fedora-clang 2.2.5 57.44 NOTE
r-devel-linux-x86_64-fedora-gcc 2.2.5 56.87 NOTE
r-devel-osx-x86_64-clang 2.2.5 53.06 NOTE
r-devel-windows-ix86+x86_64 2.2.5 8.00 47.00 55.00 OK
r-patched-linux-x86_64 2.2.5 2.20 26.40 28.60 NOTE
r-patched-solaris-sparc 2.2.5 351.30 NOTE
r-patched-solaris-x86 2.2.5 79.40 NOTE
r-release-linux-x86_64 2.2.5 1.78 27.30 29.08 NOTE
r-release-osx-x86_64-mavericks 2.2.5 OK
r-release-osx-x86_64-snowleopard 2.2.5 ERROR
r-release-windows-ix86+x86_64 2.2.5 8.00 43.00 51.00 OK
r-oldrel-windows-ix86+x86_64 2.2.5 15.00 77.00 92.00 OK

Check Details

Version: 2.2.5
Check: S3 generic/method consistency
Result: NOTE
    Found the following apparent S3 methods exported but not registered:
     print.ctable
    See section ‘Registering S3 methods’ in the ‘Writing R Extensions’
    manual.
Flavors: r-devel-linux-x86_64-debian-clang, r-devel-linux-x86_64-debian-gcc, r-devel-linux-x86_64-fedora-clang, r-devel-linux-x86_64-fedora-gcc, r-devel-osx-x86_64-clang, r-patched-linux-x86_64, r-patched-solaris-sparc, r-patched-solaris-x86, r-release-linux-x86_64

Version: 2.2.5
Check: package dependencies
Result: ERROR
    Package required but not available: ‘Hmisc’
    
    See section ‘The DESCRIPTION file’ in the ‘Writing R Extensions’
    manual.
Flavor: r-release-osx-x86_64-snowleopard