CRAN Package Check Results for Package lazysf

Last updated on 2022-08-10 18:52:33 CEST.

Flavor Version Tinstall Tcheck Ttotal Status Flags
r-devel-linux-x86_64-debian-clang 0.1.0 9.40 71.81 81.21 NOTE
r-devel-linux-x86_64-debian-gcc 0.1.0 6.39 53.01 59.40 NOTE
r-devel-linux-x86_64-fedora-clang 0.1.0 102.20 NOTE
r-devel-linux-x86_64-fedora-gcc 0.1.0 100.81 NOTE
r-devel-windows-x86_64 0.1.0 23.00 97.00 120.00 NOTE
r-patched-linux-x86_64 0.1.0 9.95 65.31 75.26 NOTE
r-release-linux-x86_64 0.1.0 NOTE
r-release-macos-arm64 0.1.0 29.00 NOTE
r-release-macos-x86_64 0.1.0 54.00 NOTE
r-release-windows-x86_64 0.1.0 25.00 94.00 119.00 NOTE
r-oldrel-macos-arm64 0.1.0 36.00 NOTE
r-oldrel-macos-x86_64 0.1.0 52.00 NOTE
r-oldrel-windows-ix86+x86_64 0.1.0 21.00 91.00 112.00 NOTE

Check Details

Version: 0.1.0
Check: LazyData
Result: NOTE
     'LazyData' is specified without a 'data' directory
Flavors: r-devel-linux-x86_64-debian-clang, r-devel-linux-x86_64-debian-gcc, r-devel-linux-x86_64-fedora-clang, r-devel-linux-x86_64-fedora-gcc, r-devel-windows-x86_64, r-patched-linux-x86_64, r-release-linux-x86_64, r-release-macos-arm64, r-release-macos-x86_64, r-release-windows-x86_64, r-oldrel-macos-arm64, r-oldrel-macos-x86_64, r-oldrel-windows-ix86+x86_64