CRAN Package Check Results for Package lazytrade

Last updated on 2020-08-11 12:50:04 CEST.

Flavor Version Tinstall Tcheck Ttotal Status Flags
r-devel-linux-x86_64-debian-clang 0.3.10 7.42 46.28 53.70 OK
r-devel-linux-x86_64-debian-gcc 0.3.11 5.07 37.35 42.42 OK
r-devel-linux-x86_64-fedora-clang 0.3.11 74.15 OK
r-devel-linux-x86_64-fedora-gcc 0.3.11 66.24 OK
r-devel-windows-ix86+x86_64 0.3.11 16.00 87.00 103.00 OK
r-patched-linux-x86_64 0.3.10 4.86 45.39 50.25 OK
r-patched-solaris-x86 0.3.10 91.10 NOTE
r-release-linux-x86_64 0.3.11 5.16 47.62 52.78 OK
r-release-macos-x86_64 0.3.10 NOTE
r-release-windows-ix86+x86_64 0.3.10 18.00 85.00 103.00 OK
r-oldrel-macos-x86_64 0.3.10 NOTE
r-oldrel-windows-ix86+x86_64 0.3.10 10.00 54.00 64.00 OK

Check Details

Version: 0.3.10
Check: dependencies in R code
Result: NOTE
    Namespaces in Imports field not imported from:
     ‘ReinforcementLearning’ ‘ggplot2’ ‘grDevices’ ‘h2o’ ‘lubridate’
     ‘magrittr’ ‘openssl’ ‘readr’ ‘stringr’
     All declared Imports should be used.
Flavors: r-patched-solaris-x86, r-release-macos-x86_64, r-oldrel-macos-x86_64