CRAN Package Check Results for Package lba

Last updated on 2019-04-20 10:47:44 CEST.

Flavor Version Tinstall Tcheck Ttotal Status Flags
r-devel-linux-x86_64-debian-clang 2.4.4 11.57 66.83 78.40 NOTE
r-devel-linux-x86_64-debian-gcc 2.4.4 10.14 54.66 64.80 NOTE
r-devel-linux-x86_64-fedora-clang 2.4.4 89.79 NOTE
r-devel-linux-x86_64-fedora-gcc 2.4.4 86.94 NOTE
r-devel-windows-ix86+x86_64 2.4.4 30.00 76.00 106.00 NOTE
r-patched-linux-x86_64 2.4.4 10.12 67.69 77.81 NOTE
r-patched-solaris-x86 2.4.4 127.90 NOTE
r-release-linux-x86_64 2.4.4 9.14 62.26 71.40 NOTE
r-release-windows-ix86+x86_64 2.4.4 12.00 106.00 118.00 NOTE
r-release-osx-x86_64 2.4.4 OK
r-oldrel-windows-ix86+x86_64 2.4.4 11.00 107.00 118.00 NOTE
r-oldrel-osx-x86_64 2.4.4 OK

Check Details

Version: 2.4.4
Check: R code for possible problems
Result: NOTE
    plotcorr.lba.3d: warning in pch3d(colcoordi[, dim], pch = pch.budget,
     col = col.budget, ...): partial argument match of 'col' to 'color'
Flavors: r-devel-linux-x86_64-debian-clang, r-devel-linux-x86_64-debian-gcc, r-devel-linux-x86_64-fedora-clang, r-devel-linux-x86_64-fedora-gcc, r-devel-windows-ix86+x86_64, r-patched-linux-x86_64, r-patched-solaris-x86, r-release-linux-x86_64, r-release-windows-ix86+x86_64, r-oldrel-windows-ix86+x86_64