CRAN Package Check Results for Package lba

Last updated on 2019-08-18 04:46:15 CEST.

Flavor Version Tinstall Tcheck Ttotal Status Flags
r-devel-linux-x86_64-debian-clang 2.4.4 12.11 66.31 78.42 NOTE
r-devel-linux-x86_64-debian-gcc 2.4.4 10.08 52.97 63.05 NOTE
r-devel-linux-x86_64-fedora-clang 2.4.4 91.95 NOTE
r-devel-linux-x86_64-fedora-gcc 2.4.4 86.43 NOTE
r-devel-windows-ix86+x86_64 2.4.4 25.00 104.00 129.00 NOTE
r-patched-linux-x86_64 2.4.4 11.40 67.27 78.67 NOTE
r-patched-solaris-x86 2.4.4 135.90 NOTE
r-release-linux-x86_64 2.4.4 9.86 66.32 76.18 NOTE
r-release-windows-ix86+x86_64 2.4.4 21.00 107.00 128.00 NOTE
r-release-osx-x86_64 2.4.4 WARN
r-oldrel-windows-ix86+x86_64 2.4.4 19.00 104.00 123.00 NOTE
r-oldrel-osx-x86_64 2.4.4 OK

Check Details

Version: 2.4.4
Check: R code for possible problems
Result: NOTE
    plotcorr.lba.3d: warning in pch3d(colcoordi[, dim], pch = pch.budget,
     col = col.budget, ...): partial argument match of 'col' to 'color'
Flavors: r-devel-linux-x86_64-debian-clang, r-devel-linux-x86_64-debian-gcc, r-devel-linux-x86_64-fedora-clang, r-devel-linux-x86_64-fedora-gcc, r-devel-windows-ix86+x86_64, r-patched-linux-x86_64, r-patched-solaris-x86, r-release-linux-x86_64, r-release-windows-ix86+x86_64, r-release-osx-x86_64, r-oldrel-windows-ix86+x86_64

Version: 2.4.4
Check: whether package can be installed
Result: WARN
    Found the following significant warnings:
     Warning: 'rgl_init' failed, running with rgl.useNULL = TRUE
Flavor: r-release-osx-x86_64