CRAN Package Check Results for Package lbfgs

Last updated on 2019-06-27 12:54:22 CEST.

Flavor Version Tinstall Tcheck Ttotal Status Flags
r-devel-linux-x86_64-debian-clang 1.2.1 15.01 30.77 45.78 NOTE
r-devel-linux-x86_64-debian-gcc 1.2.1 11.65 25.40 37.05 NOTE
r-devel-linux-x86_64-fedora-clang 1.2.1 63.47 NOTE
r-devel-linux-x86_64-fedora-gcc 1.2.1 57.68 NOTE
r-devel-windows-ix86+x86_64 1.2.1 46.00 67.00 113.00 NOTE
r-patched-linux-x86_64 1.2.1 13.85 30.48 44.33 NOTE
r-patched-solaris-x86 1.2.1 78.60 NOTE
r-release-linux-x86_64 1.2.1 13.37 31.17 44.54 NOTE
r-release-windows-ix86+x86_64 1.2.1 35.00 87.00 122.00 NOTE
r-release-osx-x86_64 1.2.1 NOTE
r-oldrel-windows-ix86+x86_64 1.2.1 31.00 97.00 128.00 NOTE
r-oldrel-osx-x86_64 1.2.1 NOTE

Check Details

Version: 1.2.1
Check: R code for possible problems
Result: NOTE
    lbfgs: no visible global function definition for 'hasArg'
    Undefined global functions or variables:
     hasArg
    Consider adding
     importFrom("methods", "hasArg")
    to your NAMESPACE file (and ensure that your DESCRIPTION Imports field
    contains 'methods').
Flavors: r-devel-linux-x86_64-debian-clang, r-devel-linux-x86_64-debian-gcc, r-devel-linux-x86_64-fedora-clang, r-devel-linux-x86_64-fedora-gcc, r-devel-windows-ix86+x86_64, r-patched-linux-x86_64, r-patched-solaris-x86, r-release-linux-x86_64, r-release-windows-ix86+x86_64, r-release-osx-x86_64, r-oldrel-windows-ix86+x86_64, r-oldrel-osx-x86_64

Version: 1.2.1
Check: compiled code
Result: NOTE
    File ‘lbfgs/libs/lbfgs.so’:
     Found no calls to: ‘R_registerRoutines’, ‘R_useDynamicSymbols’
    
    It is good practice to register native routines and to disable symbol
    search.
    
    See ‘Writing portable packages’ in the ‘Writing R Extensions’ manual.
Flavors: r-devel-linux-x86_64-fedora-clang, r-devel-linux-x86_64-fedora-gcc