CRAN Package Check Results for Package lbfgs

Last updated on 2020-06-01 04:47:00 CEST.

Flavor Version Tinstall Tcheck Ttotal Status Flags
r-devel-linux-x86_64-debian-clang 1.2.1 21.57 33.06 54.63 NOTE
r-devel-linux-x86_64-debian-gcc 1.2.1 13.72 26.72 40.44 NOTE
r-devel-linux-x86_64-fedora-clang 1.2.1 78.01 NOTE
r-devel-linux-x86_64-fedora-gcc 1.2.1 63.35 NOTE
r-devel-windows-ix86+x86_64 1.2.1 49.00 102.00 151.00 NOTE
r-patched-linux-x86_64 1.2.1 13.99 33.16 47.15 NOTE
r-patched-solaris-x86 1.2.1 80.90 NOTE
r-release-linux-x86_64 1.2.1 14.99 32.87 47.86 NOTE
r-release-osx-x86_64 1.2.1 NOTE
r-release-windows-ix86+x86_64 1.2.1 36.00 92.00 128.00 NOTE
r-oldrel-osx-x86_64 1.2.1 NOTE
r-oldrel-windows-ix86+x86_64 1.2.1 81.00 73.00 154.00 NOTE

Check Details

Version: 1.2.1
Check: R code for possible problems
Result: NOTE
    lbfgs: no visible global function definition for 'hasArg'
    Undefined global functions or variables:
     hasArg
    Consider adding
     importFrom("methods", "hasArg")
    to your NAMESPACE file (and ensure that your DESCRIPTION Imports field
    contains 'methods').
Flavors: r-devel-linux-x86_64-debian-clang, r-devel-linux-x86_64-debian-gcc, r-devel-linux-x86_64-fedora-clang, r-devel-linux-x86_64-fedora-gcc, r-devel-windows-ix86+x86_64, r-patched-linux-x86_64, r-patched-solaris-x86, r-release-linux-x86_64, r-release-osx-x86_64, r-release-windows-ix86+x86_64, r-oldrel-osx-x86_64, r-oldrel-windows-ix86+x86_64

Version: 1.2.1
Check: compiled code
Result: NOTE
    File ‘lbfgs/libs/lbfgs.so’:
     Found no calls to: ‘R_registerRoutines’, ‘R_useDynamicSymbols’
    
    It is good practice to register native routines and to disable symbol
    search.
    
    See ‘Writing portable packages’ in the ‘Writing R Extensions’ manual.
Flavors: r-devel-linux-x86_64-fedora-clang, r-devel-linux-x86_64-fedora-gcc