CRAN Package Check Results for Package lbfgs

Last updated on 2019-09-18 20:46:53 CEST.

Flavor Version Tinstall Tcheck Ttotal Status Flags
r-devel-linux-x86_64-debian-clang 1.2.1 15.55 30.14 45.69 NOTE
r-devel-linux-x86_64-debian-gcc 1.2.1 10.98 24.73 35.71 NOTE
r-devel-linux-x86_64-fedora-clang 1.2.1 65.14 NOTE
r-devel-linux-x86_64-fedora-gcc 1.2.1 60.66 NOTE
r-devel-windows-ix86+x86_64 1.2.1 48.00 69.00 117.00 NOTE
r-patched-linux-x86_64 1.2.1 13.80 30.84 44.64 NOTE
r-patched-solaris-x86 1.2.1 76.50 NOTE
r-release-linux-x86_64 1.2.1 13.49 30.26 43.75 NOTE
r-release-windows-ix86+x86_64 1.2.1 30.00 64.00 94.00 NOTE
r-release-osx-x86_64 1.2.1 NOTE
r-oldrel-windows-ix86+x86_64 1.2.1 30.00 65.00 95.00 NOTE
r-oldrel-osx-x86_64 1.2.1 NOTE

Check Details

Version: 1.2.1
Check: R code for possible problems
Result: NOTE
    lbfgs: no visible global function definition for 'hasArg'
    Undefined global functions or variables:
     hasArg
    Consider adding
     importFrom("methods", "hasArg")
    to your NAMESPACE file (and ensure that your DESCRIPTION Imports field
    contains 'methods').
Flavors: r-devel-linux-x86_64-debian-clang, r-devel-linux-x86_64-debian-gcc, r-devel-linux-x86_64-fedora-clang, r-devel-linux-x86_64-fedora-gcc, r-devel-windows-ix86+x86_64, r-patched-linux-x86_64, r-patched-solaris-x86, r-release-linux-x86_64, r-release-windows-ix86+x86_64, r-release-osx-x86_64, r-oldrel-windows-ix86+x86_64, r-oldrel-osx-x86_64

Version: 1.2.1
Check: compiled code
Result: NOTE
    File ‘lbfgs/libs/lbfgs.so’:
     Found no calls to: ‘R_registerRoutines’, ‘R_useDynamicSymbols’
    
    It is good practice to register native routines and to disable symbol
    search.
    
    See ‘Writing portable packages’ in the ‘Writing R Extensions’ manual.
Flavors: r-devel-linux-x86_64-fedora-clang, r-devel-linux-x86_64-fedora-gcc