CRAN Package Check Results for Package lbfgs

Last updated on 2019-11-12 13:46:19 CET.

Flavor Version Tinstall Tcheck Ttotal Status Flags
r-devel-linux-x86_64-debian-clang 1.2.1 17.43 31.10 48.53 NOTE
r-devel-linux-x86_64-debian-gcc 1.2.1 11.89 25.27 37.16 NOTE
r-devel-linux-x86_64-fedora-clang 1.2.1 66.28 NOTE
r-devel-linux-x86_64-fedora-gcc 1.2.1 61.06 NOTE
r-devel-windows-ix86+x86_64 1.2.1 35.00 73.00 108.00 NOTE
r-patched-linux-x86_64 1.2.1 11.89 30.20 42.09 NOTE
r-patched-solaris-x86 1.2.1 75.70 NOTE
r-release-linux-x86_64 1.2.1 12.97 29.97 42.94 NOTE
r-release-windows-ix86+x86_64 1.2.1 63.00 69.00 132.00 NOTE
r-release-osx-x86_64 1.2.1 NOTE
r-oldrel-windows-ix86+x86_64 1.2.1 29.00 90.00 119.00 NOTE
r-oldrel-osx-x86_64 1.2.1 NOTE

Check Details

Version: 1.2.1
Check: R code for possible problems
Result: NOTE
    lbfgs: no visible global function definition for 'hasArg'
    Undefined global functions or variables:
     hasArg
    Consider adding
     importFrom("methods", "hasArg")
    to your NAMESPACE file (and ensure that your DESCRIPTION Imports field
    contains 'methods').
Flavors: r-devel-linux-x86_64-debian-clang, r-devel-linux-x86_64-debian-gcc, r-devel-linux-x86_64-fedora-clang, r-devel-linux-x86_64-fedora-gcc, r-devel-windows-ix86+x86_64, r-patched-linux-x86_64, r-patched-solaris-x86, r-release-linux-x86_64, r-release-windows-ix86+x86_64, r-release-osx-x86_64, r-oldrel-windows-ix86+x86_64, r-oldrel-osx-x86_64

Version: 1.2.1
Check: compiled code
Result: NOTE
    File ‘lbfgs/libs/lbfgs.so’:
     Found no calls to: ‘R_registerRoutines’, ‘R_useDynamicSymbols’
    
    It is good practice to register native routines and to disable symbol
    search.
    
    See ‘Writing portable packages’ in the ‘Writing R Extensions’ manual.
Flavors: r-devel-linux-x86_64-fedora-clang, r-devel-linux-x86_64-fedora-gcc