CRAN Package Check Results for Package lbiassurv

Last updated on 2014-12-19 10:48:33.

Flavor Version Tinstall Tcheck Ttotal Status Flags
r-devel-linux-x86_64-debian-clang 1.1 0.91 11.20 12.11 NOTE
r-devel-linux-x86_64-debian-gcc 1.1 0.89 10.83 11.72 NOTE
r-devel-linux-x86_64-fedora-clang 1.1 24.30 NOTE
r-devel-linux-x86_64-fedora-gcc 1.1 22.25 NOTE
r-devel-osx-x86_64-clang 1.1 25.71 NOTE
r-devel-windows-ix86+x86_64 1.1 4.00 25.00 29.00 NOTE
r-patched-linux-x86_64 1.1 0.89 11.09 11.98 NOTE
r-patched-solaris-sparc 1.1 174.60 NOTE
r-patched-solaris-x86 1.1 34.00 NOTE
r-release-linux-ix86 1.1 1.29 16.32 17.61 NOTE
r-release-linux-x86_64 1.1 0.90 11.44 12.34 NOTE
r-release-osx-x86_64-mavericks 1.1 OK
r-release-osx-x86_64-snowleopard 1.1 OK
r-release-windows-ix86+x86_64 1.1 6.00 25.00 31.00 NOTE
r-oldrel-windows-ix86+x86_64 1.1 6.00 25.00 31.00 OK

Check Details

Version: 1.1
Check: R code for possible problems
Result: NOTE
    lbfit.par : loglogistic.fit.optim : loglik.lb.loglogis: no visible
     global function definition for ‘pllogis’
Flavors: r-devel-linux-x86_64-debian-clang, r-devel-linux-x86_64-debian-gcc, r-devel-linux-x86_64-fedora-clang, r-devel-linux-x86_64-fedora-gcc, r-devel-osx-x86_64-clang, r-devel-windows-ix86+x86_64, r-patched-linux-x86_64, r-patched-solaris-sparc, r-patched-solaris-x86, r-release-linux-ix86, r-release-linux-x86_64, r-release-windows-ix86+x86_64