CRAN Package Check Results for Package lbiassurv

Last updated on 2014-10-23 11:49:32.

Flavor Version Tinstall Tcheck Ttotal Status Flags
r-devel-linux-x86_64-debian-clang 1.1 0.88 10.99 11.87 NOTE
r-devel-linux-x86_64-debian-gcc 1.1 0.86 10.98 11.85 NOTE
r-devel-linux-x86_64-fedora-clang 1.1 23.38 NOTE
r-devel-linux-x86_64-fedora-gcc 1.1 22.65 NOTE
r-devel-osx-x86_64-clang 1.1 26.15 NOTE
r-devel-windows-ix86+x86_64 1.1 4.00 22.00 26.00 NOTE
r-patched-linux-x86_64 1.1 0.89 11.02 11.92 NOTE
r-patched-solaris-sparc 1.1 174.60 NOTE
r-patched-solaris-x86 1.1 33.50 NOTE
r-release-linux-ix86 1.1 1.33 16.87 18.20 OK
r-release-linux-x86_64 1.1 0.86 10.72 11.59 OK
r-release-osx-x86_64-mavericks 1.1 OK
r-release-osx-x86_64-snowleopard 1.1 OK
r-release-windows-ix86+x86_64 1.1 5.00 24.00 29.00 OK
r-oldrel-windows-ix86+x86_64 1.1 5.00 24.00 29.00 OK

Check Details

Version: 1.1
Check: R code for possible problems
Result: NOTE
    lbfit.par : loglogistic.fit.optim : loglik.lb.loglogis: no visible
     global function definition for ‘pllogis’
Flavors: r-devel-linux-x86_64-debian-clang, r-devel-linux-x86_64-debian-gcc, r-devel-linux-x86_64-fedora-clang, r-devel-linux-x86_64-fedora-gcc, r-devel-osx-x86_64-clang, r-devel-windows-ix86+x86_64, r-patched-linux-x86_64, r-patched-solaris-sparc, r-patched-solaris-x86