CRAN Package Check Results for Package lbiassurv

Last updated on 2014-09-19 20:47:25.

Flavor Version Tinstall Tcheck Ttotal Status Flags
r-devel-linux-x86_64-debian-clang 1.1 0.78 10.48 11.26 NOTE
r-devel-linux-x86_64-debian-gcc 1.1 0.78 10.68 11.46 NOTE
r-devel-linux-x86_64-fedora-clang 1.1 23.05 NOTE
r-devel-linux-x86_64-fedora-gcc 1.1 21.59 NOTE
r-devel-osx-x86_64-clang 1.1 26.31 NOTE
r-devel-windows-ix86+x86_64 1.1 4.00 23.00 27.00 NOTE
r-patched-linux-x86_64 1.1 0.82 10.61 11.43 OK
r-patched-solaris-sparc 1.1 131.20 OK
r-patched-solaris-x86 1.1 31.30 OK
r-release-linux-ix86 1.1 1.28 16.79 18.06 OK
r-release-linux-x86_64 1.1 0.87 11.34 12.20 OK
r-release-osx-x86_64-mavericks 1.1 OK
r-release-osx-x86_64-snowleopard 1.1 OK
r-release-windows-ix86+x86_64 1.1 5.00 22.00 27.00 OK
r-oldrel-windows-ix86+x86_64 1.1 5.00 26.00 31.00 OK

Check Details

Version: 1.1
Check: R code for possible problems
Result: NOTE
    lbfit.par : loglogistic.fit.optim : loglik.lb.loglogis: no visible
     global function definition for ‘pllogis’
Flavors: r-devel-linux-x86_64-debian-clang, r-devel-linux-x86_64-debian-gcc, r-devel-linux-x86_64-fedora-clang, r-devel-linux-x86_64-fedora-gcc, r-devel-osx-x86_64-clang, r-devel-windows-ix86+x86_64