CRAN Package Check Results for Package lbiassurv

Last updated on 2015-05-06 10:47:23.

Flavor Version Tinstall Tcheck Ttotal Status Flags
r-devel-linux-x86_64-debian-clang 1.1 0.85 9.73 10.58 NOTE
r-devel-linux-x86_64-debian-gcc 1.1 0.84 9.50 10.33 NOTE
r-devel-linux-x86_64-fedora-clang 1.1 20.63 NOTE
r-devel-linux-x86_64-fedora-gcc 1.1 19.24 NOTE
r-devel-osx-x86_64-clang 1.1 23.55 NOTE
r-devel-windows-ix86+x86_64 1.1 5.00 21.00 26.00 NOTE
r-patched-linux-x86_64 1.1 0.80 16.71 17.51 NOTE
r-patched-solaris-sparc 1.1 122.40 NOTE
r-patched-solaris-x86 1.1 29.00 NOTE
r-release-linux-x86_64 1.1 0.80 10.10 10.90 NOTE
r-release-osx-x86_64-mavericks 1.1 NOTE
r-release-osx-x86_64-snowleopard 1.1 NOTE
r-release-windows-ix86+x86_64 1.1 5.00 24.00 29.00 NOTE
r-oldrel-windows-ix86+x86_64 1.1 6.00 36.00 42.00 NOTE

Check Details

Version: 1.1
Check: DESCRIPTION meta-information
Result: NOTE
    Malformed Title field: should not end in a period.
Flavors: r-devel-linux-x86_64-debian-clang, r-devel-linux-x86_64-debian-gcc, r-devel-linux-x86_64-fedora-clang, r-devel-linux-x86_64-fedora-gcc, r-devel-osx-x86_64-clang, r-devel-windows-ix86+x86_64, r-patched-linux-x86_64, r-patched-solaris-sparc, r-patched-solaris-x86, r-release-linux-x86_64, r-release-osx-x86_64-mavericks, r-release-osx-x86_64-snowleopard, r-release-windows-ix86+x86_64

Version: 1.1
Check: R code for possible problems
Result: NOTE
    lbfit.par : loglogistic.fit.optim : loglik.lb.loglogis: no visible
     global function definition for ‘pllogis’
Flavors: r-devel-linux-x86_64-debian-clang, r-devel-linux-x86_64-debian-gcc, r-devel-linux-x86_64-fedora-clang, r-devel-linux-x86_64-fedora-gcc, r-devel-osx-x86_64-clang, r-devel-windows-ix86+x86_64, r-patched-linux-x86_64, r-patched-solaris-sparc, r-patched-solaris-x86, r-release-linux-x86_64, r-release-osx-x86_64-mavericks, r-release-osx-x86_64-snowleopard, r-release-windows-ix86+x86_64, r-oldrel-windows-ix86+x86_64