CRAN Package Check Results for Package lbiassurv

Last updated on 2014-11-28 12:46:50.

Flavor Version Tinstall Tcheck Ttotal Status Flags
r-devel-linux-x86_64-debian-clang 1.1 0.86 11.06 11.92 NOTE
r-devel-linux-x86_64-debian-gcc 1.1 0.85 10.63 11.48 NOTE
r-devel-linux-x86_64-fedora-clang 1.1 25.01 NOTE
r-devel-linux-x86_64-fedora-gcc 1.1 26.18 NOTE
r-devel-osx-x86_64-clang 1.1 25.79 NOTE
r-devel-windows-ix86+x86_64 1.1 5.00 23.00 28.00 NOTE
r-patched-linux-x86_64 1.1 0.92 10.90 11.82 NOTE
r-patched-solaris-sparc 1.1 174.60 NOTE
r-patched-solaris-x86 1.1 32.80 NOTE
r-release-linux-ix86 1.1 1.28 16.40 17.68 NOTE
r-release-linux-x86_64 1.1 0.89 11.18 12.07 NOTE
r-release-osx-x86_64-mavericks 1.1 OK
r-release-osx-x86_64-snowleopard 1.1 OK
r-release-windows-ix86+x86_64 1.1 6.00 24.00 30.00 NOTE
r-oldrel-windows-ix86+x86_64 1.1 5.00 24.00 29.00 OK

Check Details

Version: 1.1
Check: R code for possible problems
Result: NOTE
    lbfit.par : loglogistic.fit.optim : loglik.lb.loglogis: no visible
     global function definition for ‘pllogis’
Flavors: r-devel-linux-x86_64-debian-clang, r-devel-linux-x86_64-debian-gcc, r-devel-linux-x86_64-fedora-clang, r-devel-linux-x86_64-fedora-gcc, r-devel-osx-x86_64-clang, r-devel-windows-ix86+x86_64, r-patched-linux-x86_64, r-patched-solaris-sparc, r-patched-solaris-x86, r-release-linux-ix86, r-release-linux-x86_64, r-release-windows-ix86+x86_64