CRAN Package Check Results for Package lbiassurv

Last updated on 2017-05-24 09:48:03.

Flavor Version Tinstall Tcheck Ttotal Status Flags
r-devel-linux-x86_64-debian-clang 1.1 0.90 12.01 12.90 NOTE
r-devel-linux-x86_64-debian-gcc 1.1 1.05 11.96 13.01 NOTE
r-devel-linux-x86_64-fedora-clang 1.1 21.63 NOTE --no-stop-on-test-error
r-devel-linux-x86_64-fedora-gcc 1.1 20.33 NOTE --no-stop-on-test-error
r-devel-windows-ix86+x86_64 1.1 5.00 53.00 58.00 NOTE
r-patched-linux-x86_64 1.1 1.05 11.59 12.63 NOTE
r-patched-solaris-sparc 1.1 130.30 NOTE
r-patched-solaris-x86 1.1 30.70 NOTE
r-release-linux-x86_64 1.1 0.91 11.73 12.63 NOTE
r-release-windows-ix86+x86_64 1.1 6.00 46.00 52.00 NOTE
r-release-osx-x86_64 1.1 NOTE
r-oldrel-windows-ix86+x86_64 1.1 8.00 51.00 59.00 NOTE
r-oldrel-osx-x86_64 1.1 NOTE

Check Details

Version: 1.1
Check: DESCRIPTION meta-information
Result: NOTE
    Malformed Title field: should not end in a period.
Flavors: r-devel-linux-x86_64-debian-clang, r-devel-linux-x86_64-debian-gcc, r-devel-windows-ix86+x86_64, r-patched-linux-x86_64, r-patched-solaris-sparc, r-patched-solaris-x86, r-release-linux-x86_64, r-release-windows-ix86+x86_64, r-release-osx-x86_64, r-oldrel-windows-ix86+x86_64, r-oldrel-osx-x86_64

Version: 1.1
Check: R code for possible problems
Result: NOTE
    lbfit.nonpar : fitnonpar: no visible global function definition for
     ‘stepfun’
    lbfit.nonpar : bootnonpar: no visible binding for global variable
     ‘quantile’
    lbfit.nonpar : bootnonpar: no visible binding for global variable ‘sd’
    lbfit.nonpar : bootnonpar: no visible global function definition for
     ‘qnorm’
    lbfit.nonpar : bootnonpar: no visible binding for global variable
     ‘median’
    lbfit.nonpar : bootnonpar: no visible global function definition for
     ‘stepfun’
    lbfit.par : weibull.fit.optim : loglik.lb.weibull: no visible global
     function definition for ‘dweibull’
    lbfit.par : weibull.fit.optim : loglik.lb.weibull: no visible global
     function definition for ‘pweibull’
    lbfit.par : weibull.fit.optim: no visible global function definition
     for ‘optim’
    lbfit.par : gamma.fit.optim : loglik.lb.gamma: no visible global
     function definition for ‘dgamma’
    lbfit.par : gamma.fit.optim : loglik.lb.gamma: no visible global
     function definition for ‘pgamma’
    lbfit.par : gamma.fit.optim: no visible global function definition for
     ‘optim’
    lbfit.par : exponential.fit.optim : loglik.lb.exp: no visible global
     function definition for ‘dweibull’
    lbfit.par : exponential.fit.optim : loglik.lb.exp: no visible global
     function definition for ‘pweibull’
    lbfit.par : exponential.fit.optim: no visible global function
     definition for ‘optim’
    lbfit.par : lognormal.fit.optim : loglik.lb.lognorm: no visible global
     function definition for ‘dlnorm’
    lbfit.par : lognormal.fit.optim : loglik.lb.lognorm: no visible global
     function definition for ‘plnorm’
    lbfit.par : lognormal.fit.optim: no visible global function definition
     for ‘optim’
    lbfit.par : loglogistic.fit.optim : loglik.lb.loglogis: no visible
     global function definition for ‘pllogis’
    lbfit.par : loglogistic.fit.optim: no visible global function
     definition for ‘optim’
    lbsample: no visible global function definition for ‘rexp’
    lbsample : lbsample.weibull: no visible global function definition for
     ‘rgamma’
    lbsample : lbsample.weibull: no visible global function definition for
     ‘runif’
    lbsample : lbsample.gamma: no visible global function definition for
     ‘rgamma’
    lbsample : lbsample.gamma: no visible global function definition for
     ‘runif’
    lbsample : lbsample.lognormal: no visible global function definition
     for ‘rnorm’
    lbsample : lbsample.lognormal: no visible global function definition
     for ‘runif’
    lbsample : lbsample.loglogistic: no visible global function definition
     for ‘rbeta’
    lbsample : lbsample.loglogistic: no visible global function definition
     for ‘runif’
    Undefined global functions or variables:
     dgamma dlnorm dweibull median optim pgamma pllogis plnorm pweibull
     qnorm quantile rbeta rexp rgamma rnorm runif sd stepfun
    Consider adding
     importFrom("stats", "dgamma", "dlnorm", "dweibull", "median", "optim",
     "pgamma", "plnorm", "pweibull", "qnorm", "quantile",
     "rbeta", "rexp", "rgamma", "rnorm", "runif", "sd",
     "stepfun")
    to your NAMESPACE file.
Flavors: r-devel-linux-x86_64-debian-clang, r-devel-linux-x86_64-debian-gcc, r-devel-windows-ix86+x86_64, r-patched-linux-x86_64, r-patched-solaris-sparc, r-patched-solaris-x86, r-release-linux-x86_64, r-release-windows-ix86+x86_64, r-release-osx-x86_64, r-oldrel-windows-ix86+x86_64, r-oldrel-osx-x86_64

Version: 1.1
Check: compiled code
Result: NOTE
    File ‘lbiassurv/libs/lbiassurv.so’:
     Found no calls to: ‘R_registerRoutines’, ‘R_useDynamicSymbols’
    
    It is good practice to register native routines and to disable symbol
    search.
    
    See ‘Writing portable packages’ in the ‘Writing R Extensions’ manual.
Flavors: r-devel-linux-x86_64-debian-clang, r-devel-linux-x86_64-debian-gcc, r-patched-linux-x86_64, r-release-linux-x86_64

Version: 1.1
Flags: --no-stop-on-test-error
Check: DESCRIPTION meta-information
Result: NOTE
    Malformed Title field: should not end in a period.
Flavors: r-devel-linux-x86_64-fedora-clang, r-devel-linux-x86_64-fedora-gcc

Version: 1.1
Flags: --no-stop-on-test-error
Check: R code for possible problems
Result: NOTE
    lbfit.nonpar : fitnonpar: no visible global function definition for
     ‘stepfun’
    lbfit.nonpar : bootnonpar: no visible binding for global variable
     ‘quantile’
    lbfit.nonpar : bootnonpar: no visible binding for global variable ‘sd’
    lbfit.nonpar : bootnonpar: no visible global function definition for
     ‘qnorm’
    lbfit.nonpar : bootnonpar: no visible binding for global variable
     ‘median’
    lbfit.nonpar : bootnonpar: no visible global function definition for
     ‘stepfun’
    lbfit.par : weibull.fit.optim : loglik.lb.weibull: no visible global
     function definition for ‘dweibull’
    lbfit.par : weibull.fit.optim : loglik.lb.weibull: no visible global
     function definition for ‘pweibull’
    lbfit.par : weibull.fit.optim: no visible global function definition
     for ‘optim’
    lbfit.par : gamma.fit.optim : loglik.lb.gamma: no visible global
     function definition for ‘dgamma’
    lbfit.par : gamma.fit.optim : loglik.lb.gamma: no visible global
     function definition for ‘pgamma’
    lbfit.par : gamma.fit.optim: no visible global function definition for
     ‘optim’
    lbfit.par : exponential.fit.optim : loglik.lb.exp: no visible global
     function definition for ‘dweibull’
    lbfit.par : exponential.fit.optim : loglik.lb.exp: no visible global
     function definition for ‘pweibull’
    lbfit.par : exponential.fit.optim: no visible global function
     definition for ‘optim’
    lbfit.par : lognormal.fit.optim : loglik.lb.lognorm: no visible global
     function definition for ‘dlnorm’
    lbfit.par : lognormal.fit.optim : loglik.lb.lognorm: no visible global
     function definition for ‘plnorm’
    lbfit.par : lognormal.fit.optim: no visible global function definition
     for ‘optim’
    lbfit.par : loglogistic.fit.optim : loglik.lb.loglogis: no visible
     global function definition for ‘pllogis’
    lbfit.par : loglogistic.fit.optim: no visible global function
     definition for ‘optim’
    lbsample: no visible global function definition for ‘rexp’
    lbsample : lbsample.weibull: no visible global function definition for
     ‘rgamma’
    lbsample : lbsample.weibull: no visible global function definition for
     ‘runif’
    lbsample : lbsample.gamma: no visible global function definition for
     ‘rgamma’
    lbsample : lbsample.gamma: no visible global function definition for
     ‘runif’
    lbsample : lbsample.lognormal: no visible global function definition
     for ‘rnorm’
    lbsample : lbsample.lognormal: no visible global function definition
     for ‘runif’
    lbsample : lbsample.loglogistic: no visible global function definition
     for ‘rbeta’
    lbsample : lbsample.loglogistic: no visible global function definition
     for ‘runif’
    Undefined global functions or variables:
     dgamma dlnorm dweibull median optim pgamma pllogis plnorm pweibull
     qnorm quantile rbeta rexp rgamma rnorm runif sd stepfun
    Consider adding
     importFrom("stats", "dgamma", "dlnorm", "dweibull", "median", "optim",
     "pgamma", "plnorm", "pweibull", "qnorm", "quantile",
     "rbeta", "rexp", "rgamma", "rnorm", "runif", "sd",
     "stepfun")
    to your NAMESPACE file.
Flavors: r-devel-linux-x86_64-fedora-clang, r-devel-linux-x86_64-fedora-gcc

Version: 1.1
Flags: --no-stop-on-test-error
Check: compiled code
Result: NOTE
    File ‘lbiassurv/libs/lbiassurv.so’:
     Found no calls to: ‘R_registerRoutines’, ‘R_useDynamicSymbols’
    
    It is good practice to register native routines and to disable symbol
    search.
    
    See ‘Writing portable packages’ in the ‘Writing R Extensions’ manual.
Flavors: r-devel-linux-x86_64-fedora-clang, r-devel-linux-x86_64-fedora-gcc