CRAN Package Check Results for Package lbiassurv

Last updated on 2014-08-28 00:47:04.

Flavor Version Tinstall Tcheck Ttotal Status Flags
r-devel-linux-x86_64-debian-clang 1.1 0.80 9.80 10.60 NOTE
r-devel-linux-x86_64-debian-gcc 1.1 0.79 10.38 11.17 NOTE
r-devel-linux-x86_64-fedora-clang 1.1 22.27 NOTE
r-devel-linux-x86_64-fedora-gcc 1.1 20.86 NOTE
r-devel-osx-x86_64-clang 1.1 24.09 NOTE
r-devel-windows-ix86+x86_64 1.1 4.00 25.00 29.00 NOTE
r-patched-linux-x86_64 1.1 0.84 10.22 11.06 OK
r-patched-solaris-sparc 1.1 131.20 OK
r-patched-solaris-x86 1.1 32.50 OK
r-release-linux-ix86 1.1 1.32 16.42 17.74 OK
r-release-linux-x86_64 1.1 0.85 10.65 11.50 OK
r-release-osx-x86_64-mavericks 1.1 OK
r-release-osx-x86_64-snowleopard 1.1 OK
r-release-windows-ix86+x86_64 1.1 5.00 21.00 26.00 OK
r-oldrel-windows-ix86+x86_64 1.1 6.00 24.00 30.00 OK

Check Details

Version: 1.1
Check: R code for possible problems
Result: NOTE
    lbfit.par : loglogistic.fit.optim : loglik.lb.loglogis: no visible
     global function definition for ‘pllogis’
Flavors: r-devel-linux-x86_64-debian-clang, r-devel-linux-x86_64-debian-gcc, r-devel-linux-x86_64-fedora-clang, r-devel-linux-x86_64-fedora-gcc, r-devel-osx-x86_64-clang, r-devel-windows-ix86+x86_64