CRAN Package Check Results for Package lbiassurv

Last updated on 2015-07-30 11:48:40.

Flavor Version Tinstall Tcheck Ttotal Status Flags
r-devel-linux-x86_64-debian-clang 1.1 0.78 9.48 10.27 NOTE
r-devel-linux-x86_64-debian-gcc 1.1 0.76 9.32 10.08 NOTE
r-devel-linux-x86_64-fedora-clang 1.1 20.28 NOTE
r-devel-linux-x86_64-fedora-gcc 1.1 18.85 NOTE
r-devel-osx-x86_64-clang 1.1 18.83 NOTE
r-devel-windows-ix86+x86_64 1.1 7.00 32.00 39.00 NOTE
r-patched-linux-x86_64 1.1 0.83 9.61 10.44 NOTE
r-patched-solaris-sparc 1.1 134.60 NOTE
r-patched-solaris-x86 1.1 29.20 NOTE
r-release-linux-x86_64 1.1 0.81 9.68 10.49 NOTE
r-release-osx-x86_64-mavericks 1.1 NOTE
r-release-windows-ix86+x86_64 1.1 8.00 31.00 39.00 NOTE
r-oldrel-windows-ix86+x86_64 1.1 10.00 26.00 36.00 NOTE

Check Details

Version: 1.1
Check: DESCRIPTION meta-information
Result: NOTE
    Malformed Title field: should not end in a period.
Flavors: r-devel-linux-x86_64-debian-clang, r-devel-linux-x86_64-debian-gcc, r-devel-linux-x86_64-fedora-clang, r-devel-linux-x86_64-fedora-gcc, r-devel-osx-x86_64-clang, r-devel-windows-ix86+x86_64, r-patched-linux-x86_64, r-patched-solaris-sparc, r-patched-solaris-x86, r-release-linux-x86_64, r-release-osx-x86_64-mavericks, r-release-windows-ix86+x86_64

Version: 1.1
Check: R code for possible problems
Result: NOTE
    lbfit.nonpar : fitnonpar: no visible global function definition for
     ‘stepfun’
    lbfit.nonpar : bootnonpar: no visible binding for global variable
     ‘quantile’
    lbfit.nonpar : bootnonpar: no visible binding for global variable ‘sd’
    lbfit.nonpar : bootnonpar: no visible global function definition for
     ‘qnorm’
    lbfit.nonpar : bootnonpar: no visible binding for global variable
     ‘median’
    lbfit.nonpar : bootnonpar: no visible global function definition for
     ‘stepfun’
    lbfit.par : weibull.fit.optim : loglik.lb.weibull: no visible global
     function definition for ‘dweibull’
    lbfit.par : weibull.fit.optim : loglik.lb.weibull: no visible global
     function definition for ‘pweibull’
    lbfit.par : weibull.fit.optim: no visible global function definition
     for ‘optim’
    lbfit.par : gamma.fit.optim : loglik.lb.gamma: no visible global
     function definition for ‘dgamma’
    lbfit.par : gamma.fit.optim : loglik.lb.gamma: no visible global
     function definition for ‘pgamma’
    lbfit.par : gamma.fit.optim: no visible global function definition for
     ‘optim’
    lbfit.par : exponential.fit.optim : loglik.lb.exp: no visible global
     function definition for ‘dweibull’
    lbfit.par : exponential.fit.optim : loglik.lb.exp: no visible global
     function definition for ‘pweibull’
    lbfit.par : exponential.fit.optim: no visible global function
     definition for ‘optim’
    lbfit.par : lognormal.fit.optim : loglik.lb.lognorm: no visible global
     function definition for ‘dlnorm’
    lbfit.par : lognormal.fit.optim : loglik.lb.lognorm: no visible global
     function definition for ‘plnorm’
    lbfit.par : lognormal.fit.optim: no visible global function definition
     for ‘optim’
    lbfit.par : loglogistic.fit.optim : loglik.lb.loglogis: no visible
     global function definition for ‘pllogis’
    lbfit.par : loglogistic.fit.optim: no visible global function
     definition for ‘optim’
    lbsample: no visible global function definition for ‘rexp’
    lbsample : lbsample.weibull: no visible global function definition for
     ‘rgamma’
    lbsample : lbsample.weibull: no visible global function definition for
     ‘runif’
    lbsample : lbsample.gamma: no visible global function definition for
     ‘rgamma’
    lbsample : lbsample.gamma: no visible global function definition for
     ‘runif’
    lbsample : lbsample.lognormal: no visible global function definition
     for ‘rnorm’
    lbsample : lbsample.lognormal: no visible global function definition
     for ‘runif’
    lbsample : lbsample.loglogistic: no visible global function definition
     for ‘rbeta’
    lbsample : lbsample.loglogistic: no visible global function definition
     for ‘runif’
    Undefined global functions or variables:
     dgamma dlnorm dweibull median optim pgamma pllogis plnorm pweibull
     qnorm quantile rbeta rexp rgamma rnorm runif sd stepfun
    Consider adding
     importFrom("stats", "dgamma", "dlnorm", "dweibull", "median", "optim",
     "pgamma", "plnorm", "pweibull", "qnorm", "quantile",
     "rbeta", "rexp", "rgamma", "rnorm", "runif", "sd",
     "stepfun")
    to your NAMESPACE.
Flavors: r-devel-linux-x86_64-debian-clang, r-devel-linux-x86_64-debian-gcc, r-devel-linux-x86_64-fedora-clang, r-devel-linux-x86_64-fedora-gcc, r-devel-windows-ix86+x86_64

Version: 1.1
Check: R code for possible problems
Result: NOTE
    lbfit.par : loglogistic.fit.optim : loglik.lb.loglogis: no visible
     global function definition for ‘pllogis’
    Undefined global functions or variables:
     pllogis
Flavor: r-devel-osx-x86_64-clang

Version: 1.1
Check: R code for possible problems
Result: NOTE
    lbfit.par : loglogistic.fit.optim : loglik.lb.loglogis: no visible
     global function definition for ‘pllogis’
Flavors: r-patched-linux-x86_64, r-patched-solaris-sparc, r-patched-solaris-x86, r-release-linux-x86_64, r-release-osx-x86_64-mavericks, r-release-windows-ix86+x86_64, r-oldrel-windows-ix86+x86_64