CRAN Package Check Results for Package lbiassurv

Last updated on 2015-04-01 23:49:16.

Flavor Version Tinstall Tcheck Ttotal Status Flags
r-devel-linux-x86_64-debian-clang 1.1 0.80 9.66 10.46 NOTE
r-devel-linux-x86_64-debian-gcc 1.1 0.80 9.41 10.21 NOTE
r-devel-linux-x86_64-fedora-clang 1.1 20.44 NOTE
r-devel-linux-x86_64-fedora-gcc 1.1 21.08 NOTE
r-devel-osx-x86_64-clang 1.1 26.89 NOTE
r-prerel-windows-ix86+x86_64 1.1 5.00 21.00 26.00 NOTE
r-prerel-linux-x86_64 1.1 0.81 10.15 10.96 NOTE
r-prerel-solaris-sparc 1.1 122.40 NOTE
r-prerel-solaris-x86 1.1 29.50 NOTE
r-release-linux-x86_64 1.1 0.92 10.93 11.85 NOTE
r-release-osx-x86_64-mavericks 1.1 NOTE
r-release-osx-x86_64-snowleopard 1.1 OK
r-release-windows-ix86+x86_64 1.1 5.00 25.00 30.00 NOTE
r-oldrel-windows-ix86+x86_64 1.1 6.00 25.00 31.00 OK

Check Details

Version: 1.1
Check: DESCRIPTION meta-information
Result: NOTE
    Malformed Title field: should not end in a period.
Flavors: r-devel-linux-x86_64-debian-clang, r-devel-linux-x86_64-debian-gcc, r-devel-linux-x86_64-fedora-clang, r-devel-linux-x86_64-fedora-gcc, r-devel-osx-x86_64-clang, r-prerel-windows-ix86+x86_64, r-prerel-linux-x86_64, r-prerel-solaris-sparc, r-prerel-solaris-x86

Version: 1.1
Check: R code for possible problems
Result: NOTE
    lbfit.par : loglogistic.fit.optim : loglik.lb.loglogis: no visible
     global function definition for ‘pllogis’
Flavors: r-devel-linux-x86_64-debian-clang, r-devel-linux-x86_64-debian-gcc, r-devel-linux-x86_64-fedora-clang, r-devel-linux-x86_64-fedora-gcc, r-devel-osx-x86_64-clang, r-prerel-windows-ix86+x86_64, r-prerel-linux-x86_64, r-prerel-solaris-sparc, r-prerel-solaris-x86, r-release-linux-x86_64, r-release-osx-x86_64-mavericks, r-release-windows-ix86+x86_64