CRAN Package Check Results for Package lbiassurv

Last updated on 2015-03-05 22:47:28.

Flavor Version Tinstall Tcheck Ttotal Status Flags
r-devel-linux-x86_64-debian-clang 1.1 0.84 9.73 10.56 NOTE
r-devel-linux-x86_64-debian-gcc 1.1 0.78 9.87 10.65 NOTE
r-devel-linux-x86_64-fedora-clang 1.1 20.50 NOTE
r-devel-linux-x86_64-fedora-gcc 1.1 20.01 NOTE
r-devel-osx-x86_64-clang 1.1 23.94 NOTE
r-devel-windows-ix86+x86_64 1.1 5.00 21.00 26.00 NOTE
r-patched-linux-x86_64 1.1 0.91 11.88 12.79 NOTE
r-patched-solaris-sparc 1.1 150.00 NOTE
r-patched-solaris-x86 1.1 35.80 NOTE
r-release-linux-ix86 1.1 1.29 16.95 18.24 NOTE
r-release-linux-x86_64 1.1 0.92 11.70 12.62 NOTE
r-release-osx-x86_64-mavericks 1.1 NOTE
r-release-osx-x86_64-snowleopard 1.1 OK
r-release-windows-ix86+x86_64 1.1 5.00 25.00 30.00 NOTE
r-oldrel-windows-ix86+x86_64 1.1 6.00 38.00 44.00 OK

Check Details

Version: 1.1
Check: DESCRIPTION meta-information
Result: NOTE
    Malformed Title field: should not end in a period.
Flavors: r-devel-linux-x86_64-debian-clang, r-devel-linux-x86_64-debian-gcc, r-devel-linux-x86_64-fedora-clang, r-devel-linux-x86_64-fedora-gcc, r-devel-osx-x86_64-clang, r-devel-windows-ix86+x86_64

Version: 1.1
Check: R code for possible problems
Result: NOTE
    lbfit.par : loglogistic.fit.optim : loglik.lb.loglogis: no visible
     global function definition for ‘pllogis’
Flavors: r-devel-linux-x86_64-debian-clang, r-devel-linux-x86_64-debian-gcc, r-devel-linux-x86_64-fedora-clang, r-devel-linux-x86_64-fedora-gcc, r-devel-osx-x86_64-clang, r-devel-windows-ix86+x86_64, r-patched-linux-x86_64, r-patched-solaris-sparc, r-patched-solaris-x86, r-release-linux-ix86, r-release-linux-x86_64, r-release-osx-x86_64-mavericks, r-release-windows-ix86+x86_64