Last updated on 2023-02-07 17:55:09 CET.
Flavor | Version | Tinstall | Tcheck | Ttotal | Status | Flags |
---|---|---|---|---|---|---|
r-devel-linux-x86_64-debian-clang | 1.1 | 10.60 | 96.41 | 107.01 | OK | |
r-devel-linux-x86_64-debian-gcc | 1.1 | 7.33 | 72.75 | 80.08 | OK | |
r-devel-linux-x86_64-fedora-clang | 1.1 | 133.02 | OK | |||
r-devel-linux-x86_64-fedora-gcc | 1.1 | 139.33 | OK | |||
r-devel-windows-x86_64 | 1.1 | 17.00 | 131.00 | 148.00 | OK | |
r-patched-linux-x86_64 | 1.1 | 9.68 | 93.51 | 103.19 | OK | |
r-release-linux-x86_64 | 1.1 | 7.96 | 94.33 | 102.29 | OK | |
r-release-macos-arm64 | 1.1 | 41.00 | OK | |||
r-release-macos-x86_64 | 1.1 | 55.00 | OK | |||
r-release-windows-x86_64 | 1.1 | 18.00 | 116.00 | 134.00 | FAIL | |
r-oldrel-macos-arm64 | 1.1 | 39.00 | OK | |||
r-oldrel-macos-x86_64 | 1.1 | 57.00 | OK | |||
r-oldrel-windows-ix86+x86_64 | 1.1 | 21.00 | 129.00 | 150.00 | ERROR |
Version: 1.1
Check: re-building of vignette outputs
Result: FAIL
Flavor: r-release-windows-x86_64
Version: 1.1
Check: PDF version of manual
Result: WARN
LaTeX errors when creating PDF version.
This typically indicates Rd problems.
LaTeX errors found:
! Package inputenc Error: Unicode char รข<c2><80><c2><90> (U+2010)
(inputenc) not set up for use with LaTeX.
See the inputenc package documentation for explanation.
Type H <return> for immediate help.
Flavor: r-oldrel-windows-ix86+x86_64
Version: 1.1
Check: PDF version of manual without hyperrefs or index
Result: ERROR
Flavor: r-oldrel-windows-ix86+x86_64