Last updated on 2023-02-05 13:52:52 CET.
Flavor | Version | Tinstall | Tcheck | Ttotal | Status | Flags |
---|---|---|---|---|---|---|
r-devel-linux-x86_64-debian-clang | 1.1.4 | 10.68 | 81.21 | 91.89 | OK | |
r-devel-linux-x86_64-debian-gcc | 1.1.4 | 7.42 | 59.93 | 67.35 | OK | |
r-devel-linux-x86_64-fedora-clang | 1.1.4 | 118.28 | NOTE | |||
r-devel-linux-x86_64-fedora-gcc | 1.1.4 | 108.97 | OK | |||
r-devel-windows-x86_64 | 1.1.4 | 34.00 | 117.00 | 151.00 | OK | |
r-patched-linux-x86_64 | 1.1.4 | 10.90 | 76.07 | 86.97 | OK | |
r-release-linux-x86_64 | 1.1.4 | 11.15 | 76.25 | 87.40 | OK | |
r-release-macos-arm64 | 1.1.4 | 29.00 | OK | |||
r-release-macos-x86_64 | 1.1.4 | 47.00 | OK | |||
r-release-windows-x86_64 | 1.1.4 | 29.00 | 117.00 | 146.00 | OK | |
r-oldrel-macos-arm64 | 1.1.4 | 31.00 | OK | |||
r-oldrel-macos-x86_64 | 1.1.4 | 50.00 | OK | |||
r-oldrel-windows-ix86+x86_64 | 1.1.4 | 22.00 | 106.00 | 128.00 | OK |
Version: 1.1.4
Check: Rd cross-references
Result: NOTE
Undeclared package ‘gridExtra’ in Rd xrefs
Flavor: r-devel-linux-x86_64-fedora-clang