CRAN Package Check Results for Package lcd

Last updated on 2014-09-23 19:48:06.

Flavor Version Tinstall Tcheck Ttotal Status Flags
r-devel-linux-x86_64-debian-clang 0.7-3 2.94 19.70 22.64 NOTE
r-devel-linux-x86_64-debian-gcc 0.7-3 3.61 19.44 23.05 NOTE
r-devel-linux-x86_64-fedora-clang 0.7-3 47.74 NOTE
r-devel-linux-x86_64-fedora-gcc 0.7-3 43.50 NOTE
r-devel-osx-x86_64-clang 0.7-3 46.09 NOTE
r-devel-windows-ix86+x86_64 0.7-3 16.00 41.00 57.00 NOTE
r-patched-linux-x86_64 0.7-3 3.70 20.46 24.16 NOTE
r-patched-solaris-sparc 0.7-3 286.90 NOTE
r-patched-solaris-x86 0.7-3 63.80 NOTE
r-release-linux-ix86 0.7-3 4.94 28.43 33.37 NOTE
r-release-linux-x86_64 0.7-3 3.72 21.14 24.86 NOTE
r-release-osx-x86_64-mavericks 0.7-3 NOTE
r-release-osx-x86_64-snowleopard 0.7-3 NOTE
r-release-windows-ix86+x86_64 0.7-3 15.00 40.00 55.00 NOTE
r-oldrel-windows-ix86+x86_64 0.7-3 16.00 44.00 60.00 NOTE

Check Details

Version: 0.7-3
Check: dependencies in R code
Result: NOTE
    Packages in Depends field not imported from:
     ‘igraph’ ‘methods’
     These packages need to be imported from (in the NAMESPACE file)
     for when this namespace is loaded but not attached.
    See the information on DESCRIPTION files in the chapter ‘Creating R
    packages’ of the ‘Writing R Extensions’ manual.
Flavors: r-devel-linux-x86_64-debian-clang, r-devel-linux-x86_64-debian-gcc, r-devel-linux-x86_64-fedora-clang, r-devel-linux-x86_64-fedora-gcc, r-devel-osx-x86_64-clang, r-devel-windows-ix86+x86_64, r-patched-linux-x86_64, r-patched-solaris-sparc, r-patched-solaris-x86, r-release-linux-ix86, r-release-linux-x86_64, r-release-osx-x86_64-mavericks, r-release-osx-x86_64-snowleopard, r-release-windows-ix86+x86_64, r-oldrel-windows-ix86+x86_64

Version: 0.7-3
Check: R code for possible problems
Result: NOTE
    .break.tree: no visible global function definition for
     ‘graph.adjacency’
    .break.tree: no visible global function definition for ‘clusters’
    .lcd.cliques: no visible global function definition for
     ‘graph.adjacency’
    .lcd.cliques: no visible global function definition for ‘cliques’
    .valid.tree: no visible global function definition for
     ‘graph.adjacency’
    .valid.tree: no visible global function definition for ‘clusters’
    draw: no visible global function definition for ‘graph.empty’
    draw: no visible global function definition for ‘add.vertices’
    draw: no visible global function definition for ‘V’
    draw: no visible global function definition for ‘V<-’
    draw: no visible global function definition for ‘add.edges’
    draw: no visible global function definition for ‘plot.igraph’
    draw: no visible global function definition for ‘tkplot’
    draw: no visible binding for global variable ‘layout.reingold.tilford’
    is.chaingraph: no visible global function definition for
     ‘graph.adjacency’
    is.chaingraph: no visible global function definition for ‘clusters’
Flavors: r-devel-linux-x86_64-debian-clang, r-devel-linux-x86_64-debian-gcc, r-devel-linux-x86_64-fedora-clang, r-devel-linux-x86_64-fedora-gcc, r-devel-osx-x86_64-clang, r-devel-windows-ix86+x86_64