CRAN Package Check Results for Package lcd

Last updated on 2014-04-24 15:50:40.

Flavor Version Tinstall Tcheck Ttotal Status Flags
r-devel-linux-x86_64-debian-clang 0.7-3 87.33 21.12 108.45 NOTE
r-devel-linux-x86_64-debian-gcc 0.7-3 3.68 20.81 24.48 NOTE
r-devel-linux-x86_64-fedora-clang 0.7-3 47.69 NOTE
r-devel-linux-x86_64-fedora-gcc 0.7-3 46.85 NOTE
r-devel-osx-x86_64-clang 0.7-3 46.47 NOTE
r-devel-osx-x86_64-gcc 0.7-3 ERROR
r-devel-windows-ix86+x86_64 0.7-3 15.00 42.00 57.00 NOTE
r-patched-linux-x86_64 0.7-3 3.64 20.55 24.20 NOTE
r-patched-solaris-sparc 0.7-3 251.20 NOTE
r-patched-solaris-x86 0.7-3 64.00 NOTE
r-release-linux-ix86 0.7-3 6.00 39.00 45.00 NOTE
r-release-linux-x86_64 0.7-3 3.63 20.84 24.48 NOTE
r-release-osx-x86_64-mavericks 0.7-3 WARN
r-release-osx-x86_64-snowleopard 0.7-3 NOTE
r-release-windows-ix86+x86_64 0.7-3 16.00 43.00 59.00 NOTE
r-oldrel-windows-ix86+x86_64 0.7-3 16.00 46.00 62.00 NOTE

Check Details

Version: 0.7-3
Check: dependencies in R code
Result: NOTE
    Packages in Depends field not imported from:
     ‘igraph’ ‘methods’
     These packages need to be imported from (in the NAMESPACE file)
     for when this namespace is loaded but not attached.
    See the information on DESCRIPTION files in the chapter ‘Creating R
    packages’ of the ‘Writing R Extensions’ manual.
Flavors: r-devel-linux-x86_64-debian-clang, r-devel-linux-x86_64-debian-gcc, r-devel-linux-x86_64-fedora-clang, r-devel-linux-x86_64-fedora-gcc, r-devel-osx-x86_64-clang, r-devel-windows-ix86+x86_64, r-patched-linux-x86_64, r-patched-solaris-sparc, r-patched-solaris-x86, r-release-linux-ix86, r-release-linux-x86_64, r-release-osx-x86_64-mavericks, r-release-osx-x86_64-snowleopard, r-release-windows-ix86+x86_64, r-oldrel-windows-ix86+x86_64

Version: 0.7-3
Check: package dependencies
Result: ERROR
    Packages required but not available: ‘igraph’ ‘ggm’
    
    See the information on DESCRIPTION files in the chapter ‘Creating R
    packages’ of the ‘Writing R Extensions’ manual.
Flavor: r-devel-osx-x86_64-gcc

Version: 0.7-3
Check: PDF version of manual
Result: WARNING
    LaTeX errors when creating PDF version.
    This typically indicates Rd problems.
    LaTeX errors found:
    ! LaTeX Error: File `upquote.sty' not found.
    
    Type X to quit or <RETURN> to proceed,
    or enter new name. (Default extension: sty)
    
    26196e3/Rd2.tex:8: ==> Fatal error occurred, no output PDF file produced!
Flavor: r-release-osx-x86_64-mavericks