CRAN Package Check Results for Package lcd

Last updated on 2015-05-24 10:47:00.

Flavor Version Tinstall Tcheck Ttotal Status Flags
r-devel-linux-x86_64-debian-clang 0.7-3 2.90 18.23 21.14 NOTE
r-devel-linux-x86_64-debian-gcc 0.7-3 3.49 18.00 21.49 NOTE
r-devel-linux-x86_64-fedora-clang 0.7-3 42.16 NOTE
r-devel-linux-x86_64-fedora-gcc 0.7-3 41.46 NOTE
r-devel-osx-x86_64-clang 0.7-3 39.56 NOTE
r-devel-windows-ix86+x86_64 0.7-3 17.00 41.00 58.00 NOTE
r-patched-linux-x86_64 0.7-3 3.30 17.92 21.22 NOTE
r-patched-solaris-sparc 0.7-3 242.60 NOTE
r-patched-solaris-x86 0.7-3 61.60 NOTE
r-release-linux-x86_64 0.7-3 3.38 18.10 21.48 NOTE
r-release-osx-x86_64-mavericks 0.7-3 NOTE
r-release-osx-x86_64-snowleopard 0.7-3 ERROR
r-release-windows-ix86+x86_64 0.7-3 16.00 41.00 57.00 NOTE
r-oldrel-windows-ix86+x86_64 0.7-3 17.00 45.00 62.00 NOTE

Check Details

Version: 0.7-3
Check: dependencies in R code
Result: NOTE
    Packages in Depends field not imported from:
     ‘igraph’ ‘methods’
     These packages need to be imported from (in the NAMESPACE file)
     for when this namespace is loaded but not attached.
Flavors: r-devel-linux-x86_64-debian-clang, r-devel-linux-x86_64-debian-gcc, r-devel-linux-x86_64-fedora-clang, r-devel-linux-x86_64-fedora-gcc, r-devel-osx-x86_64-clang, r-devel-windows-ix86+x86_64, r-patched-linux-x86_64, r-patched-solaris-sparc, r-patched-solaris-x86, r-release-linux-x86_64, r-release-osx-x86_64-mavericks, r-release-windows-ix86+x86_64, r-oldrel-windows-ix86+x86_64

Version: 0.7-3
Check: R code for possible problems
Result: NOTE
    .break.tree: no visible global function definition for
     ‘graph.adjacency’
    .break.tree: no visible global function definition for ‘clusters’
    .lcd.cliques: no visible global function definition for
     ‘graph.adjacency’
    .lcd.cliques: no visible global function definition for ‘cliques’
    .valid.tree: no visible global function definition for
     ‘graph.adjacency’
    .valid.tree: no visible global function definition for ‘clusters’
    draw: no visible global function definition for ‘graph.empty’
    draw: no visible global function definition for ‘add.vertices’
    draw: no visible global function definition for ‘V’
    draw: no visible global function definition for ‘V<-’
    draw: no visible global function definition for ‘add.edges’
    draw: no visible global function definition for ‘plot.igraph’
    draw: no visible global function definition for ‘tkplot’
    draw: no visible binding for global variable ‘layout.reingold.tilford’
    is.chaingraph: no visible global function definition for
     ‘graph.adjacency’
    is.chaingraph: no visible global function definition for ‘clusters’
Flavors: r-devel-linux-x86_64-debian-clang, r-devel-linux-x86_64-debian-gcc, r-devel-linux-x86_64-fedora-clang, r-devel-linux-x86_64-fedora-gcc, r-devel-osx-x86_64-clang, r-devel-windows-ix86+x86_64, r-patched-linux-x86_64, r-patched-solaris-sparc, r-patched-solaris-x86, r-release-linux-x86_64, r-release-osx-x86_64-mavericks, r-release-windows-ix86+x86_64, r-oldrel-windows-ix86+x86_64

Version: 0.7-3
Check: package dependencies
Result: ERROR
    Packages required but not available: ‘igraph’ ‘ggm’
    
    See section ‘The DESCRIPTION file’ in the ‘Writing R Extensions’
    manual.
Flavor: r-release-osx-x86_64-snowleopard