CRAN Package Check Results for Package lcd

Last updated on 2014-11-27 03:47:45.

Flavor Version Tinstall Tcheck Ttotal Status Flags
r-devel-linux-x86_64-debian-clang 0.7-3 3.06 21.25 24.31 NOTE
r-devel-linux-x86_64-debian-gcc 0.7-3 3.64 19.97 23.62 NOTE
r-devel-linux-x86_64-fedora-clang 0.7-3 49.00 NOTE
r-devel-linux-x86_64-fedora-gcc 0.7-3 52.32 NOTE
r-devel-osx-x86_64-clang 0.7-3 43.52 NOTE
r-devel-windows-ix86+x86_64 0.7-3 17.00 39.00 56.00 NOTE
r-patched-linux-x86_64 0.7-3 3.62 20.08 23.70 NOTE
r-patched-solaris-sparc 0.7-3 279.50 NOTE
r-patched-solaris-x86 0.7-3 64.80 NOTE
r-release-linux-ix86 0.7-3 4.65 26.60 31.25 NOTE
r-release-linux-x86_64 0.7-3 3.77 20.12 23.89 NOTE
r-release-osx-x86_64-mavericks 0.7-3 NOTE
r-release-osx-x86_64-snowleopard 0.7-3 NOTE
r-release-windows-ix86+x86_64 0.7-3 16.00 42.00 58.00 NOTE
r-oldrel-windows-ix86+x86_64 0.7-3 16.00 47.00 63.00 NOTE

Check Details

Version: 0.7-3
Check: dependencies in R code
Result: NOTE
    Packages in Depends field not imported from:
     ‘igraph’ ‘methods’
     These packages need to be imported from (in the NAMESPACE file)
     for when this namespace is loaded but not attached.
    See the information on DESCRIPTION files in the chapter ‘Creating R
    packages’ of the ‘Writing R Extensions’ manual.
Flavors: r-devel-linux-x86_64-debian-clang, r-devel-linux-x86_64-debian-gcc, r-devel-linux-x86_64-fedora-clang, r-devel-linux-x86_64-fedora-gcc, r-devel-osx-x86_64-clang, r-devel-windows-ix86+x86_64, r-patched-linux-x86_64, r-patched-solaris-sparc, r-patched-solaris-x86, r-release-linux-ix86, r-release-linux-x86_64, r-release-osx-x86_64-mavericks, r-release-osx-x86_64-snowleopard, r-release-windows-ix86+x86_64, r-oldrel-windows-ix86+x86_64

Version: 0.7-3
Check: R code for possible problems
Result: NOTE
    .break.tree: no visible global function definition for
     ‘graph.adjacency’
    .break.tree: no visible global function definition for ‘clusters’
    .lcd.cliques: no visible global function definition for
     ‘graph.adjacency’
    .lcd.cliques: no visible global function definition for ‘cliques’
    .valid.tree: no visible global function definition for
     ‘graph.adjacency’
    .valid.tree: no visible global function definition for ‘clusters’
    draw: no visible global function definition for ‘graph.empty’
    draw: no visible global function definition for ‘add.vertices’
    draw: no visible global function definition for ‘V’
    draw: no visible global function definition for ‘V<-’
    draw: no visible global function definition for ‘add.edges’
    draw: no visible global function definition for ‘plot.igraph’
    draw: no visible global function definition for ‘tkplot’
    draw: no visible binding for global variable ‘layout.reingold.tilford’
    is.chaingraph: no visible global function definition for
     ‘graph.adjacency’
    is.chaingraph: no visible global function definition for ‘clusters’
Flavors: r-devel-linux-x86_64-debian-clang, r-devel-linux-x86_64-debian-gcc, r-devel-linux-x86_64-fedora-clang, r-devel-linux-x86_64-fedora-gcc, r-devel-osx-x86_64-clang, r-devel-windows-ix86+x86_64, r-patched-linux-x86_64, r-patched-solaris-sparc, r-patched-solaris-x86, r-release-linux-ix86, r-release-linux-x86_64, r-release-windows-ix86+x86_64