CRAN Package Check Results for Package lcd

Last updated on 2015-04-01 23:49:16.

Flavor Version Tinstall Tcheck Ttotal Status Flags
r-devel-linux-x86_64-debian-clang 0.7-3 3.23 17.70 20.93 NOTE
r-devel-linux-x86_64-debian-gcc 0.7-3 3.42 17.32 20.73 NOTE
r-devel-linux-x86_64-fedora-clang 0.7-3 42.56 NOTE
r-devel-linux-x86_64-fedora-gcc 0.7-3 43.80 NOTE
r-devel-osx-x86_64-clang 0.7-3 44.64 NOTE
r-prerel-windows-ix86+x86_64 0.7-3 21.00 38.00 59.00 NOTE
r-prerel-linux-x86_64 0.7-3 3.42 17.59 21.01 NOTE
r-prerel-solaris-sparc 0.7-3 242.10 NOTE
r-prerel-solaris-x86 0.7-3 64.10 NOTE
r-release-linux-x86_64 0.7-3 3.67 20.29 23.96 NOTE
r-release-osx-x86_64-mavericks 0.7-3 NOTE
r-release-osx-x86_64-snowleopard 0.7-3 NOTE
r-release-windows-ix86+x86_64 0.7-3 18.00 44.00 62.00 NOTE
r-oldrel-windows-ix86+x86_64 0.7-3 16.00 46.00 62.00 NOTE

Check Details

Version: 0.7-3
Check: dependencies in R code
Result: NOTE
    Packages in Depends field not imported from:
     ‘igraph’ ‘methods’
     These packages need to be imported from (in the NAMESPACE file)
     for when this namespace is loaded but not attached.
Flavors: r-devel-linux-x86_64-debian-clang, r-devel-linux-x86_64-debian-gcc, r-devel-linux-x86_64-fedora-clang, r-devel-linux-x86_64-fedora-gcc, r-devel-osx-x86_64-clang, r-prerel-windows-ix86+x86_64, r-prerel-linux-x86_64, r-prerel-solaris-sparc, r-prerel-solaris-x86, r-release-linux-x86_64, r-release-windows-ix86+x86_64

Version: 0.7-3
Check: R code for possible problems
Result: NOTE
    .break.tree: no visible global function definition for
     ‘graph.adjacency’
    .break.tree: no visible global function definition for ‘clusters’
    .lcd.cliques: no visible global function definition for
     ‘graph.adjacency’
    .lcd.cliques: no visible global function definition for ‘cliques’
    .valid.tree: no visible global function definition for
     ‘graph.adjacency’
    .valid.tree: no visible global function definition for ‘clusters’
    draw: no visible global function definition for ‘graph.empty’
    draw: no visible global function definition for ‘add.vertices’
    draw: no visible global function definition for ‘V’
    draw: no visible global function definition for ‘V<-’
    draw: no visible global function definition for ‘add.edges’
    draw: no visible global function definition for ‘plot.igraph’
    draw: no visible global function definition for ‘tkplot’
    draw: no visible binding for global variable ‘layout.reingold.tilford’
    is.chaingraph: no visible global function definition for
     ‘graph.adjacency’
    is.chaingraph: no visible global function definition for ‘clusters’
Flavors: r-devel-linux-x86_64-debian-clang, r-devel-linux-x86_64-debian-gcc, r-devel-linux-x86_64-fedora-clang, r-devel-linux-x86_64-fedora-gcc, r-devel-osx-x86_64-clang, r-prerel-windows-ix86+x86_64, r-prerel-linux-x86_64, r-prerel-solaris-sparc, r-prerel-solaris-x86, r-release-linux-x86_64, r-release-osx-x86_64-mavericks, r-release-windows-ix86+x86_64

Version: 0.7-3
Check: dependencies in R code
Result: NOTE
    Packages in Depends field not imported from:
     ‘igraph’ ‘methods’
     These packages need to be imported from (in the NAMESPACE file)
     for when this namespace is loaded but not attached.
    See the information on DESCRIPTION files in the chapter ‘Creating R
    packages’ of the ‘Writing R Extensions’ manual.
Flavors: r-release-osx-x86_64-mavericks, r-release-osx-x86_64-snowleopard, r-oldrel-windows-ix86+x86_64