CRAN Package Check Results for Package lcd

Last updated on 2015-07-01 13:47:19.

Flavor Version Tinstall Tcheck Ttotal Status Flags
r-devel-linux-x86_64-debian-clang 0.7-3 2.91 17.68 20.59 NOTE
r-devel-linux-x86_64-debian-gcc 0.7-3 3.41 17.75 21.16 NOTE
r-devel-linux-x86_64-fedora-clang 0.7-3 41.99 NOTE
r-devel-linux-x86_64-fedora-gcc 0.7-3 38.90 NOTE
r-devel-osx-x86_64-clang 0.7-3 39.76 NOTE
r-devel-windows-ix86+x86_64 0.7-3 24.00 40.00 64.00 NOTE
r-patched-linux-x86_64 0.7-3 3.41 18.85 22.26 NOTE
r-patched-solaris-sparc 0.7-3 242.60 NOTE
r-patched-solaris-x86 0.7-3 59.50 NOTE
r-release-linux-x86_64 0.7-3 3.42 18.35 21.77 NOTE
r-release-osx-x86_64-mavericks 0.7-3 NOTE
r-release-windows-ix86+x86_64 0.7-3 15.00 41.00 56.00 NOTE
r-oldrel-windows-ix86+x86_64 0.7-3 17.00 53.00 70.00 NOTE

Check Details

Version: 0.7-3
Check: dependencies in R code
Result: NOTE
    Packages in Depends field not imported from:
     ‘igraph’ ‘methods’
     These packages need to be imported from (in the NAMESPACE file)
     for when this namespace is loaded but not attached.
Flavors: r-devel-linux-x86_64-debian-clang, r-devel-linux-x86_64-debian-gcc, r-devel-linux-x86_64-fedora-clang, r-devel-linux-x86_64-fedora-gcc, r-devel-osx-x86_64-clang, r-devel-windows-ix86+x86_64, r-patched-linux-x86_64, r-patched-solaris-sparc, r-patched-solaris-x86, r-release-linux-x86_64, r-release-osx-x86_64-mavericks, r-release-windows-ix86+x86_64, r-oldrel-windows-ix86+x86_64

Version: 0.7-3
Check: R code for possible problems
Result: NOTE
    .break.tree: no visible global function definition for
     ‘graph.adjacency’
    .break.tree: no visible global function definition for ‘clusters’
    .break.tree: no visible global function definition for ‘new’
    .get.exed.cand: no visible global function definition for ‘new’
    .get.localug.m.pc: no visible global function definition for ‘new’
    .get.localug.pc: no visible global function definition for ‘new’
    .get.sep: no visible global function definition for ‘new’
    .get.sep.m: no visible global function definition for ‘new’
    .get.sep.m.step: no visible global function definition for ‘new’
    .get.sep.step: no visible global function definition for ‘new’
    .lcd.cliques: no visible global function definition for
     ‘graph.adjacency’
    .lcd.cliques: no visible global function definition for ‘cliques’
    .make.table: no visible global function definition for ‘rbeta’
    .parse.graph: no visible global function definition for ‘as.formula’
    .update.fit: no visible global function definition for ‘pchisq’
    .valid.tree: no visible global function definition for
     ‘graph.adjacency’
    .valid.tree: no visible global function definition for ‘clusters’
    as.freq.tb: no visible global function definition for ‘new’
    compress.freq.tb: no visible global function definition for ‘new’
    draw: no visible global function definition for ‘graph.empty’
    draw: no visible global function definition for ‘add.vertices’
    draw: no visible global function definition for ‘V’
    draw: no visible global function definition for ‘V<-’
    draw: no visible global function definition for ‘add.edges’
    draw: no visible global function definition for ‘plot.igraph’
    draw: no visible global function definition for ‘tkplot’
    draw: no visible binding for global variable ‘layout.reingold.tilford’
    get.normal.dist: no visible global function definition for ‘runif’
    is.chaingraph: no visible global function definition for
     ‘graph.adjacency’
    is.chaingraph: no visible global function definition for ‘clusters’
    learn.complex.multinom: no visible global function definition for
     ‘validObject’
    learn.skeleton.multinom: no visible global function definition for
     ‘validObject’
    learn.skeleton.multinom: no visible global function definition for
     ‘new’
    learn.skeleton.norm: no visible global function definition for
     ‘validObject’
    learn.skeleton.norm: no visible global function definition for ‘new’
    learn.v: no visible global function definition for ‘validObject’
    learn.v: no visible global function definition for ‘new’
    naive.getug.norm: no visible global function definition for ‘cor’
    naive.getug.norm: no visible global function definition for ‘cov2cor’
    naive.getug.norm: no visible global function definition for ‘qt’
    norm.ci.test: no visible global function definition for ‘qchisq’
    rnorm.cg: no visible global function definition for ‘rnorm’
    ug.to.jtree: no visible global function definition for ‘new’
Flavors: r-devel-linux-x86_64-debian-clang, r-devel-linux-x86_64-debian-gcc, r-devel-linux-x86_64-fedora-clang, r-devel-linux-x86_64-fedora-gcc, r-devel-windows-ix86+x86_64

Version: 0.7-3
Check: R code for possible problems
Result: NOTE
    .break.tree: no visible global function definition for
     ‘graph.adjacency’
    .break.tree: no visible global function definition for ‘clusters’
    .lcd.cliques: no visible global function definition for
     ‘graph.adjacency’
    .lcd.cliques: no visible global function definition for ‘cliques’
    .valid.tree: no visible global function definition for
     ‘graph.adjacency’
    .valid.tree: no visible global function definition for ‘clusters’
    draw: no visible global function definition for ‘graph.empty’
    draw: no visible global function definition for ‘add.vertices’
    draw: no visible global function definition for ‘V’
    draw: no visible global function definition for ‘V<-’
    draw: no visible global function definition for ‘add.edges’
    draw: no visible global function definition for ‘plot.igraph’
    draw: no visible global function definition for ‘tkplot’
    draw: no visible binding for global variable ‘layout.reingold.tilford’
    is.chaingraph: no visible global function definition for
     ‘graph.adjacency’
    is.chaingraph: no visible global function definition for ‘clusters’
Flavors: r-devel-osx-x86_64-clang, r-patched-linux-x86_64, r-patched-solaris-sparc, r-patched-solaris-x86, r-release-linux-x86_64, r-release-osx-x86_64-mavericks, r-release-windows-ix86+x86_64, r-oldrel-windows-ix86+x86_64