CRAN Package Check Results for Package lcd

Last updated on 2015-08-31 08:46:53.

Flavor Version Tinstall Tcheck Ttotal Status Flags
r-devel-linux-x86_64-debian-clang 0.7-3 3.00 17.46 20.47 NOTE
r-devel-linux-x86_64-debian-gcc 0.7-3 3.44 17.10 20.53 NOTE
r-devel-linux-x86_64-fedora-clang 0.7-3 41.09 NOTE
r-devel-linux-x86_64-fedora-gcc 0.7-3 37.97 NOTE
r-devel-osx-x86_64-clang 0.7-3 36.48 NOTE
r-devel-windows-ix86+x86_64 0.7-3 23.00 46.00 69.00 NOTE
r-patched-linux-x86_64 0.7-3 3.44 17.97 21.41 NOTE
r-patched-solaris-sparc 0.7-3 255.20 NOTE
r-patched-solaris-x86 0.7-3 71.00 NOTE
r-release-linux-x86_64 0.7-3 3.52 18.46 21.98 NOTE
r-release-osx-x86_64-mavericks 0.7-3 NOTE
r-release-windows-ix86+x86_64 0.7-3 24.00 71.00 95.00 NOTE
r-oldrel-windows-ix86+x86_64 0.7-3 22.00 74.00 96.00 NOTE

Check Details

Version: 0.7-3
Check: whether the namespace can be loaded with stated dependencies
Result: NOTE
    Warning: no function found corresponding to methods exports from ‘lcd’ for: ‘show’
    
    A namespace must be able to be loaded with just the base namespace
    loaded: otherwise if the namespace gets loaded by a saved object, the
    session will be unable to start.
    
    Probably some imports need to be declared in the NAMESPACE file.
Flavors: r-devel-linux-x86_64-debian-clang, r-devel-linux-x86_64-debian-gcc, r-devel-linux-x86_64-fedora-clang, r-devel-linux-x86_64-fedora-gcc, r-devel-osx-x86_64-clang, r-devel-windows-ix86+x86_64, r-devel-windows-ix86+x86_64

Version: 0.7-3
Check: dependencies in R code
Result: NOTE
    Packages in Depends field not imported from:
     ‘igraph’ ‘methods’
     These packages need to be imported from (in the NAMESPACE file)
     for when this namespace is loaded but not attached.
Flavors: r-devel-linux-x86_64-debian-clang, r-devel-linux-x86_64-debian-gcc, r-devel-linux-x86_64-fedora-clang, r-devel-linux-x86_64-fedora-gcc, r-devel-osx-x86_64-clang, r-devel-windows-ix86+x86_64, r-patched-linux-x86_64, r-patched-solaris-sparc, r-patched-solaris-x86, r-release-linux-x86_64, r-release-osx-x86_64-mavericks, r-release-windows-ix86+x86_64, r-oldrel-windows-ix86+x86_64

Version: 0.7-3
Check: R code for possible problems
Result: NOTE
    .break.tree: no visible global function definition for
     ‘graph.adjacency’
    .break.tree: no visible global function definition for ‘clusters’
    .break.tree: no visible global function definition for ‘new’
    .get.exed.cand: no visible global function definition for ‘new’
    .get.localug.m.pc: no visible global function definition for ‘new’
    .get.localug.pc: no visible global function definition for ‘new’
    .get.sep: no visible global function definition for ‘new’
    .get.sep.m: no visible global function definition for ‘new’
    .get.sep.m.step: no visible global function definition for ‘new’
    .get.sep.step: no visible global function definition for ‘new’
    .lcd.cliques: no visible global function definition for
     ‘graph.adjacency’
    .lcd.cliques: no visible global function definition for ‘cliques’
    .make.table: no visible global function definition for ‘rbeta’
    .parse.graph: no visible global function definition for ‘as.formula’
    .update.fit: no visible global function definition for ‘pchisq’
    .valid.tree: no visible global function definition for
     ‘graph.adjacency’
    .valid.tree: no visible global function definition for ‘clusters’
    as.freq.tb: no visible global function definition for ‘new’
    compress.freq.tb: no visible global function definition for ‘new’
    draw: no visible global function definition for ‘graph.empty’
    draw: no visible global function definition for ‘add.vertices’
    draw: no visible global function definition for ‘V’
    draw: no visible global function definition for ‘V<-’
    draw: no visible global function definition for ‘add.edges’
    draw: no visible global function definition for ‘plot.igraph’
    draw: no visible global function definition for ‘tkplot’
    draw: no visible binding for global variable ‘layout.reingold.tilford’
    get.normal.dist: no visible global function definition for ‘runif’
    is.chaingraph: no visible global function definition for
     ‘graph.adjacency’
    is.chaingraph: no visible global function definition for ‘clusters’
    learn.complex.multinom: no visible global function definition for
     ‘validObject’
    learn.skeleton.multinom: no visible global function definition for
     ‘validObject’
    learn.skeleton.multinom: no visible global function definition for
     ‘new’
    learn.skeleton.norm: no visible global function definition for
     ‘validObject’
    learn.skeleton.norm: no visible global function definition for ‘new’
    learn.v: no visible global function definition for ‘validObject’
    learn.v: no visible global function definition for ‘new’
    naive.getug.norm: no visible global function definition for ‘cor’
    naive.getug.norm: no visible global function definition for ‘cov2cor’
    naive.getug.norm: no visible global function definition for ‘qt’
    norm.ci.test: no visible global function definition for ‘qchisq’
    rnorm.cg: no visible global function definition for ‘rnorm’
    ug.to.jtree: no visible global function definition for ‘new’
    Undefined global functions or variables:
     V V<- add.edges add.vertices as.formula cliques clusters cor cov2cor
     graph.adjacency graph.empty layout.reingold.tilford new pchisq
     plot.igraph qchisq qt rbeta rnorm runif tkplot validObject
    Consider adding
     importFrom("methods", "new", "validObject")
     importFrom("stats", "as.formula", "cor", "cov2cor", "pchisq", "qchisq",
     "qt", "rbeta", "rnorm", "runif")
    to your NAMESPACE (and ensure that your DESCRIPTION Imports field
    contains 'methods').
Flavors: r-devel-linux-x86_64-debian-clang, r-devel-linux-x86_64-debian-gcc, r-devel-linux-x86_64-fedora-clang, r-devel-linux-x86_64-fedora-gcc, r-devel-windows-ix86+x86_64

Version: 0.7-3
Check: R code for possible problems
Result: NOTE
    .break.tree: no visible global function definition for
     ‘graph.adjacency’
    .break.tree: no visible global function definition for ‘clusters’
    .lcd.cliques: no visible global function definition for
     ‘graph.adjacency’
    .lcd.cliques: no visible global function definition for ‘cliques’
    .valid.tree: no visible global function definition for
     ‘graph.adjacency’
    .valid.tree: no visible global function definition for ‘clusters’
    draw: no visible global function definition for ‘graph.empty’
    draw: no visible global function definition for ‘add.vertices’
    draw: no visible global function definition for ‘V’
    draw: no visible global function definition for ‘V<-’
    draw: no visible global function definition for ‘add.edges’
    draw: no visible global function definition for ‘plot.igraph’
    draw: no visible global function definition for ‘tkplot’
    draw: no visible binding for global variable ‘layout.reingold.tilford’
    is.chaingraph: no visible global function definition for
     ‘graph.adjacency’
    is.chaingraph: no visible global function definition for ‘clusters’
    Undefined global functions or variables:
     V V<- add.edges add.vertices cliques clusters graph.adjacency
     graph.empty layout.reingold.tilford plot.igraph tkplot
Flavor: r-devel-osx-x86_64-clang

Version: 0.7-3
Check: R code for possible problems
Result: NOTE
    .break.tree: no visible global function definition for
     ‘graph.adjacency’
    .break.tree: no visible global function definition for ‘clusters’
    .lcd.cliques: no visible global function definition for
     ‘graph.adjacency’
    .lcd.cliques: no visible global function definition for ‘cliques’
    .valid.tree: no visible global function definition for
     ‘graph.adjacency’
    .valid.tree: no visible global function definition for ‘clusters’
    draw: no visible global function definition for ‘graph.empty’
    draw: no visible global function definition for ‘add.vertices’
    draw: no visible global function definition for ‘V’
    draw: no visible global function definition for ‘V<-’
    draw: no visible global function definition for ‘add.edges’
    draw: no visible global function definition for ‘plot.igraph’
    draw: no visible global function definition for ‘tkplot’
    draw: no visible binding for global variable ‘layout.reingold.tilford’
    is.chaingraph: no visible global function definition for
     ‘graph.adjacency’
    is.chaingraph: no visible global function definition for ‘clusters’
Flavors: r-patched-linux-x86_64, r-patched-solaris-sparc, r-patched-solaris-x86, r-release-linux-x86_64, r-release-osx-x86_64-mavericks, r-release-windows-ix86+x86_64, r-oldrel-windows-ix86+x86_64