CRAN Package Check Results for Package lcmm

Last updated on 2015-01-31 22:47:14.

Flavor Version Tinstall Tcheck Ttotal Status Flags
r-devel-linux-x86_64-debian-clang 1.6.6 34.81 79.80 114.61 WARN
r-devel-linux-x86_64-debian-gcc 1.6.6 34.82 76.20 111.02 WARN
r-devel-linux-x86_64-fedora-clang 1.6.6 204.91 WARN
r-devel-linux-x86_64-fedora-gcc 1.6.6 198.58 WARN
r-devel-osx-x86_64-clang 1.6.6 183.90 WARN
r-devel-windows-ix86+x86_64 1.6.6 78.00 168.00 246.00 WARN
r-patched-linux-x86_64 1.6.6 34.64 82.03 116.67 WARN
r-patched-solaris-sparc 1.6.6 3599.40 WARN
r-patched-solaris-x86 1.6.6 402.70 WARN
r-release-linux-ix86 1.6.6 49.72 104.41 154.13 OK
r-release-linux-x86_64 1.6.6 34.78 80.56 115.34 OK
r-release-osx-x86_64-mavericks 1.6.6 WARN
r-release-osx-x86_64-snowleopard 1.6.6 OK
r-release-windows-ix86+x86_64 1.6.6 75.00 229.00 304.00 OK
r-oldrel-windows-ix86+x86_64 1.6.6 60.00 164.00 224.00 OK

Check Details

Version: 1.6.6
Check: S3 generic/method consistency
Result: NOTE
    Found the following apparent S3 methods exported but not registered:
     VarCovRE.Jointlcmm VarCovRE.hlme VarCovRE.lcmm VarCovRE.multlcmm
     plot.linkfunction.lcmm plot.linkfunction.multlcmm print.Diffepoce
     summary.Diffepoce plot.Diffepoce plot.baselinerisk plot.dynpred
     plot.epoce plot.link plot.linkfunction plot.linkfunction.lcmm
     plot.linkfunction.multlcmm plot.postprob plot.predict plot.survival
    See section ‘Registering S3 methods’ in the ‘Writing R Extensions’
    manual.
Flavors: r-devel-linux-x86_64-debian-clang, r-devel-linux-x86_64-debian-gcc, r-devel-linux-x86_64-fedora-clang, r-devel-linux-x86_64-fedora-gcc, r-devel-osx-x86_64-clang

Version: 1.6.6
Check: for GNU extensions in Makefiles
Result: WARN
    Found the following file(s) containing GNU extensions:
     src/Makevars
    Portable Makefiles do not use GNU extensions such as +=, :=, $(shell),
    $(wildcard), ifeq ... endif. See section ‘Writing portable packages’ in
    the ‘Writing R Extensions’ manual.
Flavors: r-devel-linux-x86_64-debian-clang, r-devel-linux-x86_64-debian-gcc, r-devel-linux-x86_64-fedora-clang, r-devel-linux-x86_64-fedora-gcc, r-devel-osx-x86_64-clang, r-devel-windows-ix86+x86_64, r-patched-linux-x86_64, r-patched-solaris-sparc, r-patched-solaris-x86, r-release-osx-x86_64-mavericks

Version: 1.6.6
Check: whether package can be installed
Result: WARN
    Found the following significant warnings:
     Warning: Possible change of value in conversion from REAL(8) to INTEGER(4) at (1)
Flavor: r-release-osx-x86_64-mavericks