CRAN Package Check Results for Package lcmm

Last updated on 2014-11-20 23:48:34.

Flavor Version Tinstall Tcheck Ttotal Status Flags
r-devel-linux-x86_64-debian-clang 1.6.6 34.73 80.90 115.63 OK
r-devel-linux-x86_64-debian-gcc 1.6.6 34.85 78.16 113.00 OK
r-devel-linux-x86_64-fedora-clang 1.6.6 204.36 OK
r-devel-linux-x86_64-fedora-gcc 1.6.6 196.19 OK
r-devel-osx-x86_64-clang 1.6.6 182.78 OK
r-devel-windows-ix86+x86_64 1.6.6 76.00 163.00 239.00 OK
r-patched-linux-x86_64 1.6.6 34.70 80.49 115.19 OK
r-patched-solaris-sparc 1.6.6 1661.80 OK
r-patched-solaris-x86 1.6.6 400.10 OK
r-release-linux-ix86 1.6.6 49.44 102.85 152.30 OK
r-release-linux-x86_64 1.6.6 34.88 81.03 115.91 OK
r-release-osx-x86_64-mavericks 1.6.6 WARN
r-release-osx-x86_64-snowleopard 1.6.6 OK
r-release-windows-ix86+x86_64 1.6.6 75.00 229.00 304.00 OK
r-oldrel-windows-ix86+x86_64 1.6.6 60.00 164.00 224.00 OK

Check Details

Version: 1.6.6
Check: whether package can be installed
Result: WARN
    Found the following significant warnings:
     Warning: Possible change of value in conversion from REAL(8) to INTEGER(4) at (1)
Flavor: r-release-osx-x86_64-mavericks