CRAN Package Check Results for Package lcmm

Last updated on 2015-05-28 09:47:27.

Flavor Version Tinstall Tcheck Ttotal Status Flags
r-devel-linux-x86_64-debian-clang 1.7.2 38.80 58.68 97.49 OK
r-devel-linux-x86_64-debian-gcc 1.7.2 38.58 56.20 94.78 OK
r-devel-linux-x86_64-fedora-clang 1.7.2 162.63 OK
r-devel-linux-x86_64-fedora-gcc 1.7.2 153.11 OK
r-devel-osx-x86_64-clang 1.7.2 129.89 OK
r-devel-windows-ix86+x86_64 1.7.2 84.00 88.00 172.00 OK
r-patched-linux-x86_64 1.7.2 38.36 57.06 95.41 OK
r-patched-solaris-sparc 1.7.2 1237.20 OK
r-patched-solaris-x86 1.7.2 376.70 OK
r-release-linux-x86_64 1.7.2 38.50 57.73 96.23 OK
r-release-osx-x86_64-mavericks 1.7.2 WARN
r-release-osx-x86_64-snowleopard 1.7.2 OK
r-release-windows-ix86+x86_64 1.7.2 85.00 122.00 207.00 OK
r-oldrel-windows-ix86+x86_64 1.7.2 105.00 105.00 210.00 OK

Check Details

Version: 1.7.2
Check: whether package can be installed
Result: WARN
    Found the following significant warnings:
     Warning: Possible change of value in conversion from REAL(8) to INTEGER(4) at (1)
Flavor: r-release-osx-x86_64-mavericks