CRAN Package Check Results for Package lcmm

Last updated on 2014-04-24 17:49:46.

Flavor Version Tinstall Tcheck Ttotal Status Flags
r-devel-linux-x86_64-debian-clang 1.6.4 36.55 83.98 120.53 OK
r-devel-linux-x86_64-debian-gcc 1.6.4 36.36 82.44 118.80 OK
r-devel-linux-x86_64-fedora-clang 1.6.4 211.10 OK
r-devel-linux-x86_64-fedora-gcc 1.6.4 203.19 OK
r-devel-osx-x86_64-clang 1.6.4 164.82 OK
r-devel-osx-x86_64-gcc 1.6.4 OK
r-devel-windows-ix86+x86_64 1.6.4 80.00 173.00 253.00 OK
r-patched-linux-x86_64 1.6.4 36.36 82.84 119.20 OK
r-patched-solaris-sparc 1.6.4 1538.90 OK
r-patched-solaris-x86 1.6.4 409.10 OK
r-release-linux-ix86 1.6.4 63.00 130.00 193.00 OK
r-release-linux-x86_64 1.6.4 35.85 84.33 120.18 OK
r-release-osx-x86_64-mavericks 1.6.4 WARN
r-release-osx-x86_64-snowleopard 1.6.4 OK
r-release-windows-ix86+x86_64 1.6.4 63.00 162.00 225.00 OK
r-oldrel-windows-ix86+x86_64 1.6.4 61.00 149.00 210.00 OK

Check Details

Version: 1.6.4
Check: whether package can be installed
Result: WARNING
    Found the following significant warnings:
     Warning: Possible change of value in conversion from REAL(8) to INTEGER(4) at (1)
     Warning: Possible change of value in conversion from REAL(8) to INTEGER(4) at (1)
     Warning: Possible change of value in conversion from REAL(8) to INTEGER(4) at (1)
     Warning: Possible change of value in conversion from REAL(8) to INTEGER(4) at (1)
     Warning: Possible change of value in conversion from REAL(8) to INTEGER(4) at (1)
     Warning: Possible change of value in conversion from REAL(8) to INTEGER(4) at (1)
     Warning: Possible change of value in conversion from REAL(8) to INTEGER(4) at (1)
     Warning: Possible change of value in conversion from REAL(8) to INTEGER(4) at (1)
    See ‘/Builds/CRAN-QA-Simon/packages/mavericks-x86_64/results/3.1/lcmm.Rcheck/00install.out’ for details.
Flavor: r-release-osx-x86_64-mavericks