CRAN Package Check Results for Package lcmm

Last updated on 2015-04-01 15:47:53.

Flavor Version Tinstall Tcheck Ttotal Status Flags
r-devel-linux-x86_64-debian-clang 1.7.2 39.54 58.10 97.64 OK
r-devel-linux-x86_64-debian-gcc 1.7.2 39.18 59.38 98.56 OK
r-devel-linux-x86_64-fedora-clang 1.7.2 163.73 OK
r-devel-linux-x86_64-fedora-gcc 1.7.2 170.44 OK
r-devel-osx-x86_64-clang 1.7.2 142.34 OK
r-prerel-windows-ix86+x86_64 1.7.2 106.00 88.00 194.00 OK
r-prerel-linux-x86_64 1.7.2 39.66 58.07 97.73 OK
r-prerel-solaris-sparc 1.7.2 1239.10 OK
r-prerel-solaris-x86 1.7.2 373.90 OK
r-release-linux-x86_64 1.7.2 39.22 60.80 100.02 OK
r-release-osx-x86_64-mavericks 1.7.2 WARN
r-release-osx-x86_64-snowleopard 1.7.2 OK
r-release-windows-ix86+x86_64 1.7.2 105.00 105.00 210.00 OK
r-oldrel-windows-ix86+x86_64 1.7.2 86.00 139.00 225.00 OK

Check Details

Version: 1.7.2
Check: whether package can be installed
Result: WARN
    Found the following significant warnings:
     Warning: Possible change of value in conversion from REAL(8) to INTEGER(4) at (1)
Flavor: r-release-osx-x86_64-mavericks