CRAN Package Check Results for Package lcmm

Last updated on 2020-08-11 11:49:18 CEST.

Flavor Version Tinstall Tcheck Ttotal Status Flags
r-devel-linux-x86_64-debian-clang 1.9.2 111.49 405.34 516.83 OK
r-devel-linux-x86_64-debian-gcc 1.9.2 104.64 280.01 384.65 OK
r-devel-linux-x86_64-fedora-clang 1.9.2 658.53 OK
r-devel-linux-x86_64-fedora-gcc 1.9.2 651.39 OK
r-devel-windows-ix86+x86_64 1.9.2 258.00 563.00 821.00 NOTE
r-patched-linux-x86_64 1.9.2 108.00 401.15 509.15 OK
r-patched-solaris-x86 1.9.2 1038.60 NOTE
r-release-linux-x86_64 1.9.2 109.27 402.12 511.39 OK
r-release-macos-x86_64 1.9.2 OK
r-release-windows-ix86+x86_64 1.9.2 254.00 505.00 759.00 NOTE
r-oldrel-macos-x86_64 1.9.2 OK
r-oldrel-windows-ix86+x86_64 1.9.2 158.00 465.00 623.00 OK

Check Details

Version: 1.9.2
Check: installed package size
Result: NOTE
     installed size is 5.0Mb
     sub-directories of 1Mb or more:
     R 1.1Mb
     libs 2.6Mb
Flavors: r-devel-windows-ix86+x86_64, r-patched-solaris-x86, r-release-windows-ix86+x86_64