CRAN Package Check Results for Package lcmm

Last updated on 2016-09-25 04:49:26.

Flavor Version Tinstall Tcheck Ttotal Status Flags
r-devel-linux-x86_64-debian-clang 1.7.5 51.56 92.83 144.39 WARN
r-devel-linux-x86_64-debian-gcc 1.7.5 51.43 92.58 144.01 WARN
r-devel-linux-x86_64-fedora-clang 1.7.5 241.31 WARN
r-devel-linux-x86_64-fedora-gcc 1.7.5 230.15 WARN
r-devel-macos-x86_64-clang 1.7.5 193.34 WARN
r-devel-windows-ix86+x86_64 1.7.5 187.00 163.00 350.00 WARN
r-patched-linux-x86_64 1.7.5 42.58 90.74 133.32 OK
r-patched-solaris-sparc 1.7.5 1666.40 OK
r-patched-solaris-x86 1.7.5 418.00 OK
r-release-linux-x86_64 1.7.5 43.25 92.52 135.78 OK
r-release-osx-x86_64-mavericks 1.7.5 OK
r-release-windows-ix86+x86_64 1.7.5 94.00 215.00 309.00 OK
r-oldrel-windows-ix86+x86_64 1.7.5 113.00 196.00 309.00 OK

Check Details

Version: 1.7.5
Check: whether package can be installed
Result: WARN
    Found the following significant warnings:
     Warning: GNU Extension: Symbol ‘npm’ is used before it is typed at (1)
     Warning: GNU Extension: Symbol ‘m’ is used before it is typed at (1)
     Warning: GNU Extension: Symbol ‘nsim’ is used before it is typed at (1)
     Warning: GNU Extension: Symbol ‘nobs0’ is used before it is typed at (1)
     Warning: GNU Extension: Symbol ‘nv’ is used before it is typed at (1)
Flavors: r-devel-linux-x86_64-debian-clang, r-devel-linux-x86_64-debian-gcc, r-devel-windows-ix86+x86_64

Version: 1.7.5
Check: whether package can be installed
Result: WARN
    Found the following significant warnings:
     Warning: GNU Extension: Symbol ‘npm’ is used before it is typed at (1)
     Warning: GNU Extension: Symbol ‘m’ is used before it is typed at (1)
     Warning: GNU Extension: Symbol ‘nv’ is used before it is typed at (1)
     Warning: GNU Extension: Symbol ‘nsim’ is used before it is typed at (1)
     Warning: GNU Extension: Symbol ‘nobs0’ is used before it is typed at (1)
Flavors: r-devel-linux-x86_64-fedora-clang, r-devel-linux-x86_64-fedora-gcc, r-devel-macos-x86_64-clang