CRAN Package Check Results for Package lcmm

Last updated on 2014-07-28 03:49:05.

Flavor Version Tinstall Tcheck Ttotal Status Flags
r-devel-linux-x86_64-debian-clang 1.6.4 34.37 81.32 115.68 OK
r-devel-linux-x86_64-debian-gcc 1.6.4 34.12 80.33 114.45 OK
r-devel-linux-x86_64-fedora-clang 1.6.4 211.03 OK
r-devel-linux-x86_64-fedora-gcc 1.6.4 199.27 OK
r-devel-osx-x86_64-clang 1.6.4 177.59 OK
r-devel-windows-ix86+x86_64 1.6.4 79.00 170.00 249.00 OK
r-patched-linux-x86_64 1.6.4 33.78 84.48 118.25 OK
r-patched-solaris-sparc 1.6.4 1538.90 OK
r-patched-solaris-x86 1.6.4 402.00 OK
r-release-linux-ix86 1.6.4 51.88 106.62 158.50 OK
r-release-linux-x86_64 1.6.4 33.98 81.09 115.07 OK
r-release-osx-x86_64-mavericks 1.6.4 WARN
r-release-osx-x86_64-snowleopard 1.6.4 OK
r-release-windows-ix86+x86_64 1.6.4 102.00 190.00 292.00 OK
r-oldrel-windows-ix86+x86_64 1.6.4 61.00 149.00 210.00 OK

Check Details

Version: 1.6.4
Check: whether package can be installed
Result: WARNING
    Found the following significant warnings:
     Warning: Possible change of value in conversion from REAL(8) to INTEGER(4) at (1)
     Warning: Possible change of value in conversion from REAL(8) to INTEGER(4) at (1)
     Warning: Possible change of value in conversion from REAL(8) to INTEGER(4) at (1)
     Warning: Possible change of value in conversion from REAL(8) to INTEGER(4) at (1)
     Warning: Possible change of value in conversion from REAL(8) to INTEGER(4) at (1)
     Warning: Possible change of value in conversion from REAL(8) to INTEGER(4) at (1)
     Warning: Possible change of value in conversion from REAL(8) to INTEGER(4) at (1)
     Warning: Possible change of value in conversion from REAL(8) to INTEGER(4) at (1)
    See /Builds/CRAN-QA-Simon/packages/mavericks-x86_64/results/3.1/lcmm.Rcheck/00install.out for details.
Flavor: r-release-osx-x86_64-mavericks