CRAN Package Check Results for Package lcmm

Last updated on 2016-08-31 05:46:52.

Flavor Version Tinstall Tcheck Ttotal Status Flags
r-devel-linux-x86_64-debian-clang 1.7.5 50.60 93.76 144.36 WARN
r-devel-linux-x86_64-debian-gcc 1.7.5 52.53 96.61 149.15 WARN
r-devel-linux-x86_64-fedora-clang 1.7.5 242.02 WARN
r-devel-linux-x86_64-fedora-gcc 1.7.5 204.31 WARN
r-devel-osx-x86_64-clang 1.7.5 201.20 WARN
r-devel-windows-ix86+x86_64 1.7.5 127.00 194.00 321.00 OK
r-patched-linux-x86_64 1.7.5 43.57 96.50 140.07 OK
r-patched-solaris-sparc 1.7.5 1666.40 OK
r-patched-solaris-x86 1.7.5 425.50 OK
r-release-linux-x86_64 1.7.5 42.87 93.19 136.06 OK
r-release-osx-x86_64-mavericks 1.7.5 OK
r-release-windows-ix86+x86_64 1.7.5 125.00 200.00 325.00 OK
r-oldrel-windows-ix86+x86_64 1.7.5 115.00 166.00 281.00 OK

Check Details

Version: 1.7.5
Check: whether package can be installed
Result: WARN
    Found the following significant warnings:
     Warning: GNU Extension: Symbol ‘npm’ is used before it is typed at (1)
     Warning: GNU Extension: Symbol ‘m’ is used before it is typed at (1)
     Warning: GNU Extension: Symbol ‘nsim’ is used before it is typed at (1)
     Warning: GNU Extension: Symbol ‘nobs0’ is used before it is typed at (1)
     Warning: GNU Extension: Symbol ‘nv’ is used before it is typed at (1)
Flavors: r-devel-linux-x86_64-debian-clang, r-devel-linux-x86_64-debian-gcc

Version: 1.7.5
Check: whether package can be installed
Result: WARN
    Found the following significant warnings:
     Warning: GNU Extension: Symbol ‘npm’ is used before it is typed at (1)
     Warning: GNU Extension: Symbol ‘m’ is used before it is typed at (1)
     Warning: GNU Extension: Symbol ‘nv’ is used before it is typed at (1)
     Warning: GNU Extension: Symbol ‘nsim’ is used before it is typed at (1)
     Warning: GNU Extension: Symbol ‘nobs0’ is used before it is typed at (1)
Flavors: r-devel-linux-x86_64-fedora-clang, r-devel-linux-x86_64-fedora-gcc, r-devel-osx-x86_64-clang