CRAN Package Check Results for Package lcmm

Last updated on 2020-10-30 11:50:49 CET.

Flavor Version Tinstall Tcheck Ttotal Status Flags
r-devel-linux-x86_64-debian-clang 1.9.2 116.13 425.99 542.12 OK
r-devel-linux-x86_64-debian-gcc 1.9.2 105.10 292.82 397.92 OK
r-devel-linux-x86_64-fedora-clang 1.9.2 685.33 OK
r-devel-linux-x86_64-fedora-gcc 1.9.2 683.61 OK
r-devel-windows-ix86+x86_64 1.9.2 254.00 445.00 699.00 NOTE
r-patched-linux-x86_64 1.9.2 114.84 405.08 519.92 OK
r-patched-solaris-x86 1.9.2 1076.40 NOTE
r-release-linux-x86_64 1.9.2 117.03 401.84 518.87 OK
r-release-macos-x86_64 1.9.2 OK
r-release-windows-ix86+x86_64 1.9.2 188.00 553.00 741.00 NOTE
r-oldrel-macos-x86_64 1.9.2 OK
r-oldrel-windows-ix86+x86_64 1.9.2 222.00 541.00 763.00 OK

Check Details

Version: 1.9.2
Check: installed package size
Result: NOTE
     installed size is 5.0Mb
     sub-directories of 1Mb or more:
     R 1.1Mb
     libs 2.6Mb
Flavors: r-devel-windows-ix86+x86_64, r-patched-solaris-x86, r-release-windows-ix86+x86_64