CRAN Package Check Results for Package lcmm

Last updated on 2015-03-01 19:48:07.

Flavor Version Tinstall Tcheck Ttotal Status Flags
r-devel-linux-x86_64-debian-clang 1.7.2 38.89 57.68 96.57 OK
r-devel-linux-x86_64-debian-gcc 1.7.2 38.44 57.89 96.33 OK
r-devel-linux-x86_64-fedora-clang 1.7.2 164.22 OK
r-devel-linux-x86_64-fedora-gcc 1.7.2 78.10 OK
r-devel-osx-x86_64-clang 1.7.2 174.99 OK
r-devel-windows-ix86+x86_64 1.7.2 68.00 83.00 151.00 OK
r-patched-linux-x86_64 1.7.2 38.64 62.80 101.45 OK
r-patched-solaris-sparc 1.7.1 1118.40 OK
r-patched-solaris-x86 1.7.2 404.90 OK
r-release-linux-ix86 1.6.6 49.64 104.11 153.74 OK
r-release-linux-x86_64 1.7.1 39.87 66.66 106.54 OK
r-release-osx-x86_64-mavericks 1.7.2 WARN
r-release-osx-x86_64-snowleopard 1.7.2 OK
r-release-windows-ix86+x86_64 1.7.2 75.00 106.00 181.00 OK
r-oldrel-windows-ix86+x86_64 1.7.2 86.00 139.00 225.00 OK

Check Details

Version: 1.7.2
Check: whether package can be installed
Result: WARN
    Found the following significant warnings:
     Warning: Possible change of value in conversion from REAL(8) to INTEGER(4) at (1)
Flavor: r-release-osx-x86_64-mavericks