CRAN Package Check Results for Package lcmm

Last updated on 2016-12-07 10:48:31.

Flavor Version Tinstall Tcheck Ttotal Status Flags
r-devel-linux-x86_64-debian-clang 1.7.5 52.30 102.19 154.49 WARN
r-devel-linux-x86_64-debian-gcc 1.7.5 52.30 99.90 152.21 WARN
r-devel-linux-x86_64-fedora-clang 1.7.5 267.82 WARN --no-stop-on-test-error
r-devel-linux-x86_64-fedora-gcc 1.7.5 265.29 WARN --no-stop-on-test-error
r-devel-macos-x86_64-clang 1.7.5 209.76 WARN
r-devel-windows-ix86+x86_64 1.7.5 189.00 242.00 431.00 WARN
r-patched-linux-x86_64 1.7.5 43.92 90.93 134.86 OK
r-patched-solaris-sparc 1.7.5 1666.40 OK
r-patched-solaris-x86 1.7.5 423.90 OK
r-release-linux-x86_64 1.7.5 44.17 91.77 135.94 OK
r-release-osx-x86_64-mavericks 1.7.5 OK
r-release-windows-ix86+x86_64 1.7.5 89.00 217.00 306.00 OK
r-oldrel-windows-ix86+x86_64 1.7.5 111.00 172.00 283.00 OK

Check Details

Version: 1.7.5
Check: whether package can be installed
Result: WARN
    Found the following significant warnings:
     Warning: GNU Extension: Symbol ‘npm’ is used before it is typed at (1)
     Warning: GNU Extension: Symbol ‘m’ is used before it is typed at (1)
     Warning: GNU Extension: Symbol ‘nsim’ is used before it is typed at (1)
     Warning: GNU Extension: Symbol ‘nobs0’ is used before it is typed at (1)
     Warning: GNU Extension: Symbol ‘nv’ is used before it is typed at (1)
Flavors: r-devel-linux-x86_64-debian-clang, r-devel-linux-x86_64-debian-gcc, r-devel-windows-ix86+x86_64

Version: 1.7.5
Flags: --no-stop-on-test-error
Check: whether package can be installed
Result: WARN
    Found the following significant warnings:
     Warning: GNU Extension: Symbol ‘npm’ is used before it is typed at (1)
     Warning: GNU Extension: Symbol ‘m’ is used before it is typed at (1)
     Warning: GNU Extension: Symbol ‘nv’ is used before it is typed at (1)
     Warning: GNU Extension: Symbol ‘nsim’ is used before it is typed at (1)
     Warning: GNU Extension: Symbol ‘nobs0’ is used before it is typed at (1)
Flavors: r-devel-linux-x86_64-fedora-clang, r-devel-linux-x86_64-fedora-gcc

Version: 1.7.5
Check: whether package can be installed
Result: WARN
    Found the following significant warnings:
     Warning: GNU Extension: Symbol ‘npm’ is used before it is typed at (1)
     Warning: GNU Extension: Symbol ‘m’ is used before it is typed at (1)
     Warning: GNU Extension: Symbol ‘nv’ is used before it is typed at (1)
     Warning: GNU Extension: Symbol ‘nsim’ is used before it is typed at (1)
     Warning: GNU Extension: Symbol ‘nobs0’ is used before it is typed at (1)
Flavor: r-devel-macos-x86_64-clang