CRAN Package Check Results for Package lcmm

Last updated on 2017-02-22 23:54:01.

Flavor Version Tinstall Tcheck Ttotal Status Flags
r-devel-linux-x86_64-debian-clang 1.7.6 50.03 98.63 148.66 NOTE
r-devel-linux-x86_64-debian-gcc 1.7.6 53.09 99.16 152.25 NOTE
r-devel-linux-x86_64-fedora-clang 1.7.6 270.32 NOTE --no-stop-on-test-error
r-devel-linux-x86_64-fedora-gcc 1.7.6 255.63 NOTE --no-stop-on-test-error
r-devel-macos-x86_64-clang 1.7.6 206.52 NOTE --no-stop-on-test-error
r-devel-windows-ix86+x86_64 1.7.6 192.00 298.00 490.00 OK
r-patched-linux-x86_64 1.7.6 43.19 91.43 134.63 OK
r-patched-solaris-sparc 1.7.6 1694.00 OK
r-patched-solaris-x86 1.7.6 433.50 OK
r-release-linux-x86_64 1.7.6 43.55 91.09 134.64 OK
r-release-osx-x86_64-mavericks 1.7.6 OK
r-release-windows-ix86+x86_64 1.7.6 121.00 270.00 391.00 OK
r-oldrel-windows-ix86+x86_64 1.7.6 113.00 214.00 327.00 OK

Check Details

Version: 1.7.6
Check: compiled code
Result: NOTE
    File ‘lcmm/libs/lcmm.so’:
     Found no calls to: ‘R_registerRoutines’, ‘R_useDynamicSymbols’
    
    It is good practice to register native routines and to disable symbol
    search.
    
    See ‘Writing portable packages’ in the ‘Writing R Extensions’ manual.
Flavors: r-devel-linux-x86_64-debian-clang, r-devel-linux-x86_64-debian-gcc

Version: 1.7.6
Flags: --no-stop-on-test-error
Check: compiled code
Result: NOTE
    File ‘lcmm/libs/lcmm.so’:
     Found no calls to: ‘R_registerRoutines’, ‘R_useDynamicSymbols’
    
    It is good practice to register native routines and to disable symbol
    search.
    
    See ‘Writing portable packages’ in the ‘Writing R Extensions’ manual.
Flavors: r-devel-linux-x86_64-fedora-clang, r-devel-linux-x86_64-fedora-gcc, r-devel-macos-x86_64-clang