CRAN Package Check Results for Package lcpm

Last updated on 2021-12-08 16:50:39 CET.

Flavor Version Tinstall Tcheck Ttotal Status Flags
r-devel-linux-x86_64-debian-clang 0.1.1 8.71 76.58 85.29 NOTE
r-devel-linux-x86_64-debian-gcc 0.1.1 6.68 58.97 65.65 NOTE
r-devel-linux-x86_64-fedora-clang 0.1.1 104.99 NOTE
r-devel-linux-x86_64-fedora-gcc 0.1.1 91.76 NOTE
r-devel-windows-x86_64-new-UL 0.1.1 14.00 108.00 122.00 NOTE
r-devel-windows-x86_64-new-TK 0.1.1 NOTE
r-devel-windows-x86_64-old 0.1.1 14.00 70.00 84.00 NOTE
r-patched-linux-x86_64 0.1.1 6.84 73.79 80.63 NOTE
r-release-linux-x86_64 0.1.1 8.05 73.64 81.69 NOTE
r-release-macos-arm64 0.1.1 NOTE
r-release-macos-x86_64 0.1.1 NOTE
r-release-windows-ix86+x86_64 0.1.1 12.00 86.00 98.00 NOTE
r-oldrel-macos-x86_64 0.1.1 OK
r-oldrel-windows-ix86+x86_64 0.1.1 17.00 86.00 103.00 OK

Check Details

Version: 0.1.1
Check: LazyData
Result: NOTE
     'LazyData' is specified without a 'data' directory
Flavors: r-devel-linux-x86_64-debian-clang, r-devel-linux-x86_64-debian-gcc, r-devel-linux-x86_64-fedora-clang, r-devel-linux-x86_64-fedora-gcc, r-devel-windows-x86_64-new-UL, r-devel-windows-x86_64-new-TK, r-devel-windows-x86_64-old, r-patched-linux-x86_64, r-release-linux-x86_64, r-release-macos-arm64, r-release-macos-x86_64, r-release-windows-ix86+x86_64