Last updated on 2023-12-08 07:53:06 CET.
Flavor | Version | Tinstall | Tcheck | Ttotal | Status | Flags |
---|---|---|---|---|---|---|
r-devel-linux-x86_64-debian-clang | 1.0.4 | 8.05 | 45.76 | 53.81 | NOTE | |
r-devel-linux-x86_64-debian-gcc | 1.0.4 | 5.46 | 35.11 | 40.57 | NOTE | |
r-devel-linux-x86_64-fedora-clang | 1.0.4 | 65.75 | NOTE | |||
r-devel-linux-x86_64-fedora-gcc | 1.0.4 | 67.61 | NOTE | |||
r-devel-windows-x86_64 | 1.0.4 | 7.00 | 55.00 | 62.00 | NOTE | |
r-patched-linux-x86_64 | 1.0.4 | 7.45 | 45.01 | 52.46 | NOTE | |
r-release-linux-x86_64 | 1.0.4 | 5.84 | 44.52 | 50.36 | NOTE | |
r-release-macos-arm64 | 1.0.4 | 22.00 | NOTE | |||
r-release-macos-x86_64 | 1.0.4 | 40.00 | NOTE | |||
r-release-windows-x86_64 | 1.0.4 | 9.00 | 57.00 | 66.00 | NOTE | |
r-oldrel-macos-arm64 | 1.0.4 | 23.00 | NOTE | |||
r-oldrel-macos-x86_64 | 1.0.4 | 32.00 | NOTE | |||
r-oldrel-windows-x86_64 | 1.0.4 | 9.00 | 61.00 | 70.00 | NOTE |
Version: 1.0.4
Check: LazyData
Result: NOTE
'LazyData' is specified without a 'data' directory
Flavors: r-devel-linux-x86_64-debian-clang, r-devel-linux-x86_64-debian-gcc, r-devel-linux-x86_64-fedora-clang, r-devel-linux-x86_64-fedora-gcc, r-devel-windows-x86_64, r-patched-linux-x86_64, r-release-linux-x86_64, r-release-macos-arm64, r-release-macos-x86_64, r-release-windows-x86_64, r-oldrel-macos-arm64, r-oldrel-macos-x86_64, r-oldrel-windows-x86_64