CRAN Package Check Results for Package lda

Last updated on 2017-08-21 05:48:06.

Flavor Version Tinstall Tcheck Ttotal Status Flags
r-devel-linux-x86_64-debian-clang 1.4.2 2.02 19.82 21.84 NOTE
r-devel-linux-x86_64-debian-gcc 1.4.2 2.16 19.57 21.72 NOTE
r-devel-linux-x86_64-fedora-clang 1.4.2 39.15 NOTE
r-devel-linux-x86_64-fedora-gcc 1.4.2 37.40 NOTE
r-devel-windows-ix86+x86_64 1.4.2 10.00 46.00 56.00 OK
r-patched-linux-x86_64 1.4.2 2.18 19.38 21.56 NOTE
r-patched-solaris-x86 1.4.2 55.50 OK
r-release-linux-x86_64 1.4.2 2.09 19.59 21.68 NOTE
r-release-windows-ix86+x86_64 1.4.2 12.00 50.00 62.00 OK
r-release-osx-x86_64 1.4.2 OK
r-oldrel-windows-ix86+x86_64 1.4.2 8.00 43.00 51.00 OK
r-oldrel-osx-x86_64 1.4.2 OK

Check Details

Version: 1.4.2
Check: compiled code
Result: NOTE
    File ‘lda/libs/lda.so’:
     Found no calls to: ‘R_registerRoutines’, ‘R_useDynamicSymbols’
    
    It is good practice to register native routines and to disable symbol
    search.
    
    See ‘Writing portable packages’ in the ‘Writing R Extensions’ manual.
Flavors: r-devel-linux-x86_64-debian-clang, r-devel-linux-x86_64-debian-gcc, r-devel-linux-x86_64-fedora-clang, r-devel-linux-x86_64-fedora-gcc, r-patched-linux-x86_64, r-release-linux-x86_64