CRAN Package Check Results for Package lda

Last updated on 2014-10-26 03:47:34.

Flavor Version Tinstall Tcheck Ttotal Status Flags
r-devel-linux-x86_64-debian-clang 1.3.2 1.44 15.24 16.68 WARN
r-devel-linux-x86_64-debian-gcc 1.3.2 1.70 14.87 16.56 WARN
r-devel-linux-x86_64-fedora-clang 1.3.2 33.22 WARN
r-devel-linux-x86_64-fedora-gcc 1.3.2 31.35 WARN
r-devel-osx-x86_64-clang 1.3.2 33.17 WARN
r-devel-windows-ix86+x86_64 1.3.2 6.00 32.00 38.00 WARN
r-patched-linux-x86_64 1.3.2 1.77 15.04 16.81 WARN
r-patched-solaris-sparc 1.3.2 221.60 NOTE
r-patched-solaris-x86 1.3.2 50.10 NOTE
r-release-linux-ix86 1.3.2 2.26 24.57 26.82 WARN
r-release-linux-x86_64 1.3.2 1.68 17.25 18.93 WARN
r-release-osx-x86_64-mavericks 1.3.2 NOTE
r-release-windows-ix86+x86_64 1.3.2 6.00 34.00 40.00 WARN
r-oldrel-windows-ix86+x86_64 1.3.2 7.00 34.00 41.00 NOTE

Check Details

Version: 1.3.2
Check: whether package can be installed
Result: WARN
    Found the following significant warnings:
     gibbs.c:26:1: warning: control may reach end of non-void function [-Wreturn-type]
    Found the following additional warnings:
     gibbs.c:26:1: warning: control may reach end of non-void function [-Wreturn-type]
Flavors: r-devel-linux-x86_64-debian-clang, r-devel-linux-x86_64-fedora-clang, r-devel-osx-x86_64-clang

Version: 1.3.2
Check: top-level files
Result: NOTE
    Non-standard files/directories found at top level:
     ‘DESCRIPTION.orig’ ‘DESCRIPTION.rej’
Flavors: r-devel-linux-x86_64-debian-clang, r-devel-linux-x86_64-debian-gcc, r-devel-linux-x86_64-fedora-clang, r-devel-linux-x86_64-fedora-gcc, r-patched-linux-x86_64, r-release-linux-x86_64

Version: 1.3.2
Check: dependencies in R code
Result: NOTE
    Missing or unexported object: ‘Matrix::xtabs’
    See the information on DESCRIPTION files in the chapter ‘Creating R
    packages’ of the ‘Writing R Extensions’ manual.
Flavors: r-devel-linux-x86_64-debian-clang, r-devel-linux-x86_64-debian-gcc, r-devel-linux-x86_64-fedora-clang, r-devel-linux-x86_64-fedora-gcc, r-devel-osx-x86_64-clang, r-devel-windows-ix86+x86_64, r-patched-linux-x86_64, r-patched-solaris-sparc, r-patched-solaris-x86, r-release-linux-ix86, r-release-linux-x86_64, r-release-osx-x86_64-mavericks, r-release-windows-ix86+x86_64, r-oldrel-windows-ix86+x86_64

Version: 1.3.2
Check: R code for possible problems
Result: NOTE
    slda.em : estimate.params: no visible global function definition for
     ‘penalized’
Flavors: r-devel-linux-x86_64-debian-clang, r-devel-linux-x86_64-debian-gcc, r-devel-linux-x86_64-fedora-clang, r-devel-linux-x86_64-fedora-gcc, r-devel-osx-x86_64-clang, r-devel-windows-ix86+x86_64, r-patched-linux-x86_64, r-patched-solaris-sparc, r-patched-solaris-x86

Version: 1.3.2
Check: Rd line widths
Result: NOTE
    Rd file 'nubbi.collapsed.gibbs.sampler.Rd':
     \usage lines wider than 90 characters:
     nubbi.collapsed.gibbs.sampler(contexts, pair.contexts, pairs, K.individual, K.pair, vocab, num.iterations, alpha, eta, xi)
    
    Rd file 'rtm.collapsed.gibbs.sampler.Rd':
     \usage lines wider than 90 characters:
     alpha, eta, lambda = sum(sapply(links, length))/(length(links) * (length(links) -1)/2),
    
    These lines will be truncated in the PDF manual.
Flavors: r-devel-linux-x86_64-debian-clang, r-devel-linux-x86_64-debian-gcc, r-devel-linux-x86_64-fedora-clang, r-devel-linux-x86_64-fedora-gcc, r-patched-linux-x86_64, r-release-linux-x86_64

Version: 1.3.2
Check: whether package can be installed
Result: WARN
    Found the following significant warnings:
     gibbs.c:26:1: warning: control reaches end of non-void function [-Wreturn-type]
Flavors: r-devel-linux-x86_64-debian-gcc, r-devel-linux-x86_64-fedora-gcc, r-devel-windows-ix86+x86_64, r-patched-linux-x86_64, r-release-linux-ix86, r-release-linux-x86_64, r-release-windows-ix86+x86_64