CRAN Package Check Results for Package lda

Last updated on 2017-03-27 17:47:32.

Flavor Version Tinstall Tcheck Ttotal Status Flags
r-devel-linux-x86_64-debian-clang 1.4.2 2.04 19.16 21.20 NOTE
r-devel-linux-x86_64-debian-gcc 1.4.2 2.28 19.27 21.54 NOTE
r-devel-linux-x86_64-fedora-clang 1.4.2 45.95 NOTE --no-stop-on-test-error
r-devel-linux-x86_64-fedora-gcc 1.4.2 36.91 NOTE --no-stop-on-test-error
r-devel-macos-x86_64-clang 1.4.2 32.60 NOTE --no-stop-on-test-error
r-devel-windows-ix86+x86_64 1.4.2 9.00 48.00 57.00 OK
r-patched-linux-x86_64 1.4.2 1.99 19.39 21.37 NOTE
r-patched-solaris-sparc 1.4.2 236.90 OK
r-patched-solaris-x86 1.4.2 59.20 OK
r-release-linux-x86_64 1.4.2 1.87 17.22 19.09 OK
r-release-osx-x86_64-mavericks 1.4.2 OK
r-release-windows-ix86+x86_64 1.4.2 10.00 49.00 59.00 OK
r-oldrel-windows-ix86+x86_64 1.4.2 11.00 44.00 55.00 OK

Check Details

Version: 1.4.2
Check: compiled code
Result: NOTE
    File ‘lda/libs/lda.so’:
     Found no calls to: ‘R_registerRoutines’, ‘R_useDynamicSymbols’
    
    It is good practice to register native routines and to disable symbol
    search.
    
    See ‘Writing portable packages’ in the ‘Writing R Extensions’ manual.
Flavors: r-devel-linux-x86_64-debian-clang, r-devel-linux-x86_64-debian-gcc, r-patched-linux-x86_64

Version: 1.4.2
Flags: --no-stop-on-test-error
Check: compiled code
Result: NOTE
    File ‘lda/libs/lda.so’:
     Found no calls to: ‘R_registerRoutines’, ‘R_useDynamicSymbols’
    
    It is good practice to register native routines and to disable symbol
    search.
    
    See ‘Writing portable packages’ in the ‘Writing R Extensions’ manual.
Flavors: r-devel-linux-x86_64-fedora-clang, r-devel-linux-x86_64-fedora-gcc, r-devel-macos-x86_64-clang