CRAN Package Check Results for Package lda

Last updated on 2017-06-26 16:47:01.

Flavor Version Tinstall Tcheck Ttotal Status Flags
r-devel-linux-x86_64-debian-clang 1.4.2 2.07 19.74 21.81 NOTE
r-devel-linux-x86_64-debian-gcc 1.4.2 2.20 19.64 21.83 NOTE
r-devel-linux-x86_64-fedora-clang 1.4.2 38.89 NOTE
r-devel-linux-x86_64-fedora-gcc 1.4.2 37.56 NOTE
r-devel-windows-ix86+x86_64 1.4.2 14.00 45.00 59.00 OK
r-patched-linux-x86_64 1.4.2 2.26 19.54 21.80 NOTE
r-patched-solaris-sparc 1.4.2 236.90 OK
r-patched-solaris-x86 1.4.2 54.80 OK
r-release-linux-x86_64 1.4.2 2.14 20.22 22.35 NOTE
r-release-windows-ix86+x86_64 1.4.2 9.00 68.00 77.00 OK
r-release-osx-x86_64 1.4.2 OK
r-oldrel-windows-ix86+x86_64 1.4.2 9.00 59.00 68.00 OK
r-oldrel-osx-x86_64 1.4.2 OK

Check Details

Version: 1.4.2
Check: compiled code
Result: NOTE
    File ‘lda/libs/lda.so’:
     Found no calls to: ‘R_registerRoutines’, ‘R_useDynamicSymbols’
    
    It is good practice to register native routines and to disable symbol
    search.
    
    See ‘Writing portable packages’ in the ‘Writing R Extensions’ manual.
Flavors: r-devel-linux-x86_64-debian-clang, r-devel-linux-x86_64-debian-gcc, r-devel-linux-x86_64-fedora-clang, r-devel-linux-x86_64-fedora-gcc, r-patched-linux-x86_64, r-release-linux-x86_64