CRAN Package Check Results for Package lda

Last updated on 2014-09-18 18:46:49.

Flavor Version Tinstall Tcheck Ttotal Status Flags
r-devel-linux-x86_64-debian-clang 1.3.2 1.38 16.36 17.74 WARN
r-devel-linux-x86_64-debian-gcc 1.3.2 1.70 14.43 16.13 WARN
r-devel-linux-x86_64-fedora-clang 1.3.2 33.11 WARN
r-devel-linux-x86_64-fedora-gcc 1.3.2 32.49 WARN
r-devel-osx-x86_64-clang 1.3.2 34.27 WARN
r-devel-windows-ix86+x86_64 1.3.2 6.00 31.00 37.00 WARN
r-patched-linux-x86_64 1.3.2 1.71 16.90 18.61 WARN
r-patched-solaris-sparc 1.3.2 226.00 NOTE
r-patched-solaris-x86 1.3.2 55.40 NOTE
r-release-linux-ix86 1.3.2 2.26 24.65 26.91 WARN
r-release-linux-x86_64 1.3.2 1.74 16.84 18.58 WARN
r-release-osx-x86_64-mavericks 1.3.2 NOTE
r-release-windows-ix86+x86_64 1.3.2 7.00 35.00 42.00 WARN
r-oldrel-windows-ix86+x86_64 1.3.2 8.00 37.00 45.00 NOTE

Check Details

Version: 1.3.2
Check: whether package can be installed
Result: WARN
    Found the following significant warnings:
     gibbs.c:26:1: warning: control may reach end of non-void function [-Wreturn-type]
    Found the following additional warnings:
     gibbs.c:26:1: warning: control may reach end of non-void function [-Wreturn-type]
Flavors: r-devel-linux-x86_64-debian-clang, r-devel-linux-x86_64-fedora-clang, r-devel-osx-x86_64-clang

Version: 1.3.2
Check: top-level files
Result: NOTE
    Non-standard files/directories found at top level:
     ‘DESCRIPTION.orig’ ‘DESCRIPTION.rej’
Flavors: r-devel-linux-x86_64-debian-clang, r-devel-linux-x86_64-debian-gcc, r-devel-linux-x86_64-fedora-clang, r-devel-linux-x86_64-fedora-gcc, r-patched-linux-x86_64, r-release-linux-x86_64

Version: 1.3.2
Check: dependencies in R code
Result: NOTE
    Missing or unexported object: ‘Matrix::xtabs’
    See the information on DESCRIPTION files in the chapter ‘Creating R
    packages’ of the ‘Writing R Extensions’ manual.
Flavors: r-devel-linux-x86_64-debian-clang, r-devel-linux-x86_64-debian-gcc, r-devel-linux-x86_64-fedora-clang, r-devel-linux-x86_64-fedora-gcc, r-devel-osx-x86_64-clang, r-devel-windows-ix86+x86_64, r-patched-linux-x86_64, r-patched-solaris-sparc, r-patched-solaris-x86, r-release-linux-ix86, r-release-linux-x86_64, r-release-osx-x86_64-mavericks, r-release-windows-ix86+x86_64, r-oldrel-windows-ix86+x86_64

Version: 1.3.2
Check: R code for possible problems
Result: NOTE
    slda.em : estimate.params: no visible global function definition for
     ‘penalized’
Flavors: r-devel-linux-x86_64-debian-clang, r-devel-linux-x86_64-debian-gcc, r-devel-linux-x86_64-fedora-clang, r-devel-linux-x86_64-fedora-gcc, r-devel-osx-x86_64-clang, r-devel-windows-ix86+x86_64

Version: 1.3.2
Check: Rd line widths
Result: NOTE
    Rd file 'nubbi.collapsed.gibbs.sampler.Rd':
     \usage lines wider than 90 characters:
     nubbi.collapsed.gibbs.sampler(contexts, pair.contexts, pairs, K.individual, K.pair, vocab, num.iterations, alpha, eta, xi)
    
    Rd file 'rtm.collapsed.gibbs.sampler.Rd':
     \usage lines wider than 90 characters:
     alpha, eta, lambda = sum(sapply(links, length))/(length(links) * (length(links) -1)/2),
    
    These lines will be truncated in the PDF manual.
Flavors: r-devel-linux-x86_64-debian-clang, r-devel-linux-x86_64-debian-gcc, r-devel-linux-x86_64-fedora-clang, r-devel-linux-x86_64-fedora-gcc, r-patched-linux-x86_64, r-release-linux-x86_64

Version: 1.3.2
Check: whether package can be installed
Result: WARN
    Found the following significant warnings:
     gibbs.c:26:1: warning: control reaches end of non-void function [-Wreturn-type]
Flavors: r-devel-linux-x86_64-debian-gcc, r-devel-linux-x86_64-fedora-gcc, r-devel-windows-ix86+x86_64, r-patched-linux-x86_64, r-release-linux-ix86, r-release-linux-x86_64, r-release-windows-ix86+x86_64