CRAN Package Check Results for Package lda

Last updated on 2017-02-21 15:50:29.

Flavor Version Tinstall Tcheck Ttotal Status Flags
r-devel-linux-x86_64-debian-clang 1.4.2 1.91 19.71 21.62 NOTE
r-devel-linux-x86_64-debian-gcc 1.4.2 2.23 19.76 21.99 NOTE
r-devel-linux-x86_64-fedora-clang 1.4.2 37.56 NOTE --no-stop-on-test-error
r-devel-linux-x86_64-fedora-gcc 1.4.2 37.24 NOTE --no-stop-on-test-error
r-devel-macos-x86_64-clang 1.4.2 33.25 NOTE --no-stop-on-test-error
r-devel-windows-ix86+x86_64 1.4.2 12.00 104.00 116.00 OK
r-patched-linux-x86_64 1.4.2 2.11 17.07 19.18 OK
r-patched-solaris-sparc 1.4.2 218.10 OK
r-patched-solaris-x86 1.4.2 52.90 OK
r-release-linux-x86_64 1.4.2 1.99 17.16 19.15 OK
r-release-osx-x86_64-mavericks 1.4.2 OK
r-release-windows-ix86+x86_64 1.4.2 12.00 46.00 58.00 OK
r-oldrel-windows-ix86+x86_64 1.4.2 21.00 95.00 116.00 OK

Check Details

Version: 1.4.2
Check: compiled code
Result: NOTE
    File ‘lda/libs/lda.so’:
     Found no calls to: ‘R_registerRoutines’, ‘R_useDynamicSymbols’
    
    It is good practice to register native routines and to disable symbol
    search.
    
    See ‘Writing portable packages’ in the ‘Writing R Extensions’ manual.
Flavors: r-devel-linux-x86_64-debian-clang, r-devel-linux-x86_64-debian-gcc

Version: 1.4.2
Flags: --no-stop-on-test-error
Check: compiled code
Result: NOTE
    File ‘lda/libs/lda.so’:
     Found no calls to: ‘R_registerRoutines’, ‘R_useDynamicSymbols’
    
    It is good practice to register native routines and to disable symbol
    search.
    
    See ‘Writing portable packages’ in the ‘Writing R Extensions’ manual.
Flavors: r-devel-linux-x86_64-fedora-clang, r-devel-linux-x86_64-fedora-gcc, r-devel-macos-x86_64-clang