CRAN Package Check Results for Package lda

Last updated on 2018-07-23 06:46:43 CEST.

Flavor Version Tinstall Tcheck Ttotal Status Flags
r-devel-linux-x86_64-debian-clang 1.4.2 3.37 28.33 31.70 NOTE
r-devel-linux-x86_64-debian-gcc 1.4.2 3.00 25.63 28.63 NOTE
r-devel-linux-x86_64-fedora-clang 1.4.2 40.40 NOTE
r-devel-linux-x86_64-fedora-gcc 1.4.2 38.86 NOTE
r-devel-windows-ix86+x86_64 1.4.2 15.00 53.00 68.00 OK
r-patched-linux-x86_64 1.4.2 NOTE
r-patched-solaris-x86 1.4.2 62.90 OK
r-release-linux-x86_64 1.4.2 2.88 30.54 33.42 NOTE
r-release-windows-ix86+x86_64 1.4.2 10.00 77.00 87.00 OK
r-release-osx-x86_64 1.4.2 OK
r-oldrel-windows-ix86+x86_64 1.4.2 9.00 64.00 73.00 OK
r-oldrel-osx-x86_64 1.4.2 OK

Check Details

Version: 1.4.2
Check: compiled code
Result: NOTE
    File ‘lda/libs/lda.so’:
     Found no calls to: ‘R_registerRoutines’, ‘R_useDynamicSymbols’
    
    It is good practice to register native routines and to disable symbol
    search.
    
    See ‘Writing portable packages’ in the ‘Writing R Extensions’ manual.
Flavors: r-devel-linux-x86_64-debian-clang, r-devel-linux-x86_64-debian-gcc, r-devel-linux-x86_64-fedora-clang, r-devel-linux-x86_64-fedora-gcc, r-patched-linux-x86_64, r-release-linux-x86_64