CRAN Package Check Results for Package lda.svi

Last updated on 2020-02-18 02:48:18 CET.

Flavor Version Tinstall Tcheck Ttotal Status Flags
r-devel-linux-x86_64-debian-clang 0.1.0 53.44 30.38 83.82 WARN
r-devel-linux-x86_64-debian-gcc 0.1.0 37.79 23.71 61.50 OK
r-devel-linux-x86_64-fedora-clang 0.1.0 117.33 WARN
r-devel-linux-x86_64-fedora-gcc 0.1.0 111.99 NOTE
r-devel-windows-ix86+x86_64 0.1.0 97.00 66.00 163.00 OK
r-devel-windows-ix86+x86_64-gcc8 0.1.0 155.00 95.00 250.00 OK
r-patched-linux-x86_64 0.1.0 45.94 27.04 72.98 OK
r-patched-solaris-x86 0.1.0 117.50 NOTE
r-release-linux-x86_64 0.1.0 44.29 27.20 71.49 OK
r-release-windows-ix86+x86_64 0.1.0 102.00 60.00 162.00 OK
r-release-osx-x86_64 0.1.0 WARN
r-oldrel-windows-ix86+x86_64 0.1.0 91.00 78.00 169.00 OK
r-oldrel-osx-x86_64 0.1.0 WARN

Additional issues

valgrind

Check Details

Version: 0.1.0
Check: whether package can be installed
Result: WARN
    Found the following significant warnings:
     ./lda_svi.h:1:9: warning: '_lda_svi_guard' is used as a header guard here, followed by #define of a different macro [-Wheader-guard]
Flavors: r-devel-linux-x86_64-debian-clang, r-devel-linux-x86_64-fedora-clang, r-release-osx-x86_64, r-oldrel-osx-x86_64

Version: 0.1.0
Check: dependencies in R code
Result: NOTE
    Namespaces in Imports field not imported from:
     ‘Rdpack’ ‘tm’
     All declared Imports should be used.
Flavors: r-devel-linux-x86_64-fedora-clang, r-devel-linux-x86_64-fedora-gcc, r-patched-solaris-x86, r-release-osx-x86_64, r-oldrel-osx-x86_64