CRAN Package Check Results for Package lda.svi

Last updated on 2019-09-18 11:48:57 CEST.

Flavor Version Tinstall Tcheck Ttotal Status Flags
r-devel-linux-x86_64-debian-clang 0.1.0 47.34 26.88 74.22 WARN
r-devel-linux-x86_64-debian-gcc 0.1.0 37.18 22.63 59.81 OK
r-devel-linux-x86_64-fedora-clang 0.1.0 116.08 WARN
r-devel-linux-x86_64-fedora-gcc 0.1.0 109.69 NOTE
r-devel-windows-ix86+x86_64 0.1.0 131.00 86.00 217.00 OK
r-patched-linux-x86_64 0.1.0 42.95 27.28 70.23 OK
r-patched-solaris-x86 0.1.0 112.30 NOTE
r-release-linux-x86_64 0.1.0 42.60 27.10 69.70 OK
r-release-windows-ix86+x86_64 0.1.0 97.00 61.00 158.00 OK
r-release-osx-x86_64 0.1.0 WARN
r-oldrel-windows-ix86+x86_64 0.1.0 101.00 61.00 162.00 OK
r-oldrel-osx-x86_64 0.1.0 WARN

Additional issues

valgrind

Check Details

Version: 0.1.0
Check: whether package can be installed
Result: WARN
    Found the following significant warnings:
     ./lda_svi.h:1:9: warning: '_lda_svi_guard' is used as a header guard here, followed by #define of a different macro [-Wheader-guard]
Flavors: r-devel-linux-x86_64-debian-clang, r-devel-linux-x86_64-fedora-clang, r-release-osx-x86_64, r-oldrel-osx-x86_64

Version: 0.1.0
Check: dependencies in R code
Result: NOTE
    Namespaces in Imports field not imported from:
     ‘Rdpack’ ‘tm’
     All declared Imports should be used.
Flavors: r-devel-linux-x86_64-fedora-clang, r-devel-linux-x86_64-fedora-gcc, r-patched-solaris-x86, r-release-osx-x86_64, r-oldrel-osx-x86_64