CRAN Package Check Results for Package ldamatch

Last updated on 2018-08-17 21:48:11 CEST.

Flavor Version Tinstall Tcheck Ttotal Status Flags
r-devel-linux-x86_64-debian-clang 1.0.1 4.17 133.05 137.22 OK
r-devel-linux-x86_64-debian-gcc 1.0.1 3.07 104.27 107.34 OK
r-devel-linux-x86_64-fedora-clang 1.0.1 163.79 OK
r-devel-linux-x86_64-fedora-gcc 1.0.1 159.24 OK
r-devel-windows-ix86+x86_64 1.0.1 15.00 247.00 262.00 NOTE
r-patched-linux-x86_64 1.0.1 4.10 133.50 137.60 OK
r-patched-solaris-x86 1.0.1 388.90 OK
r-release-linux-x86_64 1.0.1 3.95 133.95 137.90 OK
r-release-windows-ix86+x86_64 1.0.1 10.00 248.00 258.00 NOTE
r-release-osx-x86_64 1.0.1 OK
r-oldrel-windows-ix86+x86_64 1.0.1 7.00 182.00 189.00 NOTE
r-oldrel-osx-x86_64 1.0.1 OK

Check Details

Version: 1.0.1
Check: package dependencies
Result: NOTE
    Package suggested but not available for checking: 'doMC'
Flavors: r-devel-windows-ix86+x86_64, r-release-windows-ix86+x86_64, r-oldrel-windows-ix86+x86_64