CRAN Package Check Results for Package ldamatch

Last updated on 2017-11-18 23:49:48.

Flavor Version Tinstall Tcheck Ttotal Status Flags
r-devel-linux-x86_64-debian-clang 1.0.1 3.66 100.29 103.95 OK
r-devel-linux-x86_64-debian-gcc 1.0.1 4.72 104.87 109.59 OK
r-devel-linux-x86_64-fedora-clang 1.0.1 222.31 OK
r-devel-linux-x86_64-fedora-gcc 1.0.1 234.67 OK
r-devel-windows-ix86+x86_64 1.0.1 14.00 279.00 293.00 NOTE
r-patched-linux-x86_64 1.0.1 4.00 102.86 106.86 OK
r-patched-solaris-x86 1.0.1 488.40 OK
r-release-linux-x86_64 1.0.1 4.16 105.14 109.30 OK
r-release-windows-ix86+x86_64 1.0.1 15.00 279.00 294.00 NOTE
r-release-osx-x86_64 1.0.1 OK
r-oldrel-windows-ix86+x86_64 1.0.1 9.00 249.00 258.00 NOTE
r-oldrel-osx-x86_64 1.0.1 OK

Check Details

Version: 1.0.1
Check: package dependencies
Result: NOTE
    Package suggested but not available for checking: 'doMC'
Flavors: r-devel-windows-ix86+x86_64, r-release-windows-ix86+x86_64, r-oldrel-windows-ix86+x86_64