CRAN Package Check Results for Package ldamatch

Last updated on 2018-11-21 02:48:38 CET.

Flavor Version Tinstall Tcheck Ttotal Status Flags
r-devel-linux-x86_64-debian-clang 1.0.1 3.93 134.15 138.08 OK
r-devel-linux-x86_64-debian-gcc 1.0.1 3.21 102.25 105.46 OK
r-devel-linux-x86_64-fedora-clang 1.0.1 157.46 OK
r-devel-linux-x86_64-fedora-gcc 1.0.1 152.46 OK
r-devel-windows-ix86+x86_64 1.0.1 10.00 256.00 266.00 NOTE
r-patched-linux-x86_64 1.0.1 3.39 135.68 139.07 OK
r-patched-solaris-x86 1.0.1 410.60 OK
r-release-linux-x86_64 1.0.1 3.23 133.92 137.15 OK
r-release-windows-ix86+x86_64 1.0.1 7.00 258.00 265.00 NOTE
r-release-osx-x86_64 1.0.1 OK
r-oldrel-windows-ix86+x86_64 1.0.1 9.00 252.00 261.00 NOTE
r-oldrel-osx-x86_64 1.0.1 OK

Check Details

Version: 1.0.1
Check: package dependencies
Result: NOTE
    Package suggested but not available for checking: 'doMC'
Flavors: r-devel-windows-ix86+x86_64, r-release-windows-ix86+x86_64, r-oldrel-windows-ix86+x86_64