CRAN Package Check Results for Package ldamatch

Last updated on 2018-01-22 02:49:14 CET.

Flavor Version Tinstall Tcheck Ttotal Status Flags
r-devel-linux-x86_64-debian-clang 1.0.1 4.80 150.22 155.02 OK
r-devel-linux-x86_64-debian-gcc 1.0.1 4.27 128.31 132.58 OK
r-devel-linux-x86_64-fedora-clang 1.0.1 211.08 OK
r-devel-linux-x86_64-fedora-gcc 1.0.1 211.01 OK
r-devel-windows-ix86+x86_64 1.0.1 10.00 215.00 225.00 NOTE
r-patched-linux-x86_64 1.0.1 5.11 178.35 183.46 OK
r-patched-solaris-x86 1.0.1 520.40 OK
r-release-linux-x86_64 1.0.1 6.14 176.32 182.46 OK
r-release-windows-ix86+x86_64 1.0.1 15.00 220.00 235.00 NOTE
r-release-osx-x86_64 1.0.1 OK
r-oldrel-windows-ix86+x86_64 1.0.1 17.00 197.00 214.00 NOTE
r-oldrel-osx-x86_64 1.0.1 OK

Check Details

Version: 1.0.1
Check: package dependencies
Result: NOTE
    Package suggested but not available for checking: 'doMC'
Flavors: r-devel-windows-ix86+x86_64, r-release-windows-ix86+x86_64, r-oldrel-windows-ix86+x86_64