CRAN Package Check Results for Package ldamatch

Last updated on 2018-04-27 05:50:03 CEST.

Flavor Version Tinstall Tcheck Ttotal Status Flags
r-devel-linux-x86_64-debian-clang 1.0.1 3.66 114.65 118.31 OK
r-devel-linux-x86_64-debian-gcc 1.0.1 2.75 101.02 103.77 OK
r-devel-linux-x86_64-fedora-clang 1.0.1 166.64 OK
r-devel-linux-x86_64-fedora-gcc 1.0.1 159.63 OK
r-devel-windows-ix86+x86_64 1.0.1 10.00 246.00 256.00 NOTE
r-patched-linux-x86_64 1.0.1 3.30 130.59 133.89 OK
r-patched-solaris-x86 1.0.1 368.00 OK
r-release-linux-x86_64 1.0.1 3.57 129.77 133.34 OK
r-release-windows-ix86+x86_64 1.0.1 10.00 246.00 256.00 NOTE
r-release-osx-x86_64 1.0.1 OK
r-oldrel-windows-ix86+x86_64 1.0.1 7.00 239.00 246.00 NOTE
r-oldrel-osx-x86_64 1.0.1 OK

Check Details

Version: 1.0.1
Check: package dependencies
Result: NOTE
    Package suggested but not available for checking: 'doMC'
Flavors: r-devel-windows-ix86+x86_64, r-release-windows-ix86+x86_64, r-oldrel-windows-ix86+x86_64